000
CXUS52 KILM 011000
CF6FLO
PRELIMINARY LOCAL CLIMATOLOGICAL DATA (WS FORM: F-6)
STATION: FLORENCE SOUTH CAROLINA
MONTH: APRIL
YEAR: 2023
LATITUDE: 34 10 N
LONGITUDE: 79 43 W
TEMPERATURE IN F: :PCPN: SNOW: WIND :SUNSHINE: SKY :PK WND
================================================================================
1 2 3 4 5 6A 6B 7 8 9 10 11 12 13 14 15 16 17 18
12Z AVG MX 2MIN
DY MAX MIN AVG DEP HDD CDD WTR SNW DPTH SPD SPD DIR MIN PSBL S-S WX SPD DR
================================================================================
1 77 66 72 12 0 7 0.16 M M 15.9 26 240 M M 3 13 38 220
2 71 50 61 0 4 0 0.00 M M 5.3 13 20 M M 0 18 270
3 70 46 58 -3 7 0 0.04 M M 4.9 14 130 M M 4 17 140
4 82 55 69 8 0 4 0.00 M M 4.2 13 270 M M 4 18 17 230
5 87 58 73 11 0 8 0.00 M M 5.9 15 160 M M 3 12 19 220
6 87 67 77 15 0 12 0.00 M M 8.2 15 170 M M 4 1 22 260
7 84 48 66 4 0 1 0.49 M M 10.3 25 30 M M 8 12 34 10
8 49 43 46 -16 19 0 1.25 M M 15.1 23 40 M M 10 1 34 50
9 65 43 54 -9 11 0 0.05 M M 14.5 25 40 M M 5 36 40
10 68 40 54 -9 11 0 0.00 M M 9.6 20 50 M M 0 25 40
11 73 35 54 -9 11 0 0.00 M M 3.2 14 50 M M 0 19 20
12 79 41 60 -4 5 0 0.00 M M 4.7 12 260 M M 0 16 180
13 80 45 63 -1 2 0 0.11 M M 5.1 17 130 M M 2 1 23 130
14 84 63 74 10 0 9 0.10 M M 6.6 24 240 M M 7 12 28 240
15 83 59 71 7 0 6 0.00 M M 6.2 18 240 M M 3 12 23 230
16 83 59 71 6 0 6 0.00 M M 8.5 21 220 M M 2 28 240
17 73 53 63 -2 2 0 0.00 M M 10.2 20 270 M M 1 27 250
18 80 39 60 -5 5 0 0.00 M M 5.9 15 260 M M 0 20 250
19 87 47 67 2 0 2 0.00 M M 3.8 12 160 M M 0 15 190
20 86 52 69 3 0 4 0.00 M M 5.4 14 260 M M 0 18 260
21 84 53 69 3 0 4 0.00 M M 5.9 18 160 M M 1 1 22 170
22 83 58 71 5 0 6 0.42 M M 7.9 25 270 M M 4 13 31 270
23 76 45 61 -5 4 0 0.00 M M 4.6 15 270 M M 1 19 270
24 63 51 57 -10 8 0 0.00 M M 5.8 15 10 M M 7 20 360
25 73 48 61 -6 4 0 0.00 M M 6.5 15 120 M M 4 25 130
26 75 54 65 -2 0 0 0.45 M M 8.1 20 140 M M 7 1 23 150
27 77 58 68 0 0 3 0.01 M M 7.7 21 90 M M 9 1 24 80
28 83 65 74 6 0 9 0.02 M M 8.1 16 230 M M 6 22 250
29 84 60 72 4 0 7 0.11 M M 5.8 22 200 M M 2 12 28 190
30 78 62 70 2 0 5 0.21 M M 12.7 31 280 M M 7 13 42 270
================================================================================
SM 2324 1563 93 93 3.42 M 226.6 M 104
================================================================================
AV 77.5 52.1 7.6 FASTST M M 3 MAX(MPH)
MISC ----> 31 280 42 270
================================================================================
NOTES:
# LAST OF SEVERAL OCCURRENCES
COLUMN 17 PEAK WIND IN M.P.H.
PRELIMINARY LOCAL CLIMATOLOGICAL DATA (WS FORM: F-6) , PAGE 2
STATION: FLORENCE SOUTH CAROLINA
MONTH: APRIL
YEAR: 2023
LATITUDE: 34 10 N
LONGITUDE: 79 43 W
[TEMPERATURE DATA] [PRECIPITATION DATA] SYMBOLS USED IN COLUMN 16
AVERAGE MONTHLY: 64.8 TOTAL FOR MONTH: 3.42 1 = FOG OR MIST
DPTR FM NORMAL: 0.4 DPTR FM NORMAL: 0.42 2 = FOG REDUCING VISIBILITY
HIGHEST: 87 ON 19, 6 GRTST 24HR 1.57 ON 7- 8 TO 1/4 MILE OR LESS
LOWEST: 35 ON 11 3 = THUNDER
SNOW, ICE PELLETS, HAIL 4 = ICE PELLETS
TOTAL MONTH: M 5 = HAIL
GRTST 24HR M ON M 6 = FREEZING RAIN OR DRIZZLE
GRTST DEPTH: M ON M 7 = DUSTSTORM OR SANDSTORM:
VSBY 1/2 MILE OR LESS
8 = SMOKE OR HAZE
[NO. OF DAYS WITH] [WEATHER - DAYS WITH] 9 = BLOWING SNOW
X = TORNADO
MAX 32 OR BELOW: 0 0.01 INCH OR MORE: 13
MAX 90 OR ABOVE: 0 0.10 INCH OR MORE: 9
MIN 32 OR BELOW: 0 0.50 INCH OR MORE: 1
MIN 0 OR BELOW: 0 1.00 INCH OR MORE: 1
[HDD (BASE 65) ]
TOTAL THIS MO. 93 CLEAR (SCALE 0-3) 15
DPTR FM NORMAL -11 PTCLDY (SCALE 4-7) 13
TOTAL FM JUL 1 1978 CLOUDY (SCALE 8-10) 2
DPTR FM NORMAL -340
[CDD (BASE 65) ]
TOTAL THIS MO. 93
DPTR FM NORMAL 7 [PRESSURE DATA]
TOTAL FM JAN 1 161 HIGHEST SLP 30.43 ON 10
DPTR FM NORMAL 42 LOWEST SLP 29.27 ON 30
[REMARKS]
#FINAL-04-23#