000
CXUS54 KLZK 011230
CF6FLP
PRELIMINARY LOCAL CLIMATOLOGICAL DATA (WS FORM: F-6)
STATION: FLIPPIN
MONTH: JUNE
YEAR: 2023
LATITUDE: 36 17 N
LONGITUDE: 92 28 W
TEMPERATURE IN F: :PCPN: SNOW: WIND :SUNSHINE: SKY :PK WND
================================================================================
1 2 3 4 5 6A 6B 7 8 9 10 11 12 13 14 15 16 17 18
12Z AVG MX 2MIN
DY MAX MIN AVG DEP HDD CDD WTR SNW DPTH SPD SPD DIR MIN PSBL S-S WX SPD DR
================================================================================
1 87 60 74 M 0 9 0.00 M M 1.9 8 170 M M 0 1 M M
2 90 63 77 M 0 12 0.00 M M 2.0 9 110 M M 1 1 M M
3 74 63 69 M 0 4 0.00 M M 1.9 6 40 M M 0 M M
4 90 61 76 M 0 11 0.00 M M 1.6 5 210 M M 1 M M
5 91 63 77 M 0 12 0.00 M M 3.0 10 10 M M 0 3 M M
6 86 60 73 M 0 8 0.00 M M 1.9 7 99 M M 0 1 M M
7 93 55 74 M 0 9 0.00 M M 2.5 8 360 M M 0 16 350
8 80 67 74 M 0 9 0.02 M M 2.5 9 40 M M 3 1 M M
9 82 61 72 M 0 7 0.41 M M 3.5 10 20 M M 4 1 M M
10 81 64 73 M 0 8 0.57 M M 1.9 7 320 M M 4 13 M M
11 88 65 77 M 0 12 0.22 M M 7.0 17 10 M M 6 3 23 360
12 77 59 68 M 0 3 0.00 M M 4.5 10 350 M M 4 1 M M
13 82 57 70 M 0 5 T M M 1.9 10 250 M M 3 M M
14 85 64 75 M 0 10 0.20 M M 3.2 17 280 M M 3 13 23 280
15 86 64 75 M 0 10 0.00 M M 2.3 6 240 M M 2 8 M M
16 85 65 75 M 0 10 0.33 M M 2.8 7 10 M M 2 13 M M
17 88 63 76 M 0 11 0.00 M M 2.0 7 160 M M 4 12 M M
18 83 66 75 M 0 10 0.27 M M 5.2 15 230 M M 4 13 24 230
19 89 62 76 M 0 11 0.00 M M 3.5 8 360 M M 1 M M
20 91 64 78 M 0 13 0.00 M M 2.5 9 30 M M 0 1 M M
21 89 64 77 M 0 12 T M M 1.9 7 50 M M 2 M M
22 88 67 78 M 0 13 0.00 M M 2.1 6 40 M M 2 8 M M
23 90 64 77 M 0 12 0.00 M M 1.0 6 240 M M 2 18 M M
24 93 65 79 M 0 14 0.00 M M 4.1 10 210 M M 0 8 17 99
25 99 70 85 M 0 20 0.00 M M 4.0 10 240 M M 2 17 240
26 91 65 78 M 0 13 0.00 M M 4.6 10 330 M M 0 18 260
27 87 58 73 M 0 8 0.00 M M 1.8 10 270 M M 0 M M
28 98 67 83 M 0 18 T M M 5.4 10 150 M M 1 17 210
29 104 72 88 M 0 23 0.00 M M 3.6 15 280 M M 0 20 280
30 101 75 88 M 0 23 0.00 M M 3.6 9 280 M M 1 M M
================================================================================
SM 2648 1913 0 340 2.02 M 89.6 M 52
================================================================================
AV 88.3 63.8 3.0 FASTST M M 2 MAX(MPH)
MISC ----> 17 280 24 230
================================================================================
NOTES:
# LAST OF SEVERAL OCCURRENCES
COLUMN 17 PEAK WIND IN M.P.H.
PRELIMINARY LOCAL CLIMATOLOGICAL DATA (WS FORM: F-6) , PAGE 2
STATION: FLIPPIN
MONTH: JUNE
YEAR: 2023
LATITUDE: 36 17 N
LONGITUDE: 92 28 W
[TEMPERATURE DATA] [PRECIPITATION DATA] SYMBOLS USED IN COLUMN 16
AVERAGE MONTHLY: 76.0 TOTAL FOR MONTH: 2.02 1 = FOG OR MIST
DPTR FM NORMAL: 0.0 DPTR FM NORMAL: M 2 = FOG REDUCING VISIBILITY
HIGHEST: 104 ON 29 GRTST 24HR 0.62 ON 10-11 TO 1/4 MILE OR LESS
LOWEST: 55 ON 7 3 = THUNDER
SNOW, ICE PELLETS, HAIL 4 = ICE PELLETS
TOTAL MONTH: M 5 = HAIL
GRTST 24HR M ON M 6 = FREEZING RAIN OR DRIZZLE
GRTST DEPTH: M ON M 7 = DUSTSTORM OR SANDSTORM:
VSBY 1/2 MILE OR LESS
8 = SMOKE OR HAZE
[NO. OF DAYS WITH] [WEATHER - DAYS WITH] 9 = BLOWING SNOW
X = TORNADO
MAX 32 OR BELOW: 0 0.01 INCH OR MORE: 7
MAX 90 OR ABOVE: 12 0.10 INCH OR MORE: 6
MIN 32 OR BELOW: 0 0.50 INCH OR MORE: 1
MIN 0 OR BELOW: 0 1.00 INCH OR MORE: 0
[HDD (BASE 65) ]
TOTAL THIS MO. 0 CLEAR (SCALE 0-3) 23
DPTR FM NORMAL M PTCLDY (SCALE 4-7) 7
TOTAL FM JUL 1 3252 CLOUDY (SCALE 8-10) 0
DPTR FM NORMAL M
[CDD (BASE 65) ]
TOTAL THIS MO. 340
DPTR FM NORMAL M [PRESSURE DATA]
TOTAL FM JAN 1 533 HIGHEST SLP 30.02 ON 23
DPTR FM NORMAL M LOWEST SLP 29.66 ON 18
[REMARKS]
#FINAL-06-23#