000
CXUS55 KBOU 010900
CF6FNL
PRELIMINARY LOCAL CLIMATOLOGICAL DATA (WS FORM: F-6)
STATION: FT COLLINS/LOVELAND CO
MONTH: SEPTEMBER
YEAR: 2021
LATITUDE: 40 27 N
LONGITUDE: 105 1 W
TEMPERATURE IN F: :PCPN: SNOW: WIND :SUNSHINE: SKY :PK WND
================================================================================
1 2 3 4 5 6A 6B 7 8 9 10 11 12 13 14 15 16 17 18
12Z AVG MX 2MIN
DY MAX MIN AVG DEP HDD CDD WTR SNW DPTH SPD SPD DIR MIN PSBL S-S WX SPD DR
================================================================================
1 92 57 75 M 0 10 T M M 9.1 24 340 M M 2 33 350
2 86 64 75 M 0 10 T M M 6.2 13 230 M M 6 20 99
3 82 57 70 M 0 5 0.08 M M 6.5 17 110 M M 2 13 29 99
4 85 52 69 M 0 4 0.00 M M 5.0 10 130 M M 1 8 M M
5 91 47 69 M 0 4 0.00 M M 5.2 13 60 M M 0 8 21 100
6 96 52 74 M 0 9 0.00 M M 4.5 10 130 M M 0 8 M M
7 86 54 70 M 0 5 0.00 M M 5.7 10 130 M M 0 M M
8 90 51 71 M 0 6 0.00 M M 4.6 10 20 M M 0 8 M M
9 98 51 75 M 0 10 0.00 M M 4.5 8 220 M M 0 8 M M
10 100 55 78 M 0 13 0.00 M M 4.3 12 10 M M 0 8 M M
11 98 59 79 M 0 14 0.00 M M 7.4 20 180 M M 0 8 24 110
12 85 57 71 M 0 6 T M M 4.8 10 180 M M 3 35 260
13 89 54 72 M 0 7 0.02 M M 11.6 28 350 M M 3 44 360
14 79 56 68 M 0 3 0.00 M M 7.6 17 10 M M 1 M M
15 91 51 71 M 0 6 0.00 M M 4.3 12 70 M M 0 17 70
16 93 51 72 M 0 7 0.00 M M 6.9 23 360 M M 0 40 20
17 70 44 57 M 8 0 0.00 M M 9.8 28 20 M M 2 39 10
18 94 43 69 M 0 4 0.00 M M 5.6 14 140 M M 0 8 20 140
19 87 59 73 M 0 8 T M M 7.6 26 40 M M 1 40 20
20 71 46 59 M 6 0 0.03 M M 16.8 28 60 M M 4 38 320
21 68 41 55 M 10 0 0.02 M M 4.1 8 160 M M 1 M M
22 82 38 60 M 5 0 0.00 M M 5.0 10 190 M M 0 M M
23 85 45 65 M 0 0 0.00 M M 4.8 13 60 M M 0 M M
24 74 45 60 M 5 0 0.00 M M 5.4 9 360 M M 0 M M
25 88 43 66 M 0 1 0.00 M M 4.7 8 160 M M 0 8 17 160
26 92 48 70 M 0 5 0.00 M M 4.0 13 100 M M 0 8 M M
27 91 51 71 M 0 6 0.00 M M 4.8 12 170 M M 0 16 150
28 86 53 70 M 0 5 0.00 M M 7.9 16 140 M M 1 21 130
29 69 45 57 M 8 0 0.03 M M 11.9 22 60 M M 7 29 60
30 61 44 53 M 12 0 T M M 5.7 14 260 M M 6 M M
================================================================================
SM 2559 1513 54 148 0.18 M 196.1 M 40
================================================================================
AV 85.3 50.4 6.5 FASTST M M 1 MAX(MPH)
MISC ----> 28 20 44 360
================================================================================
NOTES:
# LAST OF SEVERAL OCCURRENCES
COLUMN 17 PEAK WIND IN M.P.H.
PRELIMINARY LOCAL CLIMATOLOGICAL DATA (WS FORM: F-6) , PAGE 2
STATION: FT COLLINS/LOVELAND CO
MONTH: SEPTEMBER
YEAR: 2021
LATITUDE: 40 27 N
LONGITUDE: 105 1 W
[TEMPERATURE DATA] [PRECIPITATION DATA] SYMBOLS USED IN COLUMN 16
AVERAGE MONTHLY: 67.9 TOTAL FOR MONTH: 0.18 1 = FOG OR MIST
DPTR FM NORMAL: 0.0 DPTR FM NORMAL: M 2 = FOG REDUCING VISIBILITY
HIGHEST: 100 ON 10 GRTST 24HR 0.08 ON 3- 3 TO 1/4 MILE OR LESS
LOWEST: 38 ON 22 3 = THUNDER
SNOW, ICE PELLETS, HAIL 4 = ICE PELLETS
TOTAL MONTH: M 5 = HAIL
GRTST 24HR M ON M 6 = FREEZING RAIN OR DRIZZLE
GRTST DEPTH: M ON M 7 = DUSTSTORM OR SANDSTORM:
VSBY 1/2 MILE OR LESS
8 = SMOKE OR HAZE
[NO. OF DAYS WITH] [WEATHER - DAYS WITH] 9 = BLOWING SNOW
X = TORNADO
MAX 32 OR BELOW: 0 0.01 INCH OR MORE: 5
MAX 90 OR ABOVE: 12 0.10 INCH OR MORE: 0
MIN 32 OR BELOW: 0 0.50 INCH OR MORE: 0
MIN 0 OR BELOW: 0 1.00 INCH OR MORE: 0
[HDD (BASE 65) ]
TOTAL THIS MO. 54 CLEAR (SCALE 0-3) 25
DPTR FM NORMAL M PTCLDY (SCALE 4-7) 5
TOTAL FM JUL 1 54 CLOUDY (SCALE 8-10) 0
DPTR FM NORMAL M
[CDD (BASE 65) ]
TOTAL THIS MO. 148
DPTR FM NORMAL M [PRESSURE DATA]
TOTAL FM JAN 1 1023 HIGHEST SLP 30.52 ON 21
DPTR FM NORMAL M LOWEST SLP 29.53 ON 28
[REMARKS]
#FINAL-09-21#