000
CXUS53 KDTX 221213
CF6FNT
PRELIMINARY LOCAL CLIMATOLOGICAL DATA (WS FORM: F-6)
STATION: FLINT MI
MONTH: MAY
YEAR: 2020
LATITUDE: 42 58 N
LONGITUDE: 83 44 W
TEMPERATURE IN F: :PCPN: SNOW: WIND :SUNSHINE: SKY :PK WND
================================================================================
1 2 3 4 5 6A 6B 7 8 9 10 11 12 13 14 15 16 17 18
12Z AVG MX 2MIN
DY MAX MIN AVG DEP HDD CDD WTR SNW DPTH SPD SPD DIR MIN PSBL S-S WX SPD DR
================================================================================
1 67 44 56 4 9 0 T 0.0 0 6.8 16 340 M M 2 22 350
2 79 48 64 12 1 0 0.00 0.0 0 11.7 26 270 M M 4 35 270
3 74 46 60 7 5 0 0.00 0.0 0 11.0 25 290 M M 0 32 270
4 58 41 50 -3 15 0 0.00 0.0 0 8.9 18 80 M M 4 23 350
5 55 36 46 -7 19 0 0.00 0.0 0 9.1 16 20 M M 0 22 30
6 63 34 49 -5 16 0 0.00 0.0 0 7.3 21 350 M M 0 28 350
7 64 39 52 -2 13 0 0.00 0.0 0 9.4 21 330 M M 4 29 310
8 45 31 38 -16 27 0 T T 0 13.0 28 350 M M 8 38 350
9 54 29 42 -13 23 0 T T 0 14.8 30 290 M M 8 40 280
10 60 40 50 -5 15 0 0.10 0.0 0 8.4 22 230 M M 9 32 230
11 49 29 39 -16 26 0 0.00 0.0 0 11.4 20 320 M M 9 27 330
12 60 27 44 -12 21 0 T T 0 10.7 26 280 M M 2 38 310
13 63 25 44 -12 21 0 0.00 0.0 0 5.2 15 130 M M 0 20 120
14 65 47 56 0 9 0 0.90 0.0 0 7.2 16 160 M M 10 138 19 220
15 73 59 66 10 0 1 0.63 0.0 0 6.8 17 40 M M 7 13 24 40
16 71 52 62 5 3 0 0.00 0.0 0 10.1 17 70 M M 5 22 60
17 60 52 56 -1 9 0 0.25 0.0 0 11.7 22 80 M M 7 1 28 80
18 63 54 59 1 6 0 2.57 0.0 0 14.6 24 70 M M 10 1 33 120
19 71 57 64 6 1 0 0.15 0.0 0 11.9 20 80 M M 8 1 27 110
20 71 50 61 3 4 0 0.00 0.0 M 9.3 18 100 M M 0 26 100
21 77 49 63 5 2 0 0.00 0.0 0 6.0 14 160 M M 3 19 130
22 71 57 64 5 1 0 T 0.0 0 4.3 15 150 M M 8 1 20 160
23 76 57 67 8 0 2 0.00 0.0 0 4.4 14 140 M M 5 18 17 150
24 88 63 76 16 0 11 0.08 0.0 0 8.1 21 240 M M 3 8 31 250
25 89 63 76 16 0 11 0.00 0.0 0 4.8 17 290 M M 0 18 21 310
26 92 66 79 19 0 14 0.00 0.0 0 3.8 8 170 M M 0 11 150
27 88 68 78 18 0 13 0.16 0.0 0 6.4 22 200 M M 2 3 34 200
28 80 70 75 14 0 10 0.28 0.0 0 6.6 15 250 M M 9 3 25 270
29 73 59 66 5 0 1 0.24 0.0 0 7.2 21 360 M M 7 3 30 310
30 70 50 60 -2 5 0 0.00 0.0 M 11.4 22 290 M M 5 32 290
31 66 43 55 -7 10 0 0.00 0.0 0 6.9 14 360 M M 0 19 340
================================================================================
SM 2135 1485 261 63 5.36 T 269.2 M 139
================================================================================
AV 68.9 47.9 8.7 FASTST M M 4 MAX(MPH)
MISC ----> 30 290 40 280
================================================================================
NOTES:
# LAST OF SEVERAL OCCURRENCES
COLUMN 17 PEAK WIND IN M.P.H.
PRELIMINARY LOCAL CLIMATOLOGICAL DATA (WS FORM: F-6) , PAGE 2
STATION: FLINT MI
MONTH: MAY
YEAR: 2020
LATITUDE: 42 58 N
LONGITUDE: 83 44 W
[TEMPERATURE DATA] [PRECIPITATION DATA] SYMBOLS USED IN COLUMN 16
AVERAGE MONTHLY: 58.4 TOTAL FOR MONTH: 5.36 1 = FOG OR MIST
DPTR FM NORMAL: 1.5 DPTR FM NORMAL: 2.28 2 = FOG REDUCING VISIBILITY
HIGHEST: 92 ON 26 GRTST 24HR 2.62 ON 18-19 TO 1/4 MILE OR LESS
LOWEST: 25 ON 13 3 = THUNDER
SNOW, ICE PELLETS, HAIL 4 = ICE PELLETS
TOTAL MONTH: T 5 = HAIL
GRTST 24HR T ON 8- 8 6 = FREEZING RAIN OR DRIZZLE
GRTST DEPTH: 0 7 = DUSTSTORM OR SANDSTORM:
VSBY 1/2 MILE OR LESS
8 = SMOKE OR HAZE
[NO. OF DAYS WITH] [WEATHER - DAYS WITH] 9 = BLOWING SNOW
X = TORNADO
MAX 32 OR BELOW: 0 0.01 INCH OR MORE: 10
MAX 90 OR ABOVE: 1 0.10 INCH OR MORE: 9
MIN 32 OR BELOW: 5 0.50 INCH OR MORE: 3
MIN 0 OR BELOW: 0 1.00 INCH OR MORE: 1
[HDD (BASE 65) ]
TOTAL THIS MO. 261 CLEAR (SCALE 0-3) 12
DPTR FM NORMAL -19 PTCLDY (SCALE 4-7) 13
TOTAL FM JUL 1 5992 CLOUDY (SCALE 8-10) 6
DPTR FM NORMAL -894
[CDD (BASE 65) ]
TOTAL THIS MO. 63
DPTR FM NORMAL 35 [PRESSURE DATA]
TOTAL FM JAN 1 63 HIGHEST SLP 30.38 ON 13
DPTR FM NORMAL 31 LOWEST SLP 29.72 ON 2
[REMARKS]
#FINAL-05-20#
CORRECTED WARM BIAS ON MAY 15TH FROM 76 TO 73 BASED ON NEARBY OBSERVATIONS.