000
CXUS52 KMLB 010634
CF6FPR
PRELIMINARY LOCAL CLIMATOLOGICAL DATA (WS FORM: F-6)
STATION: FORT PIERCE
MONTH: MAY
YEAR: 2021
LATITUDE: 27 30 N
LONGITUDE: 80 22 W
TEMPERATURE IN F: :PCPN: SNOW: WIND :SUNSHINE: SKY :PK WND
================================================================================
1 2 3 4 5 6A 6B 7 8 9 10 11 12 13 14 15 16 17 18
12Z AVG MX 2MIN
DY MAX MIN AVG DEP HDD CDD WTR SNW DPTH SPD SPD DIR MIN PSBL S-S WX SPD DR
================================================================================
1 86 65 76 2 0 11 0.00 0.0 0 6.4 13 70 M M 0 18 18 70
2 90 68 79 5 0 14 0.00 0.0 0 8.2 21 130 M M 1 1 24 130
3 90 70 80 6 0 15 0.13 0.0 0 9.8 24 130 M M 4 28 120
4 89 73 81 6 0 16 0.00 0.0 0 10.0 24 130 M M 2 29 130
5 91 71 81 6 0 16 0.00 0.0 0 7.0 20 130 M M 2 3 23 130
6 93 69 81 6 0 16 0.14 0.0 0 4.5 20 280 M M 3 138 26 270
7 84 61 73 -2 0 8 0.00 0.0 0 6.2 13 40 M M 2 19 50
8 82 59 71 -4 0 6 0.00 0.0 0 5.8 13 60 M M 1 20 10
9 86 61 74 -1 0 9 0.00 0.0 0 10.6 23 130 M M 1 30 140
10 90 68 79 4 0 14 0.00 0.0 0 8.1 21 130 M M 2 128 25 120
11 89 71 80 4 0 15 T 0.0 0 5.4 15 100 M M 3 3 19 120
12 93 67 80 4 0 15 T 0.0 0 6.1 16 130 M M 2 123 23 140
13 83 70 77 1 0 12 0.00 0.0 0 5.9 14 20 M M 6 1 21 30
14 85 67 76 0 0 11 0.00 0.0 0 7.3 15 20 M M 2 23 20
15 84 69 77 1 0 12 0.00 0.0 0 8.8 17 70 M M 3 29 60
16 81 73 77 1 0 12 T 0.0 0 7.5 17 70 M M 6 23 70
17 83 61 72 -4 0 7 T 0.0 0 10.2 20 120 M M 2 26 100
18 84 72 78 2 0 13 0.01 0.0 0 14.5 23 100 M M 4 29 100
19 84 72 78 1 0 13 0.12 0.0 0 16.9 28 100 M M 7 8 34 100
20 84 74 79 2 0 14 T 0.0 0 17.9 25 100 M M 6 33 110
21 84 74 79 2 0 14 T 0.0 0 15.1 22 90 M M 4 30 100
22 84 73 79 2 0 14 T 0.0 0 12.7 25 100 M M 4 31 100
23 82 61 72 -5 0 7 0.00 0.0 0 7.6 16 70 M M 2 23 90
24 82 59 71 -6 0 6 0.00 0.0 0 7.4 16 110 M M 0 21 90
25 84 65 75 -2 0 10 0.00 0.0 0 9.4 17 100 M M 1 26 110
26 84 73 79 1 0 14 0.00 0.0 0 10.1 16 120 M M 1 21 120
27 86 64 75 -3 0 10 0.00 0.0 0 8.0 17 130 M M 1 1 24 100
28 90 64 77 -1 0 12 0.00 0.0 0 9.0 22 140 M M 1 1 29 140
29 88 67 78 0 0 13 0.00 0.0 0 9.4 24 130 M M 2 27 130
30 88 70 79 1 0 14 0.09 0.0 0 5.7 17 110 M M 4 3 20 110
31 85 69 77 -1 0 12 0.00 0.0 0 8.4 20 100 M M 2 3 26 70
================================================================================
SM 2668 2100 0 375 0.49 0.0 279.9 M 81
================================================================================
AV 86.1 67.7 9.0 FASTST M M 3 MAX(MPH)
MISC ----> 28 100 34 100
================================================================================
NOTES:
# LAST OF SEVERAL OCCURRENCES
COLUMN 17 PEAK WIND IN M.P.H.
PRELIMINARY LOCAL CLIMATOLOGICAL DATA (WS FORM: F-6) , PAGE 2
STATION: FORT PIERCE
MONTH: MAY
YEAR: 2021
LATITUDE: 27 30 N
LONGITUDE: 80 22 W
[TEMPERATURE DATA] [PRECIPITATION DATA] SYMBOLS USED IN COLUMN 16
AVERAGE MONTHLY: 76.9 TOTAL FOR MONTH: 0.49 1 = FOG OR MIST
DPTR FM NORMAL: 0.7 DPTR FM NORMAL: -3.44 2 = FOG REDUCING VISIBILITY
HIGHEST: 93 ON 12, 6 GRTST 24HR 0.14 ON 6- 6 TO 1/4 MILE OR LESS
LOWEST: 59 ON 24, 8 3 = THUNDER
SNOW, ICE PELLETS, HAIL 4 = ICE PELLETS
TOTAL MONTH: 0.0 INCH 5 = HAIL
GRTST 24HR 0.0 6 = FREEZING RAIN OR DRIZZLE
GRTST DEPTH: 0 7 = DUSTSTORM OR SANDSTORM:
VSBY 1/2 MILE OR LESS
8 = SMOKE OR HAZE
[NO. OF DAYS WITH] [WEATHER - DAYS WITH] 9 = BLOWING SNOW
X = TORNADO
MAX 32 OR BELOW: 0 0.01 INCH OR MORE: 5
MAX 90 OR ABOVE: 7 0.10 INCH OR MORE: 3
MIN 32 OR BELOW: 0 0.50 INCH OR MORE: 0
MIN 0 OR BELOW: 0 1.00 INCH OR MORE: 0
[HDD (BASE 65) ]
TOTAL THIS MO. 0 CLEAR (SCALE 0-3) 21
DPTR FM NORMAL 0 PTCLDY (SCALE 4-7) 10
TOTAL FM JUL 1 346 CLOUDY (SCALE 8-10) 0
DPTR FM NORMAL -71
[CDD (BASE 65) ]
TOTAL THIS MO. 375
DPTR FM NORMAL 28 [PRESSURE DATA]
TOTAL FM JAN 1 999 HIGHEST SLP M ON M
DPTR FM NORMAL 176 LOWEST SLP 29.88 ON 29
[REMARKS]
#FINAL-05-21#