000
CXUS52 KMLB 011600
CF6FPR
PRELIMINARY LOCAL CLIMATOLOGICAL DATA (WS FORM: F-6)
STATION: FORT PIERCE
MONTH: NOVEMBER
YEAR: 2023
LATITUDE: 27 30 N
LONGITUDE: 80 22 W
TEMPERATURE IN F: :PCPN: SNOW: WIND :SUNSHINE: SKY :PK WND
================================================================================
1 2 3 4 5 6A 6B 7 8 9 10 11 12 13 14 15 16 17 18
12Z AVG MX 2MIN
DY MAX MIN AVG DEP HDD CDD WTR SNW DPTH SPD SPD DIR MIN PSBL S-S WX SPD DR
================================================================================
1 78 63 71 -2 0 6 0.02 0.0 0 9.6 17 350 M M 5 1 34 360
2 79 70 75 3 0 10 0.00 0.0 0 10.6 18 70 M M 6 30 60
3 81 72 77 5 0 12 0.00 0.0 0 10.9 18 70 M M 5 28 80
4 81 66 74 2 0 9 T 0.0 0 8.1 18 340 M M 7 29 350
5 80 54 67 -5 0 2 0.00 0.0 0 6.0 14 360 M M 2 25 350
6 83 53 68 -4 0 3 0.00 0.0 0 6.1 12 30 M M 1 20 20
7 83 64 74 3 0 9 0.00 0.0 0 3.7 12 80 M M 1 1 17 20
8 83 62 73 2 0 8 0.00 0.0 0 3.3 10 70 M M 2 1 16 100
9 83 61 72 1 0 7 0.00 0.0 0 4.8 14 100 M M 3 18 100
10 86 67 77 6 0 12 0.00 0.0 0 4.3 14 110 M M 2 1 23 130
11 86 68 77 7 0 12 T 0.0 0 4.5 15 110 M M 4 12 19 110
12 84 68 76 6 0 11 0.00 0.0 0 4.9 13 20 M M 3 1 23 10
13 84 72 78 8 0 13 0.54 0.0 0 5.6 15 60 M M 6 1 24 60
14 82 70 76 6 0 11 0.45 0.0 0 15.5 28 110 M M 8 1 37 110
15 77 70 74 4 0 9 0.65 0.0 0 18.7 31 100 M M 9 1 44 100
16 79 71 75 5 0 10 4.33 0.0 0 20.9 36 100 M M 10 138 49 100
17 83 69 76 6 0 11 2.37 0.0 0 7.5 16 250 M M 6 12 23 270
18 77 66 72 3 0 7 0.00 0.0 0 8.6 15 320 M M 7 1 23 320
19 81 64 73 4 0 8 0.00 0.0 0 4.4 12 20 M M 1 12 18 20
20 81 64 73 4 0 8 0.00 0.0 0 5.8 17 120 M M 5 12 24 110
21 81 71 76 7 0 11 0.00 0.0 0 12.0 21 120 M M 2 27 130
22 85 65 75 6 0 10 0.00 0.0 0 7.0 16 190 M M 4 24 190
23 76 62 69 0 0 4 0.00 0.0 0 4.3 12 310 M M 3 18 330
24 74 60 67 -1 0 2 0.03 0.0 0 4.0 10 10 M M 3 17 360
25 78 64 71 3 0 6 0.01 0.0 0 6.2 12 20 M M 9 1 20 30
26 86 72 79 11 0 14 0.05 0.0 0 5.1 13 190 M M 7 1 20 220
27 74 55 65 -3 0 0 0.00 0.0 0 5.8 15 290 M M 4 23 290
28 66 52 59 -9 6 0 0.00 0.0 0 6.3 10 340 M M 0 18 360
29 73 50 62 -6 3 0 0.00 0.0 0 6.8 14 360 M M 0 20 20
30 77 54 66 -2 0 1 0.00 0.0 0 5.5 17 110 M M 1 22 120
================================================================================
SM 2401 1919 9 226 8.45 0.0 226.8 M 126
================================================================================
AV 80.0 64.0 7.6 FASTST M M 4 MAX(MPH)
MISC ----> 36 100 49 100
================================================================================
NOTES:
# LAST OF SEVERAL OCCURRENCES
COLUMN 17 PEAK WIND IN M.P.H.
PRELIMINARY LOCAL CLIMATOLOGICAL DATA (WS FORM: F-6) , PAGE 2
STATION: FORT PIERCE
MONTH: NOVEMBER
YEAR: 2023
LATITUDE: 27 30 N
LONGITUDE: 80 22 W
[TEMPERATURE DATA] [PRECIPITATION DATA] SYMBOLS USED IN COLUMN 16
AVERAGE MONTHLY: 72.0 TOTAL FOR MONTH: 8.45 1 = FOG OR MIST
DPTR FM NORMAL: 2.1 DPTR FM NORMAL: 5.44 2 = FOG REDUCING VISIBILITY
HIGHEST: 86 ON 26,11 GRTST 24HR 6.70 ON 16-17 TO 1/4 MILE OR LESS
LOWEST: 50 ON 29 3 = THUNDER
SNOW, ICE PELLETS, HAIL 4 = ICE PELLETS
TOTAL MONTH: 0.0 INCH 5 = HAIL
GRTST 24HR 0.0 6 = FREEZING RAIN OR DRIZZLE
GRTST DEPTH: 0 7 = DUSTSTORM OR SANDSTORM:
VSBY 1/2 MILE OR LESS
8 = SMOKE OR HAZE
[NO. OF DAYS WITH] [WEATHER - DAYS WITH] 9 = BLOWING SNOW
X = TORNADO
MAX 32 OR BELOW: 0 0.01 INCH OR MORE: 9
MAX 90 OR ABOVE: 0 0.10 INCH OR MORE: 5
MIN 32 OR BELOW: 0 0.50 INCH OR MORE: 4
MIN 0 OR BELOW: 0 1.00 INCH OR MORE: 2
[HDD (BASE 65) ]
TOTAL THIS MO. 9 CLEAR (SCALE 0-3) 12
DPTR FM NORMAL -17 PTCLDY (SCALE 4-7) 15
TOTAL FM JUL 1 10 CLOUDY (SCALE 8-10) 3
DPTR FM NORMAL -18
[CDD (BASE 65) ]
TOTAL THIS MO. 226
DPTR FM NORMAL 53 [PRESSURE DATA]
TOTAL FM JAN 1 3868 HIGHEST SLP 30.21 ON 2
DPTR FM NORMAL 587 LOWEST SLP 29.70 ON 17
[REMARKS]
#FINAL-11-23#