000
CXUS54 KFWD 010730
CF6FTW
PRELIMINARY LOCAL CLIMATOLOGICAL DATA (WS FORM: F-6)
STATION: FORT WORTH MEACHAM
MONTH: OCTOBER
YEAR: 2021
LATITUDE: 32 49 N
LONGITUDE: 97 21 W
TEMPERATURE IN F: :PCPN: SNOW: WIND :SUNSHINE: SKY :PK WND
================================================================================
1 2 3 4 5 6A 6B 7 8 9 10 11 12 13 14 15 16 17 18
12Z AVG MX 2MIN
DY MAX MIN AVG DEP HDD CDD WTR SNW DPTH SPD SPD DIR MIN PSBL S-S WX SPD DR
================================================================================
1 77 66 72 0 0 7 0.04 M M 5.6 15 120 M M 4 1 19 110
2 84 68 76 4 0 11 0.00 M M 5.1 13 270 M M 6 1 19 260
3 86 63 75 3 0 10 0.00 M M 5.8 16 280 M M 0 22 270
4 89 59 74 3 0 9 0.00 M M 6.3 20 360 M M 0 27 20
5 86 57 72 1 0 7 0.00 M M 6.4 14 20 M M 0 25 70
6 85 56 71 0 0 6 M M M 2.7 6 60 M M 0 8 M M
7 91 59 75 5 0 10 0.00 M M 7.6 17 150 M M 0 25 180
8 92 68 80 10 0 15 0.00 M M 12.5 18 200 M M 0 35 190
9 92 68 80 10 0 15 0.00 M M 14.7 22 160 M M 0 29 160
10 91 63 77 8 0 12 0.47 M M 18.5 32 290 M M 4 13 48 290
11 81 57 69 0 0 4 0.00 M M 6.6 18 270 M M 0 28 260
12 85 60 73 5 0 8 T M M 13.9 25 170 M M 8 36 150
13 85 63 74 6 0 9 0.70 M M 13.3 29 170 M M 8 13 40 170
14 81 65 73 5 0 8 0.00 M M 5.9 15 170 M M 7 1 22 190
15 75 52 64 -3 1 0 0.00 M M 10.8 24 350 M M 3 1 37 310
16 73 47 60 -7 5 0 0.00 M M 6.7 18 10 M M 0 24 10
17 73 45 59 -7 6 0 0.00 M M 2.7 10 140 M M 0 18 16 140
18 75 49 62 -4 3 0 0.00 M M 7.3 20 150 M M 0 25 130
19 80 57 69 3 0 4 0.00 M M 13.2 23 150 M M 0 29 180
20 82 63 73 8 0 8 0.00 M M 6.6 16 170 M M 5 22 170
21 82 63 73 8 0 8 0.00 M M 6.8 13 50 M M 1 19 40
22 84 57 71 6 0 6 M M M 6.9 14 160 M M 1 M M
23 86 64 75 11 0 10 0.00 M M 13.0 22 160 M M 2 33 170
24 86 66 76 12 0 11 0.00 M M 12.9 22 190 M M 3 31 190
25 86 60 73 9 0 8 0.00 M M 6.7 13 100 M M 0 18 70
26 86 69 78 15 0 13 0.00 M M 15.7 24 150 M M 4 1 43 170
27 76 57 67 4 0 2 0.76 M M 11.9 32 280 M M 4 138 45 260
28 71 54 63 1 2 0 0.00 M M 21.9 38 310 M M 0 59 310
29 70 50 60 -2 5 0 0.00 M M 16.5 30 320 M M 0 44 310
30 75 44 60 -2 5 0 0.00 M M 3.9 10 130 M M 0 8 13 220
31 80 50 65 4 0 0 0.00 M M 7.3 14 120 M M 0 19 120
================================================================================
SM 2545 1819 27 201 1.97 M 295.7 M 60
================================================================================
AV 82.1 58.7 9.5 FASTST M M 2 MAX(MPH)
MISC ----> 38 310 59 310
================================================================================
NOTES:
# LAST OF SEVERAL OCCURRENCES
COLUMN 17 PEAK WIND IN M.P.H.
PRELIMINARY LOCAL CLIMATOLOGICAL DATA (WS FORM: F-6) , PAGE 2
STATION: FORT WORTH MEACHAM
MONTH: OCTOBER
YEAR: 2021
LATITUDE: 32 49 N
LONGITUDE: 97 21 W
[TEMPERATURE DATA] [PRECIPITATION DATA] SYMBOLS USED IN COLUMN 16
AVERAGE MONTHLY: 70.4 TOTAL FOR MONTH: 1.97 1 = FOG OR MIST
DPTR FM NORMAL: 3.5 DPTR FM NORMAL: -2.49 2 = FOG REDUCING VISIBILITY
HIGHEST: 92 ON 9, 8 GRTST 24HR 0.76 ON 27-27 TO 1/4 MILE OR LESS
LOWEST: 44 ON 30 3 = THUNDER
SNOW, ICE PELLETS, HAIL 4 = ICE PELLETS
TOTAL MONTH: M 5 = HAIL
GRTST 24HR M ON M 6 = FREEZING RAIN OR DRIZZLE
GRTST DEPTH: M ON M 7 = DUSTSTORM OR SANDSTORM:
VSBY 1/2 MILE OR LESS
8 = SMOKE OR HAZE
[NO. OF DAYS WITH] [WEATHER - DAYS WITH] 9 = BLOWING SNOW
X = TORNADO
MAX 32 OR BELOW: 0 0.01 INCH OR MORE: 4
MAX 90 OR ABOVE: 4 0.10 INCH OR MORE: 3
MIN 32 OR BELOW: 0 0.50 INCH OR MORE: 2
MIN 0 OR BELOW: 0 1.00 INCH OR MORE: 0
[HDD (BASE 65) ]
TOTAL THIS MO. 27 CLEAR (SCALE 0-3) 21
DPTR FM NORMAL -56 PTCLDY (SCALE 4-7) 9
TOTAL FM JUL 1 27 CLOUDY (SCALE 8-10) 1
DPTR FM NORMAL -61
[CDD (BASE 65) ]
TOTAL THIS MO. 201
DPTR FM NORMAL 59 [PRESSURE DATA]
TOTAL FM JAN 1 2517 HIGHEST SLP M ON M
DPTR FM NORMAL -152 LOWEST SLP 29.47 ON 10
[REMARKS]
#FINAL-10-21#