000
CXUS56 KSGX 011245
CF6FUL
PRELIMINARY LOCAL CLIMATOLOGICAL DATA (WS FORM: F-6)
STATION: FULLERTON AIRPORT CA
MONTH: AUGUST
YEAR: 2020
LATITUDE: 33 52 N
LONGITUDE: 117 58 W
TEMPERATURE IN F: :PCPN: SNOW: WIND :SUNSHINE: SKY :PK WND
================================================================================
1 2 3 4 5 6A 6B 7 8 9 10 11 12 13 14 15 16 17 18
12Z AVG MX 2MIN
DY MAX MIN AVG DEP HDD CDD WTR SNW DPTH SPD SPD DIR MIN PSBL S-S WX SPD DR
================================================================================
1 87 65 76 1 0 11 0.00 0.0 0 4.0 13 210 M M 0 17 190
2 85 64 75 0 0 10 0.00 0.0 0 3.4 12 200 M M 2 128 16 200
3 84 65 75 0 0 10 0.00 0.0 0 4.1 12 190 M M 1 15 180
4 82 67 75 0 0 10 0.00 0.0 0 4.8 12 200 M M 6 14 200
5 82 66 74 -1 0 9 0.00 0.0 0 4.6 12 190 M M 6 16 200
6 80 67 74 -1 0 9 0.00 0.0 0 5.0 12 200 M M 5 15 190
7 84 62 73 -2 0 8 0.00 0.0 0 3.6 10 220 M M 0 15 210
8 85 64 75 0 0 10 0.00 0.0 0 3.6 12 190 M M 0 14 220
9 86 63 75 0 0 10 0.00 0.0 0 3.1 13 190 M M 0 16 190
10 86 62 74 -1 0 9 0.00 0.0 0 2.7 12 170 M M 0 8 15 180
11 86 61 74 -1 0 9 0.00 0.0 0 2.6 12 190 M M 0 8 16 200
12 89 61 75 0 0 10 0.00 0.0 0 2.6 10 170 M M 0 15 210
13 98 71 85 10 0 20 0.00 0.0 0 2.6 12 210 M M 1 16 180
14 100 71 86 11 0 21 0.00 0.0 0 3.4 10 290 M M 0 16 260
15 96 74 85 10 0 20 0.00 0.0 0 3.5 10 190 M M 1 15 180
16 96 73 85 9 0 20 0.00 0.0 0 4.9 15 190 M M 1 20 190
17 93 72 83 7 0 18 0.00 0.0 0 4.3 10 190 M M 3 15 200
18 107 72 90 14 0 25 0.00 0.0 0 3.3 16 180 M M 1 21 190
19 97 75 86 10 0 21 0.00 0.0 0 3.8 12 190 M M 0 17 200
20 96 74 85 9 0 20 0.00 0.0 0 3.2 14 190 M M 0 19 170
21 92 73 83 7 0 18 0.00 0.0 0 2.6 13 200 M M 0 16 200
22 97 77 87 11 0 22 0.00 0.0 0 5.2 13 210 M M 1 17 230
23 95 76 86 10 0 21 0.00 0.0 0 3.2 13 200 M M 3 15 210
24 91 72 82 6 0 17 0.00 0.0 0 4.6 12 240 M M 2 8 15 290
25 95 70 83 7 0 18 0.00 0.0 0 2.4 10 290 M M 0 8 16 230
26 92 69 81 5 0 16 0.00 0.0 0 2.8 12 190 M M 0 14 280
27 95 69 82 6 0 17 0.00 0.0 0 2.7 13 190 M M 0 17 190
28 90 67 79 3 0 14 0.00 0.0 0 2.5 12 180 M M 0 15 160
29 84 64 74 -2 0 9 0.00 0.0 0 2.9 12 190 M M 3 8 15 190
30 82 65 74 -2 0 9 0.00 0.0 0 2.5 10 210 M M 3 15 220
31 81 65 73 -2 0 8 0.00 0.0 0 3.5 12 160 M M 4 16 210
================================================================================
SM 2793 2116 0 449 0.00 0.0 108.0 M 43
================================================================================
AV 90.1 68.3 3.5 FASTST M M 1 MAX(MPH)
MISC ----> # 16 180 # 21 190
================================================================================
NOTES:
# LAST OF SEVERAL OCCURRENCES
COLUMN 17 PEAK WIND IN M.P.H.
PRELIMINARY LOCAL CLIMATOLOGICAL DATA (WS FORM: F-6) , PAGE 2
STATION: FULLERTON AIRPORT CA
MONTH: AUGUST
YEAR: 2020
LATITUDE: 33 52 N
LONGITUDE: 117 58 W
[TEMPERATURE DATA] [PRECIPITATION DATA] SYMBOLS USED IN COLUMN 16
AVERAGE MONTHLY: 79.2 TOTAL FOR MONTH: 0.00 1 = FOG OR MIST
DPTR FM NORMAL: 3.9 DPTR FM NORMAL: -0.05 2 = FOG REDUCING VISIBILITY
HIGHEST: 107 ON 18 GRTST 24HR 0.00 ON 31-31 TO 1/4 MILE OR LESS
LOWEST: 61 ON 12,11 3 = THUNDER
SNOW, ICE PELLETS, HAIL 4 = ICE PELLETS
TOTAL MONTH: 0.0 INCH 5 = HAIL
GRTST 24HR 0.0 6 = FREEZING RAIN OR DRIZZLE
GRTST DEPTH: 0 7 = DUSTSTORM OR SANDSTORM:
VSBY 1/2 MILE OR LESS
8 = SMOKE OR HAZE
[NO. OF DAYS WITH] [WEATHER - DAYS WITH] 9 = BLOWING SNOW
X = TORNADO
MAX 32 OR BELOW: 0 0.01 INCH OR MORE: 0
MAX 90 OR ABOVE: 16 0.10 INCH OR MORE: 0
MIN 32 OR BELOW: 0 0.50 INCH OR MORE: 0
MIN 0 OR BELOW: 0 1.00 INCH OR MORE: 0
[HDD (BASE 65) ]
TOTAL THIS MO. 0 CLEAR (SCALE 0-3) 25
DPTR FM NORMAL 0 PTCLDY (SCALE 4-7) 6
TOTAL FM JUL 1 0 CLOUDY (SCALE 8-10) 0
DPTR FM NORMAL 0
[CDD (BASE 65) ]
TOTAL THIS MO. 449
DPTR FM NORMAL 128 [PRESSURE DATA]
TOTAL FM JAN 1 1333 HIGHEST SLP M ON M
DPTR FM NORMAL 470 LOWEST SLP 29.65 ON M
[REMARKS]
#FINAL-08-20#