000
CXUS51 KCAR 010700
CF6FVE
PRELIMINARY LOCAL CLIMATOLOGICAL DATA (WS FORM: F-6)
STATION: FRENCHVILLE ME
MONTH: NOVEMBER
YEAR: 2022
LATITUDE: 47 16 N
LONGITUDE: 68 19 W
TEMPERATURE IN F: :PCPN: SNOW: WIND :SUNSHINE: SKY :PK WND
================================================================================
1 2 3 4 5 6A 6B 7 8 9 10 11 12 13 14 15 16 17 18
12Z AVG MX 2MIN
DY MAX MIN AVG DEP HDD CDD WTR SNW DPTH SPD SPD DIR MIN PSBL S-S WX SPD DR
================================================================================
1 62 41 52 14 13 0 0.00 M M 6.4 15 280 M M 2 18 280
2 50 32 41 3 24 0 0.00 M M 14.4 30 320 M M 0 40 330
3 60 32 46 9 19 0 0.00 M M 7.9 16 240 M M 1 24 230
4 67 47 57 20 8 0 0.00 M M 9.6 17 220 M M 0 24 240
5 71 48 60 24 5 0 0.00 M M 9.7 21 240 M M 1 29 240
6 70 56 63 27 2 0 0.06 M M 8.2 25 280 M M 6 1 33 280
7 62 35 49 13 16 0 0.01 M M 9.7 30 250 M M 5 42 250
8 40 32 36 1 29 0 T M M 21.5 33 330 M M 5 52 320
9 39 27 33 -2 32 0 0.00 M M 9.1 23 320 M M 3 8 34 320
10 48 36 42 8 23 0 0.05 M M 7.9 18 260 M M 10 28 270
11 48 41 45 11 20 0 0.09 M M 7.4 15 90 M M 8 1 23 100
12 41 35 38 5 27 0 1.01 M M 9.1 18 20 M M 10 1 34 60
13 37 32 35 2 30 0 0.57 M M 6.9 15 150 M M 10 12 18 170
14 33 25 29 -3 36 0 0.03 M M 14.1 26 290 M M 10 1 37 310
15 29 23 26 -6 39 0 0.00 M M 6.0 22 320 M M 7 29 310
16 28 22 25 -7 40 0 0.45 M M 7.2 14 50 M M 10 12 24 30
17 29 19 24 -7 41 0 0.06 M M 10.6 17 280 M M 9 12 24 270
18 24 16 20 -11 45 0 T M M 9.7 20 240 M M 4 1 27 230
19 24 14 19 -11 46 0 0.00 M M 6.6 12 270 M M 6 M M
20 27 18 23 -7 42 0 0.05 M M 11.1 26 270 M M 9 18 37 290
21 20 9 15 -14 50 0 T M M 11.3 24 280 M M 7 1 38 290
22 27 20 24 -5 41 0 T M M 11.1 22 300 M M 3 1 40 300
23 27 14 21 -8 44 0 T M M 11.3 26 330 M M 5 37 330
24 26 10 18 -10 47 0 0.00 M M 6.9 16 290 M M 3 20 310
25 30 17 24 -4 41 0 0.19 M M 7.5 20 320 M M 8 1 29 340
26 34 26 30 3 35 0 T M M 12.1 26 330 M M 6 1 37 330
27 40 27 34 7 31 0 0.00 M M 6.1 13 240 M M 2 1 19 260
28 40 24 32 6 33 0 0.09 M M 13.8 26 330 M M 10 12 40 300
29 26 16 21 -5 44 0 0.00 M M 6.7 15 340 M M 3 21 340
30 42 20 31 5 34 0 0.48 M M 14.6 36 150 M M 7 16 55 130
================================================================================
SM 1201 814 937 0 3.14 M 294.5 M 170
================================================================================
AV 40.0 27.1 9.8 FASTST M M 6 MAX(MPH)
MISC ----> 36 150 55 130
================================================================================
NOTES:
# LAST OF SEVERAL OCCURRENCES
COLUMN 17 PEAK WIND IN M.P.H.
PRELIMINARY LOCAL CLIMATOLOGICAL DATA (WS FORM: F-6) , PAGE 2
STATION: FRENCHVILLE ME
MONTH: NOVEMBER
YEAR: 2022
LATITUDE: 47 16 N
LONGITUDE: 68 19 W
[TEMPERATURE DATA] [PRECIPITATION DATA] SYMBOLS USED IN COLUMN 16
AVERAGE MONTHLY: 33.6 TOTAL FOR MONTH: 3.14 1 = FOG OR MIST
DPTR FM NORMAL: 1.8 DPTR FM NORMAL: 0.56 2 = FOG REDUCING VISIBILITY
HIGHEST: 71 ON 5 GRTST 24HR 1.08 ON 11-12 TO 1/4 MILE OR LESS
LOWEST: 9 ON 21 3 = THUNDER
SNOW, ICE PELLETS, HAIL 4 = ICE PELLETS
TOTAL MONTH: M 5 = HAIL
GRTST 24HR M ON M 6 = FREEZING RAIN OR DRIZZLE
GRTST DEPTH: M ON M 7 = DUSTSTORM OR SANDSTORM:
VSBY 1/2 MILE OR LESS
8 = SMOKE OR HAZE
[NO. OF DAYS WITH] [WEATHER - DAYS WITH] 9 = BLOWING SNOW
X = TORNADO
MAX 32 OR BELOW: 12 0.01 INCH OR MORE: 13
MAX 90 OR ABOVE: 0 0.10 INCH OR MORE: 5
MIN 32 OR BELOW: 22 0.50 INCH OR MORE: 2
MIN 0 OR BELOW: 0 1.00 INCH OR MORE: 1
[HDD (BASE 65) ]
TOTAL THIS MO. 937 CLEAR (SCALE 0-3) 9
DPTR FM NORMAL -59 PTCLDY (SCALE 4-7) 12
TOTAL FM JUL 1 1769 CLOUDY (SCALE 8-10) 9
DPTR FM NORMAL -298
[CDD (BASE 65) ]
TOTAL THIS MO. 0
DPTR FM NORMAL 0 [PRESSURE DATA]
TOTAL FM JAN 1 225 HIGHEST SLP 30.60 ON 9
DPTR FM NORMAL 17 LOWEST SLP 29.27 ON 28
[REMARKS]
#FINAL-11-22#