000
CXUS51 KCAR 012113
CLMFVE
CLIMATE REPORT
NATIONAL WEATHER SERVICE CARIBOU ME
513 PM EDT WED NOV 01 2023
...................................
...THE FRENCHVILLE ME CLIMATE SUMMARY FOR THE MONTH OF OCTOBER 2023...
CLIMATE NORMAL PERIOD: 1991 TO 2020
CLIMATE RECORD PERIOD: 9999 TO 9999
WEATHER OBSERVED NORMAL DEPART LAST YEAR`S
VALUE DATE(S) VALUE FROM VALUE DATE(S)
NORMAL
................................................................
TEMPERATURE (F)
RECORD
HIGH MM MM
LOW 15 10/31/2020
10/31/2020
HIGHEST 75 10/03 MM MM 71 10/06
LOWEST 26 10/31 MM MM 27 10/03
AVG. MAXIMUM 57.2 51.3 5.9 59.2
AVG. MINIMUM 42.6 36.3 6.3 39.9
MEAN 49.9 43.8 6.1 49.5
DAYS MAX >= 90 0 0.0 0.0 0
DAYS MAX <= 32 1 0.4 0.6 0
DAYS MIN <= 32 4 12.1 -8.1 7
DAYS MIN <= 0 0 0.0 0.0 0
PRECIPITATION (INCHES)
RECORD
MAXIMUM 6.04 2020
MINIMUM 2.77 2021
TOTALS 3.70 3.46 0.24 4.90
DAILY AVG. 0.12 0.11 0.01 0.16
DAYS >= .01 19 14.1 4.9 10
DAYS >= .10 10 7.4 2.6 6
DAYS >= .50 2 2.4 -0.4 4
DAYS >= 1.00 1 0.8 0.2 1
GREATEST
24 HR. TOTAL 1.59 10/07 TO 10/08 2.01 10/14 TO 10/15
STORM TOTAL 1.17 1.70
(MM/DD(HH)) MM
SNOWFALL (INCHES)
RECORDS
TOTAL MM MM
TOTALS MM MM MM MM
SINCE 7/1 MM MM MM MM
SNOWDEPTH AVG. MM MM
DAYS >= 1.0 MM MM MM MM
GREATEST
SNOW DEPTH MM MM MM
24 HR TOTAL MM MM
DEGREE DAYS
HEATING TOTAL 462 658 -196 471
SINCE 7/1 758 1071 -313 MM
COOLING TOTAL 1 0 1 0
SINCE 1/1 319 208 111 MM
................................................................
WIND (MPH)
AVERAGE WIND SPEED 8.4
HIGHEST WIND SPEED/DIRECTION 30/090 DATE 10/08
HIGHEST GUST SPEED/DIRECTION 51/090 DATE 10/08
SKY COVER
POSSIBLE SUNSHINE (PERCENT) MM
AVERAGE SKY COVER 0.70
NUMBER OF DAYS FAIR 4
NUMBER OF DAYS PC 10
NUMBER OF DAYS CLOUDY 17
AVERAGE RH (PERCENT) 79
WEATHER CONDITIONS. NUMBER OF DAYS WITH
THUNDERSTORM 0 MIXED PRECIP 0
HEAVY RAIN 3 RAIN 5
LIGHT RAIN 17 FREEZING RAIN 0
LT FREEZING RAIN 0 HAIL 0
HEAVY SNOW 0 SNOW 0
LIGHT SNOW 2 SLEET 0
FOG 23 FOG W/VIS <= 1/4 MILE 5
HAZE 1
- INDICATES NEGATIVE NUMBERS.
* INDICATES RECORD WAS SET OR TIED.
MM INDICATES DATA IS MISSING.
T INDICATES TRACE AMOUNT.
$$