000
CXUS53 KIWX 021816
CF6FWA
PRELIMINARY LOCAL CLIMATOLOGICAL DATA (WS FORM: F-6)
STATION: FORT WAYNE
MONTH: OCTOBER
YEAR: 2023
LATITUDE: 41 0 N
LONGITUDE: 85 12 W
TEMPERATURE IN F: :PCPN: SNOW: WIND :SUNSHINE: SKY :PK WND
================================================================================
1 2 3 4 5 6A 6B 7 8 9 10 11 12 13 14 15 16 17 18
12Z AVG MX 2MIN
DY MAX MIN AVG DEP HDD CDD WTR SNW DPTH SPD SPD DIR MIN PSBL S-S WX SPD DR
================================================================================
1 83 54 69 10 0 4 0.00 0.0 0 3.7 9 60 M M 1 18 12 60
2 86 54 70 11 0 5 0.00 0.0 0 1.5 8 100 M M 1 1 10 200
3 86 54 70 12 0 5 0.00 0.0 0 3.1 16 170 M M 1 21 170
4 85 57 71 13 0 6 0.00 0.0 0 7.6 22 200 M M 7 28 200
5 73 61 67 9 0 2 0.64 0.0 0 10.0 21 220 M M 10 1 30 210
6 68 44 56 -1 9 0 T 0.0 0 11.8 26 280 M M 5 1 37 270
7 59 39 49 -8 16 0 T 0.0 0 11.3 23 320 M M 6 32 290
8 57 37 47 -9 18 0 T 0.0 0 6.7 16 300 M M 7 24 260
9 58 38 48 -8 17 0 0.00 0.0 0 6.8 20 280 M M 7 25 290
10 63 36 50 -6 15 0 0.00 0.0 0 9.7 21 280 M M 5 29 250
11 70 34 52 -3 13 0 0.04 0.0 0 7.0 17 240 M M 4 1 26 230
12 66 50 58 3 7 0 0.05 0.0 0 8.0 15 60 M M 6 1 20 70
13 67 48 58 4 7 0 0.32 0.0 0 14.2 22 80 M M 8 1 30 90
14 53 48 51 -3 14 0 0.27 0.0 0 12.0 21 30 M M 10 1 28 50
15 54 43 49 -5 16 0 0.04 0.0 0 11.1 17 330 M M 7 27 330
16 57 46 52 -1 13 0 T 0.0 0 7.7 14 350 M M 10 1 19 10
17 58 43 51 -2 14 0 0.00 0.0 0 5.5 10 190 M M 8 16 190
18 64 41 53 1 12 0 0.00 0.0 0 10.2 20 190 M M 7 26 200
19 56 49 53 1 12 0 0.52 0.0 0 10.3 18 190 M M 10 1 25 200
20 55 46 51 -1 14 0 0.34 0.0 0 10.0 18 310 M M 9 1 28 310
21 58 37 48 -3 17 0 0.04 0.0 0 6.9 16 330 M M 6 1 24 320
22 57 37 47 -4 18 0 T 0.0 0 6.4 17 340 M M 4 18 25 330
23 64 32 48 -3 17 0 0.00 0.0 0 5.6 14 160 M M 4 1 21 170
24 80 46 63 13 2 0 0.00 0.0 0 10.7 21 200 M M 4 29 200
25 69 59 64 14 1 0 T 0.0 0 10.6 23 210 M M 9 32 220
26 74 59 67 18 0 2 0.03 0.0 0 11.6 22 200 M M 9 1 30 200
27 77 61 69 20 0 4 0.04 0.0 0 12.2 22 230 M M 6 1 28 220
28 64 46 55 6 10 0 0.28 0.0 0 9.0 18 320 M M 9 1 28 330
29 50 43 47 -1 18 0 0.75 0.0 0 9.6 20 70 M M 10 1 27 70
30 47 27 37 -11 28 0 0.07 0.0 0 8.1 17 330 M M 7 1 27 330
31 39 24 32 -15 33 0 0.01 T 0 11.4 28 260 M M 6 1 35 250
================================================================================
SM 1997 1393 341 28 3.44 T 270.3 M 203
================================================================================
AV 64.4 44.9 8.7 FASTST M M 7 MAX(MPH)
MISC ----> 28 260 37 270
================================================================================
NOTES:
# LAST OF SEVERAL OCCURRENCES
COLUMN 17 PEAK WIND IN M.P.H.
PRELIMINARY LOCAL CLIMATOLOGICAL DATA (WS FORM: F-6) , PAGE 2
STATION: FORT WAYNE
MONTH: OCTOBER
YEAR: 2023
LATITUDE: 41 0 N
LONGITUDE: 85 12 W
[TEMPERATURE DATA] [PRECIPITATION DATA] SYMBOLS USED IN COLUMN 16
AVERAGE MONTHLY: 54.7 TOTAL FOR MONTH: 3.44 1 = FOG OR MIST
DPTR FM NORMAL: 1.5 DPTR FM NORMAL: 0.49 2 = FOG REDUCING VISIBILITY
HIGHEST: 86 ON 3, 2 GRTST 24HR 0.75 ON 29-29 TO 1/4 MILE OR LESS
LOWEST: 24 ON 31 3 = THUNDER
SNOW, ICE PELLETS, HAIL 4 = ICE PELLETS
TOTAL MONTH: T 5 = HAIL
GRTST 24HR T ON 31-31 6 = FREEZING RAIN OR DRIZZLE
GRTST DEPTH: 0 7 = DUSTSTORM OR SANDSTORM:
VSBY 1/2 MILE OR LESS
8 = SMOKE OR HAZE
[NO. OF DAYS WITH] [WEATHER - DAYS WITH] 9 = BLOWING SNOW
X = TORNADO
MAX 32 OR BELOW: 0 0.01 INCH OR MORE: 15
MAX 90 OR ABOVE: 0 0.10 INCH OR MORE: 7
MIN 32 OR BELOW: 3 0.50 INCH OR MORE: 3
MIN 0 OR BELOW: 0 1.00 INCH OR MORE: 0
[HDD (BASE 65) ]
TOTAL THIS MO. 341 CLEAR (SCALE 0-3) 3
DPTR FM NORMAL -35 PTCLDY (SCALE 4-7) 19
TOTAL FM JUL 1 390 CLOUDY (SCALE 8-10) 9
DPTR FM NORMAL -91
[CDD (BASE 65) ]
TOTAL THIS MO. 28
DPTR FM NORMAL 16 [PRESSURE DATA]
TOTAL FM JAN 1 766 HIGHEST SLP 30.35 ON 1
DPTR FM NORMAL -83 LOWEST SLP 29.57 ON 20
[REMARKS]
#FINAL-10-23#