000
CXUS54 KTSA 011100
CLMFYV
CLIMATE REPORT
NATIONAL WEATHER SERVICE TULSA OK
800 AM CDT THU JUN 01 2023
...................................
...THE FAYETTEVILLE ARKANSAS CLIMATE SUMMARY FOR THE MONTH OF MAY 2023...
CLIMATE NORMAL PERIOD 1991 TO 2020
CLIMATE RECORD PERIOD 1905 TO 2023
WEATHER OBSERVED NORMAL DEPART LAST YEAR`S
VALUE DATE(S) VALUE FROM VALUE DATE(S)
NORMAL
................................................................
TEMPERATURE (F)
RECORD
HIGH 93 05/30/1977
LOW 29 05/01/1963
HIGHEST 89 05/06 95 -6 94 05/11
LOWEST 34 05/01 29 5 -40 05/13
AVG. MAXIMUM 79.8 76.7 3.1 79.0
AVG. MINIMUM 56.0 54.0 2.0 55.8
MEAN 67.9 65.3 2.6 67.4
DAYS MAX >= 90 0 0.4 -0.4 2
DAYS MAX <= 32 0 0.0 0.0 0
DAYS MIN <= 32 0 0.1 -0.1 0
DAYS MIN <= 0 0 0.0 0.0 0
PRECIPITATION (INCHES)
RECORD
MAXIMUM 13.39 1957
MINIMUM 1.05 2012
TOTALS 3.21 5.89 -2.68 5.42
DAILY AVG. 0.10 0.19 -0.09 0.17
DAYS >= .01 11 12.8 -1.8 9
DAYS >= .10 8 7.9 0.1 6
DAYS >= .50 3 4.4 -1.4 3
DAYS >= 1.00 0 1.8 -1.8 1
GREATEST
24 HR. TOTAL 0.76 05/04 TO 05/04
SNOWFALL (INCHES)
RECORDS
TOTAL 0.5 2013
TOTALS 0.0 0.0 0.0 0.0
SINCE 7/1 12.7 6.5 6.2 MM
SNOWDEPTH AVG. 0 0
DAYS >= TRACE 0 0.0 0.0 0
DAYS >= 1.0 0 0.0 0.0 0
GREATEST
SNOW DEPTH 0 0 MM
24 HR TOTAL MM
DEGREE DAYS
HEATING TOTAL 51 86 -35 89
SINCE 7/1 3437 4075 -638 MM
COOLING TOTAL 149 97 52 165
SINCE 1/1 181 126 55 MM
................................................................
WIND (MPH)
AVERAGE WIND SPEED 4.5
HIGHEST WIND SPEED/DIRECTION 26/110 DATE 05/10
HIGHEST GUST SPEED/DIRECTION 44/180 DATE 05/07
SKY COVER
POSSIBLE SUNSHINE (PERCENT) MM
AVERAGE SKY COVER 0.30
NUMBER OF DAYS FAIR 21
NUMBER OF DAYS PC 7
NUMBER OF DAYS CLOUDY 3
AVERAGE RH (PERCENT) 68
WEATHER CONDITIONS. NUMBER OF DAYS WITH
THUNDERSTORM 7 MIXED PRECIP 0
HEAVY RAIN 7 RAIN 7
LIGHT RAIN 13 FREEZING RAIN 0
LT FREEZING RAIN 0 HAIL 0
HEAVY SNOW 0 SNOW 0
LIGHT SNOW 0 SLEET 0
FOG 26 FOG W/VIS <= 1/4 MILE 3
HAZE 18
- INDICATES NEGATIVE NUMBERS.
R INDICATES RECORD WAS SET OR TIED.
MM INDICATES DATA IS MISSING.
T INDICATES TRACE AMOUNT.
$$