806
CXUS54 KOUN 010700
CF6GAG
PRELIMINARY LOCAL CLIMATOLOGICAL DATA (WS FORM: F-6)
STATION: GAGE
MONTH: AUGUST
YEAR: 2020
LATITUDE: 36 17 N
LONGITUDE: 99 46 W
TEMPERATURE IN F: :PCPN: SNOW: WIND :SUNSHINE: SKY :PK WND
================================================================================
1 2 3 4 5 6A 6B 7 8 9 10 11 12 13 14 15 16 17 18
12Z AVG MX 2MIN
DY MAX MIN AVG DEP HDD CDD WTR SNW DPTH SPD SPD DIR MIN PSBL S-S WX SPD DR
================================================================================
1 92 59 76 -4 0 11 0.00 0.0 0 4.5 22 60 M M 0 3 31 60
2 91 62 77 -3 0 12 0.00 0.0 0 6.4 17 40 M M 2 3 22 30
3 85 62 74 -6 0 9 T 0.0 0 4.7 14 350 M M 4 20 100
4 87 64 76 -4 0 11 0.00 0.0 0 12.4 21 160 M M 2 28 160
5 89 63 76 -4 0 11 0.39 0.0 0 10.3 35 170 M M 1 13 42 170
6 94 70 82 2 0 17 0.02 0.0 0 11.3 22 160 M M 4 13 27 170
7 100 68 84 4 0 19 0.00 0.0 0 17.3 32 200 M M 0 40 200
8 101 70 86 6 0 21 0.00 0.0 0 17.0 29 210 M M 0 38 200
9 101 76 89 9 0 24 0.00 0.0 0 17.5 29 200 M M 0 34 190
10 101 68 85 5 0 20 0.39 0.0 0 15.1 39 320 M M 1 138 71 290
11 95 63 79 -1 0 14 0.00 0.0 0 7.7 15 110 M M 0 21 100
12 98 72 85 5 0 20 0.09 0.0 0 12.7 24 170 M M 1 1 31 170
13 100 69 85 5 0 20 0.00 0.0 M 9.4 17 40 M M 0 22 90
14 97 73 85 5 0 20 0.00 0.0 0 7.1 16 50 M M 3 21 70
15 91 68 80 0 0 15 0.00 0.0 0 7.7 14 90 M M 1 12 21 50
16 80 64 72 -8 0 7 0.20 0.0 0 6.1 26 210 M M 1 13 32 210
17 94 63 79 0 0 14 0.00 0.0 0 6.0 15 50 M M 0 1 18 60
18 95 60 78 -1 0 13 0.00 0.0 0 4.8 12 140 M M 0 15 350
19 91 63 77 -2 0 12 0.00 0.0 0 8.1 18 170 M M 0 25 170
20 92 63 78 -1 0 13 T 0.0 0 8.1 17 180 M M 2 22 200
21 91 64 78 -1 0 13 0.00 0.0 0 10.8 23 180 M M 0 28 190
22 97 62 80 1 0 15 0.00 0.0 0 9.5 20 190 M M 0 26 160
23 97 68 83 5 0 18 0.00 0.0 0 11.0 18 160 M M 0 24 190
24 98 60 79 1 0 14 0.00 0.0 0 11.1 22 180 M M 0 28 180
25 96 66 81 3 0 16 0.00 0.0 0 11.1 20 180 M M 0 25 170
26 98 62 80 2 0 15 0.00 0.0 0 11.0 21 160 M M 1 27 190
27 100 68 84 6 0 19 0.00 0.0 0 12.2 21 200 M M 0 29 200
28 110 69 90 13 0 25 0.00 0.0 M 9.6 15 170 M M 0 8 21 240
29 M M M M M M M M M M M M M M M M M
30 M M M M M M M M M M M M M M M M M
31 M M M M M M 0.00 0.0 M 8.3 18 210 M M 0 8 23 280
================================================================================
SM 2661 1839 0 438 1.09 0.0 288.8 M 23
================================================================================
AV 95.0 65.7 10.0 FASTST M M 1 MAX(MPH)
MISC ----> # 39 320 # 71 290
================================================================================
NOTES:
# LAST OF SEVERAL OCCURRENCES
COLUMN 17 PEAK WIND IN M.P.H.
PRELIMINARY LOCAL CLIMATOLOGICAL DATA (WS FORM: F-6) , PAGE 2
STATION: GAGE
MONTH: AUGUST
YEAR: 2020
LATITUDE: 36 17 N
LONGITUDE: 99 46 W
[TEMPERATURE DATA] [PRECIPITATION DATA] SYMBOLS USED IN COLUMN 16
AVERAGE MONTHLY: 80.4 TOTAL FOR MONTH: 1.09 1 = FOG OR MIST
DPTR FM NORMAL: 1.2 DPTR FM NORMAL: -1.30 2 = FOG REDUCING VISIBILITY
HIGHEST: 110 ON 28 GRTST 24HR 0.39 ON 10-10 TO 1/4 MILE OR LESS
LOWEST: 59 ON 1 3 = THUNDER
SNOW, ICE PELLETS, HAIL 4 = ICE PELLETS
TOTAL MONTH: 0.0 INCH 5 = HAIL
GRTST 24HR 0.0 6 = FREEZING RAIN OR DRIZZLE
GRTST DEPTH: 0 7 = DUSTSTORM OR SANDSTORM:
VSBY 1/2 MILE OR LESS
8 = SMOKE OR HAZE
[NO. OF DAYS WITH] [WEATHER - DAYS WITH] 9 = BLOWING SNOW
X = TORNADO
MAX 32 OR BELOW: 0 0.01 INCH OR MORE: 5
MAX 90 OR ABOVE: 24 0.10 INCH OR MORE: 3
MIN 32 OR BELOW: 0 0.50 INCH OR MORE: 0
MIN 0 OR BELOW: 0 1.00 INCH OR MORE: 0
[HDD (BASE 65) ]
TOTAL THIS MO. 0 CLEAR (SCALE 0-3) 27
DPTR FM NORMAL -1 PTCLDY (SCALE 4-7) 2
TOTAL FM JUL 1 0 CLOUDY (SCALE 8-10) 0
DPTR FM NORMAL -1
[CDD (BASE 65) ]
TOTAL THIS MO. 438
DPTR FM NORMAL -3 [PRESSURE DATA]
TOTAL FM JAN 1 1680 HIGHEST SLP M ON M
DPTR FM NORMAL 299 LOWEST SLP 28.40 ON 31
[REMARKS]
#FINAL-08-20#