000
CXUS53 KDDC 031324
CLMGCK
CLIMATE REPORT
NATIONAL WEATHER SERVICE DODGE CITY, KANSAS
824 AM CDT MON APR 03 2023
...................................
...THE GARDEN CITY REGIONAL ARPT KS CLIMATE SUMMARY FOR THE MONTH OF MARCH 2023...
CLIMATE NORMAL PERIOD 1991 TO 2020
CLIMATE RECORD PERIOD 1948 TO 2023
WEATHER OBSERVED NORMAL DEPART LAST YEAR`S
VALUE DATE(S) VALUE FROM VALUE DATE(S)
NORMAL
................................................................
TEMPERATURE (F)
RECORD
HIGH 93 03/19/2017
03/10/1989
03/19/1972
LOW -22 03/11/1948
HIGHEST 80 03/22 MM MM 79 03/02
03/04
03/29
LOWEST 10 03/18 MM MM 10 03/11
03/19
AVG. MAXIMUM 55.8 59.0 -3.2 58.9
AVG. MINIMUM 25.8 29.0 -3.2 25.7
MEAN 40.8 44.0 -3.2 42.3
DAYS MAX >= 90 0 0.1 -0.1 0
DAYS MAX <= 32 0 1.3 -1.3 1
DAYS MIN <= 32 26 19.4 6.6 27
DAYS MIN <= 0 0 0.2 -0.2 0
PRECIPITATION (INCHES)
RECORD
MAXIMUM 7.25 1973
MINIMUM T 2016
TOTALS 0.01 1.07 -1.06 0.11
DAYS >= .01 1 4.7 -3.7 2
DAYS >= .10 0 2.0 -2.0 1
DAYS >= .50 0 0.7 -0.7 0
DAYS >= 1.00 0 0.2 -0.2 0
GREATEST
24 HR. TOTAL 0.01 03/27 TO 03/27 0.10 03/21 TO 03/21
DEGREE DAYS
HEATING TOTAL 742 652 90 698
SINCE 7/1 4799 4644 155 4326
COOLING TOTAL 0 1 -1 0
SINCE 1/1 0 1 -1 0
................................................................
WIND (MPH)
AVERAGE WIND SPEED 14.0
RESULTANT WIND SPEED/DIRECTION 2/060
HIGHEST WIND SPEED/DIRECTION 48/360 DATE 03/16
HIGHEST GUST SPEED/DIRECTION 64/350 DATE 03/16
SKY COVER
POSSIBLE SUNSHINE (PERCENT) MM
AVERAGE SKY COVER 0.31
NUMBER OF DAYS FAIR 19
NUMBER OF DAYS PC 8
NUMBER OF DAYS CLOUDY 4
AVERAGE RH (PERCENT) 60
WEATHER CONDITIONS. NUMBER OF DAYS WITH
THUNDERSTORM 0 MIXED PRECIP 0
HEAVY RAIN 0 RAIN 1
LIGHT RAIN 3 FREEZING RAIN 0
LT FREEZING RAIN 0 HAIL 0
HEAVY SNOW 0 SNOW 0
LIGHT SNOW 1 SLEET 0
FOG 9 FOG W/VIS <= 1/4 MILE 3
HAZE 3
- INDICATES NEGATIVE NUMBERS.
R INDICATES RECORD WAS SET OR TIED.
MM INDICATES DATA IS MISSING.
T INDICATES TRACE AMOUNT.
$$