000
CXUS51 KPHI 011551
CF6GED
PRELIMINARY LOCAL CLIMATOLOGICAL DATA (WS FORM: F-6)
STATION: GEORGETOWN DE
MONTH: JANUARY
YEAR: 2024
LATITUDE: 38 41 N
LONGITUDE: 75 22 W
TEMPERATURE IN F: :PCPN: SNOW: WIND :SUNSHINE: SKY :PK WND
================================================================================
1 2 3 4 5 6A 6B 7 8 9 10 11 12 13 14 15 16 17 18
12Z AVG MX 2MIN
DY MAX MIN AVG DEP HDD CDD WTR SNW DPTH SPD SPD DIR MIN PSBL S-S WX SPD DR
================================================================================
1 47 32 40 2 25 0 T M M 2.6 13 20 M M M 17 80
2 42 27 35 -3 30 0 0.00 M M 4.6 14 340 M M M 22 330
3 45 25 35 -3 30 0 0.00 M M 1.6 10 10 M M 0 14 10
4 45 31 38 0 27 0 0.00 M M 4.1 15 320 M M 5 24 320
5 38 24 31 -6 34 0 0.00 M M 2.7 12 360 M M 0 15 340
6 51 24 38 1 27 0 0.78 M M 7.1 24 110 M M 7 18 33 110
7 50 36 43 6 22 0 0.00 M M 9.3 18 290 M M 7 18 31 300
8 49 28 39 2 26 0 0.00 M M 4.2 16 20 M M 1 22 10
9 60 27 44 7 21 0 2.54 M M 15.9 41 160 M M 7 1 57 160
10 60 38 49 12 16 0 0.01 M M 11.3 29 230 M M 4 40 210
11 50 29 40 3 25 0 0.00 M M 4.5 15 210 M M 0 19 320
12 58 28 43 6 22 0 0.29 M M 10.4 33 170 M M 2 1 44 170
13 62 33 48 11 17 0 0.25 M M 12.3 29 170 M M 5 1 40 170
14 51 27 39 2 26 0 T M M 8.9 31 230 M M 1 43 240
15 32 25 29 -8 36 0 0.21 M M 5.3 13 30 M M 9 146 16 30
16 41 21 31 -6 34 0 0.20 M M 8.2 20 70 M M 8 16 25 330
17 29 17 23 -13 42 0 0.00 M M 8.0 16 280 M M 0 23 310
18 39 18 29 -7 36 0 0.00 M M 2.5 9 160 M M 2 11 160
19 37 25 31 -5 34 0 0.31 M M 5.8 14 330 M M 10 12 20 340
20 26 20 23 -13 42 0 T M M 8.0 17 290 M M 5 19 27 310
21 33 19 26 -10 39 0 0.00 M M 6.7 16 290 M M 1 28 320
22 37 14 26 -10 39 0 0.00 M M 4.0 14 230 M M 0 19 130
23 49 27 38 2 27 0 0.00 M M 3.3 8 150 M M 0 10 220
24 63 32 48 11 17 0 0.00 M M 6.4 15 200 M M 8 1 21 180
25 66 57 62 25 3 0 0.03 M M 9.2 20 210 M M 10 12 27 210
26 73 47 60 23 5 0 0.00 M M 9.2 24 230 M M 7 12 32 230
27 58 43 51 14 14 0 0.02 M M 5.5 13 100 M M 6 12 16 90
28 46 40 43 6 22 0 1.00 M M 10.7 24 70 M M 10 1 32 70
29 43 39 41 4 24 0 0.00 M M 6.8 16 320 M M 10 1 25 340
30 41 36 39 2 26 0 T M M 4.7 14 30 M M 10 1 18 20
31 46 29 38 1 27 0 0.00 M M 5.5 14 80 M M 7 1 16 60
================================================================================
SM 1467 918 815 0 5.64 M 209.3 M 142
================================================================================
AV 47.3 29.6 6.8 FASTST M M 5 MAX(MPH)
MISC ----> 41 160 57 160
================================================================================
NOTES:
# LAST OF SEVERAL OCCURRENCES
COLUMN 17 PEAK WIND IN M.P.H.
PRELIMINARY LOCAL CLIMATOLOGICAL DATA (WS FORM: F-6) , PAGE 2
STATION: GEORGETOWN DE
MONTH: JANUARY
YEAR: 2024
LATITUDE: 38 41 N
LONGITUDE: 75 22 W
[TEMPERATURE DATA] [PRECIPITATION DATA] SYMBOLS USED IN COLUMN 16
AVERAGE MONTHLY: 38.5 TOTAL FOR MONTH: 5.64 1 = FOG OR MIST
DPTR FM NORMAL: 1.6 DPTR FM NORMAL: 2.63 2 = FOG REDUCING VISIBILITY
HIGHEST: 73 ON 26 GRTST 24HR 2.54 ON 9- 9 TO 1/4 MILE OR LESS
LOWEST: 14 ON 22 3 = THUNDER
SNOW, ICE PELLETS, HAIL 4 = ICE PELLETS
TOTAL MONTH: M 5 = HAIL
GRTST 24HR M ON M 6 = FREEZING RAIN OR DRIZZLE
GRTST DEPTH: M ON M 7 = DUSTSTORM OR SANDSTORM:
VSBY 1/2 MILE OR LESS
8 = SMOKE OR HAZE
[NO. OF DAYS WITH] [WEATHER - DAYS WITH] 9 = BLOWING SNOW
X = TORNADO
MAX 32 OR BELOW: 3 0.01 INCH OR MORE: 11
MAX 90 OR ABOVE: 0 0.10 INCH OR MORE: 8
MIN 32 OR BELOW: 22 0.50 INCH OR MORE: 3
MIN 0 OR BELOW: 0 1.00 INCH OR MORE: 2
[HDD (BASE 65) ]
TOTAL THIS MO. 815 CLEAR (SCALE 0-3) 11
DPTR FM NORMAL -56 PTCLDY (SCALE 4-7) 12
TOTAL FM JUL 1 2203 CLOUDY (SCALE 8-10) 8
DPTR FM NORMAL -112
[CDD (BASE 65) ]
TOTAL THIS MO. 0
DPTR FM NORMAL 0 [PRESSURE DATA]
TOTAL FM JAN 1 0 HIGHEST SLP 30.65 ON 22
DPTR FM NORMAL 0 LOWEST SLP 29.11 ON 10
[REMARKS]
#FINAL-01-24#