483
CXUS51 KPHI 010915
CF6GED
PRELIMINARY LOCAL CLIMATOLOGICAL DATA (WS FORM: F-6)
STATION: GEORGETOWN DE
MONTH: OCTOBER
YEAR: 2020
LATITUDE: 38 41 N
LONGITUDE: 75 22 W
TEMPERATURE IN F: :PCPN: SNOW: WIND :SUNSHINE: SKY :PK WND
================================================================================
1 2 3 4 5 6A 6B 7 8 9 10 11 12 13 14 15 16 17 18
12Z AVG MX 2MIN
DY MAX MIN AVG DEP HDD CDD WTR SNW DPTH SPD SPD DIR MIN PSBL S-S WX SPD DR
================================================================================
1 78 56 67 4 0 2 0.03 M M 4.7 10 340 M M 2 14 340
2 70 52 61 -1 4 0 0.03 M M 4.7 15 50 M M 5 24 310
3 69 47 58 -4 7 0 0.00 M M 2.3 12 300 M M 0 16 280
4 71 43 57 -5 8 0 0.00 M M 3.0 15 70 M M 1 23 100
5 72 49 61 0 4 0 0.01 M M 3.4 12 30 M M 4 16 30
6 74 45 60 -1 5 0 0.00 M M 4.6 13 220 M M 1 16 220
7 81 55 68 7 0 3 0.00 M M 8.3 22 230 M M 0 1 33 250
8 71 47 59 -1 6 0 0.00 M M 3.7 15 310 M M 1 23 300
9 73 44 59 -1 6 0 0.00 M M 3.8 13 220 M M 0 17 210
10 74 56 65 5 0 0 T M M 9.3 17 220 M M 2 22 220
11 75 67 71 12 0 6 0.45 M M 5.7 16 120 M M 10 1 22 110
12 68 66 67 8 0 2 1.22 M M 13.7 24 70 M M 10 1 32 80
13 69 53 61 2 4 0 0.00 M M 4.9 12 320 M M 8 1 18 300
14 74 50 62 4 3 0 0.00 M M 4.2 12 230 M M 0 15 220
15 78 53 66 8 0 1 0.00 M M 9.9 21 210 M M 0 28 210
16 68 53 61 3 4 0 1.06 M M 7.1 20 360 M M 8 1 30 350
17 62 42 52 -5 13 0 0.01 M M 4.5 16 10 M M 1 23 360
18 69 38 54 -3 11 0 0.00 M M 3.4 17 130 M M 2 22 110
19 74 48 61 4 4 0 0.02 M M 4.2 14 120 M M 3 1 17 110
20 76 64 70 14 0 5 0.02 M M 3.3 9 140 M M 8 12 13 30
21 83 62 73 17 0 8 0.00 M M 4.2 14 200 M M 4 12 18 180
22 83 58 71 15 0 6 0.00 M M 2.4 14 120 M M 3 12 21 180
23 72 59 66 11 0 1 0.00 M M 4.2 10 100 M M M 12 12 140
24 80 58 69 14 0 4 0.00 M M 5.9 14 20 M M M 1 20 10
25 59 50 55 0 10 0 0.55 M M 9.5 17 50 M M M 1 22 70
26 73 56 65 11 0 0 0.08 M M 4.0 10 20 M M 9 12 13 30
27 68 58 63 9 2 0 0.00 M M 3.5 14 10 M M 9 1 16 360
28 72 60 66 12 0 1 T M M 5.9 16 230 M M 8 1 20 230
29 75 56 66 12 0 1 1.77 M M 8.2 29 210 M M 10 1 39 200
30 56 45 51 -2 14 0 0.77 M M 7.8 17 60 M M 8 18 24 30
31 52 37 45 -8 20 0 0.00 M M 4.3 15 40 M M 3 19 20
================================================================================
SM 2219 1627 125 40 6.02 M 168.6 M 120
================================================================================
AV 71.6 52.5 5.4 FASTST M M 4 MAX(MPH)
MISC ----> 29 210 39 200
================================================================================
NOTES:
# LAST OF SEVERAL OCCURRENCES
COLUMN 17 PEAK WIND IN M.P.H.
PRELIMINARY LOCAL CLIMATOLOGICAL DATA (WS FORM: F-6) , PAGE 2
STATION: GEORGETOWN DE
MONTH: OCTOBER
YEAR: 2020
LATITUDE: 38 41 N
LONGITUDE: 75 22 W
[TEMPERATURE DATA] [PRECIPITATION DATA] SYMBOLS USED IN COLUMN 16
AVERAGE MONTHLY: 62.0 TOTAL FOR MONTH: 6.02 1 = FOG OR MIST
DPTR FM NORMAL: 4.2 DPTR FM NORMAL: 2.30 2 = FOG REDUCING VISIBILITY
HIGHEST: 83 ON 22,21 GRTST 24HR 1.77 ON 29-29 TO 1/4 MILE OR LESS
LOWEST: 37 ON 31 3 = THUNDER
SNOW, ICE PELLETS, HAIL 4 = ICE PELLETS
TOTAL MONTH: M 5 = HAIL
GRTST 24HR M ON M 6 = FREEZING RAIN OR DRIZZLE
GRTST DEPTH: M ON M 7 = DUSTSTORM OR SANDSTORM:
VSBY 1/2 MILE OR LESS
8 = SMOKE OR HAZE
[NO. OF DAYS WITH] [WEATHER - DAYS WITH] 9 = BLOWING SNOW
X = TORNADO
MAX 32 OR BELOW: 0 0.01 INCH OR MORE: 13
MAX 90 OR ABOVE: 0 0.10 INCH OR MORE: 6
MIN 32 OR BELOW: 0 0.50 INCH OR MORE: 5
MIN 0 OR BELOW: 0 1.00 INCH OR MORE: 3
[HDD (BASE 65) ]
TOTAL THIS MO. 125 CLEAR (SCALE 0-3) 15
DPTR FM NORMAL -123 PTCLDY (SCALE 4-7) 7
TOTAL FM JUL 1 160 CLOUDY (SCALE 8-10) 9
DPTR FM NORMAL -125
[CDD (BASE 65) ]
TOTAL THIS MO. 40
DPTR FM NORMAL 17 [PRESSURE DATA]
TOTAL FM JAN 1 1589 HIGHEST SLP 30.55 ON 31
DPTR FM NORMAL 395 LOWEST SLP 29.27 ON 29
[REMARKS]
#FINAL-10-20#