000
CXUS55 KRIW 011010
CF6GEY
PRELIMINARY LOCAL CLIMATOLOGICAL DATA (WS FORM: F-6)
STATION: GREYBULL WY
MONTH: AUGUST
YEAR: 2022
LATITUDE: 44 30 N
LONGITUDE: 108 4 W
TEMPERATURE IN F: :PCPN: SNOW: WIND :SUNSHINE: SKY :PK WND
================================================================================
1 2 3 4 5 6A 6B 7 8 9 10 11 12 13 14 15 16 17 18
12Z AVG MX 2MIN
DY MAX MIN AVG DEP HDD CDD WTR SNW DPTH SPD SPD DIR MIN PSBL S-S WX SPD DR
================================================================================
1 101 60 81 5 0 16 0.00 M M 4.2 20 340 M M 0 25 330
2 85 68 77 1 0 12 T M M 6.4 20 160 M M 2 29 160
3 93 56 75 -1 0 10 0.00 M M 4.6 14 180 M M 0 20 190
4 98 59 79 4 0 14 0.00 M M 6.7 17 150 M M 0 23 150
5 90 68 79 4 0 14 T M M 7.4 26 330 M M 2 33 340
6 70 54 62 -13 3 0 0.50 M M 10.0 21 310 M M 10 1 28 300
7 80 54 67 -8 0 2 0.00 M M 4.2 12 160 M M 4 16 130
8 93 54 74 -1 0 9 0.00 M M 3.0 10 130 M M 0 1 14 180
9 99 56 78 4 0 13 0.00 M M 3.3 10 90 M M 0 15 100
10 103 60 82 8 0 17 0.00 M M 4.7 14 270 M M 0 18 160
11 95 64 80 6 0 15 T M M 8.4 23 310 M M 1 30 310
12 95 69 82 8 0 17 T M M 6.5 25 90 M M 1 3 33 100
13 95 61 78 4 0 13 T M M 8.2 39 320 M M 1 53 330
14 92 63 78 5 0 13 0.62 M M 5.9 31 330 M M 2 3 39 330
15 92 59 76 3 0 11 0.00 M M 3.4 20 50 M M 0 26 40
16 94 63 79 6 0 14 0.00 M M 3.7 14 100 M M 0 18 110
17 97 60 79 7 0 14 0.00 M M 7.1 25 330 M M 0 32 340
18 93 58 76 4 0 11 0.00 M M 6.8 20 330 M M 0 24 330
19 91 59 75 3 0 10 0.00 M M 5.0 15 320 M M 0 21 310
20 92 57 75 4 0 10 0.00 M M 3.6 12 160 M M 0 18 140
21 97 53 75 4 0 10 0.00 M M 4.8 17 310 M M 0 23 340
22 93 62 78 7 0 13 0.00 M M 6.7 28 300 M M 0 37 310
23 92 60 76 6 0 11 0.00 M M 4.1 20 330 M M 0 3 27 290
24 89 60 75 5 0 10 0.03 M M 7.9 29 250 M M 2 3 41 250
25 77 62 70 0 0 5 0.06 M M 5.3 17 250 M M 6 3 22 250
26 90 58 74 5 0 9 0.08 M M 7.1 33 300 M M 1 3 48 310
27 90 53 72 3 0 7 0.00 M M 4.1 31 340 M M 0 3 42 330
28 81 58 70 1 0 5 0.00 M M 7.8 20 330 M M 1 25 320
29 87 48 68 0 0 3 0.00 M M 3.4 9 320 M M 0 13 150
30 95 52 74 6 0 9 0.00 M M 2.2 12 330 M M 0 17 360
31 98 52 75 7 0 10 0.00 M M 3.5 15 10 M M 0 20 20
================================================================================
SM 2837 1820 3 327 1.29 M 170.0 M 33
================================================================================
AV 91.5 58.7 5.5 FASTST M M 1 MAX(MPH)
MISC ----> 39 320 53 330
================================================================================
NOTES:
# LAST OF SEVERAL OCCURRENCES
COLUMN 17 PEAK WIND IN M.P.H.
PRELIMINARY LOCAL CLIMATOLOGICAL DATA (WS FORM: F-6) , PAGE 2
STATION: GREYBULL WY
MONTH: AUGUST
YEAR: 2022
LATITUDE: 44 30 N
LONGITUDE: 108 4 W
[TEMPERATURE DATA] [PRECIPITATION DATA] SYMBOLS USED IN COLUMN 16
AVERAGE MONTHLY: 75.1 TOTAL FOR MONTH: 1.29 1 = FOG OR MIST
DPTR FM NORMAL: 2.8 DPTR FM NORMAL: 1.06 2 = FOG REDUCING VISIBILITY
HIGHEST: 103 ON 10 GRTST 24HR 0.62 ON 14-14 TO 1/4 MILE OR LESS
LOWEST: 48 ON 29 3 = THUNDER
SNOW, ICE PELLETS, HAIL 4 = ICE PELLETS
TOTAL MONTH: M 5 = HAIL
GRTST 24HR M ON M 6 = FREEZING RAIN OR DRIZZLE
GRTST DEPTH: M ON M 7 = DUSTSTORM OR SANDSTORM:
VSBY 1/2 MILE OR LESS
8 = SMOKE OR HAZE
[NO. OF DAYS WITH] [WEATHER - DAYS WITH] 9 = BLOWING SNOW
X = TORNADO
MAX 32 OR BELOW: 0 0.01 INCH OR MORE: 5
MAX 90 OR ABOVE: 24 0.10 INCH OR MORE: 2
MIN 32 OR BELOW: 0 0.50 INCH OR MORE: 2
MIN 0 OR BELOW: 0 1.00 INCH OR MORE: 0
[HDD (BASE 65) ]
TOTAL THIS MO. 3 CLEAR (SCALE 0-3) 28
DPTR FM NORMAL -12 PTCLDY (SCALE 4-7) 2
TOTAL FM JUL 1 3 CLOUDY (SCALE 8-10) 1
DPTR FM NORMAL -13
[CDD (BASE 65) ]
TOTAL THIS MO. 327
DPTR FM NORMAL 86 [PRESSURE DATA]
TOTAL FM JAN 1 847 HIGHEST SLP 30.22 ON 7
DPTR FM NORMAL 151 LOWEST SLP 29.49 ON 27
[REMARKS]
#FINAL-08-22#