713
CXUS55 KALY 010710
CF6GFL
PRELIMINARY LOCAL CLIMATOLOGICAL DATA (WS FORM: F-6)
STATION: GLENS FALLS NY
MONTH: JUNE
YEAR: 2020
LATITUDE: 43 20 N
LONGITUDE: 73 37 W
TEMPERATURE IN F: :PCPN: SNOW: WIND :SUNSHINE: SKY :PK WND
================================================================================
1 2 3 4 5 6A 6B 7 8 9 10 11 12 13 14 15 16 17 18
12Z AVG MX 2MIN
DY MAX MIN AVG DEP HDD CDD WTR SNW DPTH SPD SPD DIR MIN PSBL S-S WX SPD DR
================================================================================
1 61 33 47 -13 18 0 T M M 2.7 14 310 M M 7 12 20 350
2 67 38 53 -8 12 0 T M M 3.8 16 160 M M 8 1 20 160
3 76 54 65 4 0 0 0.00 M M 4.4 17 240 M M 6 1 23 230
4 87 47 67 6 0 2 0.00 M M 4.9 17 230 M M 3 12 24 210
5 85 64 75 13 0 10 T M M 7.3 18 160 M M 4 26 160
6 84 58 71 9 0 6 T M M 8.1 30 340 M M 5 1 44 350
7 70 47 59 -3 6 0 T M M 6.5 21 350 M M 5 29 350
8 77 40 59 -3 6 0 0.00 M M 5.8 18 340 M M 0 1 25 350
9 81 54 68 5 0 3 0.00 M M 5.8 16 50 M M 5 19 130
10 81 53 67 4 0 2 0.09 M M 4.9 15 160 M M 6 3 19 150
11 84 52 68 5 0 3 0.55 M M 9.6 21 250 M M 5 1 29 250
12 77 47 62 -2 3 0 0.00 M M 7.3 22 250 M M 1 1 29 230
13 58 42 50 -14 15 0 T M M 6.5 17 320 M M 6 1 26 350
14 67 37 52 -12 13 0 0.00 M M 3.6 15 340 M M 6 12 18 330
15 74 44 59 -5 6 0 0.00 M M 2.0 14 310 M M 3 1 15 320
16 80 41 61 -4 4 0 0.00 M M 2.1 9 330 M M 0 1 13 190
17 85 45 65 0 0 0 0.00 M M 1.6 9 330 M M 0 12 12 210
18 86 50 68 3 0 3 0.00 M M 3.8 13 200 M M 0 12 15 190
19 87 62 75 10 0 10 0.00 M M 4.6 13 210 M M 2 18 16 160
20 89 61 75 9 0 10 0.00 M M 2.5 10 120 M M 1 14 220
21 89 61 75 9 0 10 0.00 M M 4.1 12 200 M M 0 18 16 200
22 92 63 78 12 0 13 0.00 M M 3.6 13 200 M M 2 8 17 140
23 91 65 78 12 0 13 T M M 7.5 18 190 M M 1 1 27 200
24 80 57 69 3 0 4 0.58 M M 7.8 16 220 M M 4 13 23 220
25 81 50 66 -1 0 1 0.00 M M 6.6 18 210 M M 2 1 24 210
26 83 57 70 3 0 5 0.00 M M 4.6 18 300 M M 3 25 220
27 73 50 62 -5 3 0 0.01 M M 3.9 14 200 M M 5 12 19 170
28 79 63 71 4 0 6 0.51 M M 4.4 15 10 M M 8 13 18 10
29 78 63 71 3 0 6 0.05 M M 6.7 21 40 M M 7 13 25 40
30 79 59 69 1 0 4 T M M 6.4 17 80 M M 7 1 22 70
================================================================================
SM 2381 1557 86 111 1.79 M 153.4 M 112
================================================================================
AV 79.4 51.9 5.1 FASTST M M 4 MAX(MPH)
MISC ----> 30 340 44 350
================================================================================
NOTES:
# LAST OF SEVERAL OCCURRENCES
COLUMN 17 PEAK WIND IN M.P.H.
PRELIMINARY LOCAL CLIMATOLOGICAL DATA (WS FORM: F-6) , PAGE 2
STATION: GLENS FALLS NY
MONTH: JUNE
YEAR: 2020
LATITUDE: 43 20 N
LONGITUDE: 73 37 W
[TEMPERATURE DATA] [PRECIPITATION DATA] SYMBOLS USED IN COLUMN 16
AVERAGE MONTHLY: 65.6 TOTAL FOR MONTH: 1.79 1 = FOG OR MIST
DPTR FM NORMAL: 1.3 DPTR FM NORMAL: -1.76 2 = FOG REDUCING VISIBILITY
HIGHEST: 92 ON 22 GRTST 24HR 0.64 ON 10-11 TO 1/4 MILE OR LESS
LOWEST: 33 ON 1 3 = THUNDER
SNOW, ICE PELLETS, HAIL 4 = ICE PELLETS
TOTAL MONTH: M 5 = HAIL
GRTST 24HR M ON M 6 = FREEZING RAIN OR DRIZZLE
GRTST DEPTH: M ON M 7 = DUSTSTORM OR SANDSTORM:
VSBY 1/2 MILE OR LESS
8 = SMOKE OR HAZE
[NO. OF DAYS WITH] [WEATHER - DAYS WITH] 9 = BLOWING SNOW
X = TORNADO
MAX 32 OR BELOW: 0 0.01 INCH OR MORE: 6
MAX 90 OR ABOVE: 2 0.10 INCH OR MORE: 3
MIN 32 OR BELOW: 0 0.50 INCH OR MORE: 3
MIN 0 OR BELOW: 0 1.00 INCH OR MORE: 0
[HDD (BASE 65) ]
TOTAL THIS MO. 86 CLEAR (SCALE 0-3) 12
DPTR FM NORMAL -4 PTCLDY (SCALE 4-7) 18
TOTAL FM JUL 1 7223 CLOUDY (SCALE 8-10) 0
DPTR FM NORMAL -452
[CDD (BASE 65) ]
TOTAL THIS MO. 111
DPTR FM NORMAL 42 [PRESSURE DATA]
TOTAL FM JAN 1 156 HIGHEST SLP M ON M
DPTR FM NORMAL 75 LOWEST SLP 29.51 ON 3
[REMARKS]
#FINAL-06-20#