000
CXUS51 KALY 051642
CLSGFL
CLIMATE REPORT
NATIONAL WEATHER SERVICE ALBANY NY
1142 AM EST SUN MAR 05 2023
...................................
...THE GLENS FALLS NY CLIMATE SUMMARY FOR THE SEASON, FROM
12/1/2022 TO 2/28/2023...
CLIMATE NORMAL PERIOD: 1991 TO 2020
CLIMATE RECORD PERIOD: 1893 TO 2023
WEATHER OBSERVED NORMAL DEPART LAST YEAR`S
VALUE DATE(S) VALUE FROM VALUE DATE(S)
NORMAL
................................................................
TEMPERATURE (F)
RECORD
HIGH 70 02/25/2017
LOW -36 01/05/1904
HIGHEST 59 02/15 60 12/17
LOWEST -24 02/04 -15 01/22
AVG. MAXIMUM 36.9 32.7 4.2 33.6
AVG. MINIMUM 19.5 12.8 6.7 13.6
MEAN 28.2 22.7 5.5 23.6
DAYS MAX >= 90 0 0.0 0.0 0
DAYS MAX <= 32 27 42.2 -15.2 41
DAYS MIN <= 32 85 84.5 0.5 86
DAYS MIN <= 0 4 16.4 -12.4 16
PRECIPITATION (INCHES)
RECORD
MAXIMUM 13.50 1903
MINIMUM 3.23 1980
TOTALS 9.28 7.52 1.76 6.17
DAILY AVG. 0.10 0.07
DAYS >= .01 34 31.9 2.1 28
DAYS >= .10 23 16.5 6.5 15
DAYS >= .50 6 5.0 1.0 5
DAYS >= 1.00 1 1.0 0.0 0
GREATEST
24 HR. TOTAL 1.54 01/12 TO 01/13
DEGREE DAYS
HEATING TOTAL 3289 3801 -512 3700
SINCE 7/1 4740 5407 -667 5117
COOLING TOTAL 0 0 0 0
SINCE 1/1 0 0 0 0
................................................................
WIND (MPH)
AVERAGE WIND SPEED 5.3
HIGHEST WIND SPEED/DIRECTION 32/300 DATE 02/03
HIGHEST GUST SPEED/DIRECTION 45/290 DATE 02/03
WEATHER CONDITIONS. NUMBER OF DAYS WITH
THUNDERSTORM 2 MIXED PRECIP 0
HEAVY RAIN 1 RAIN 7
LIGHT RAIN 23 FREEZING RAIN 4
LT FREEZING RAIN 5 HAIL 0
HEAVY SNOW 0 SNOW 5
LIGHT SNOW 28 SLEET 0
FOG 41 FOG W/VIS <= 1/4 MILE 5
HAZE 3
- INDICATES NEGATIVE NUMBERS.
R INDICATES RECORD WAS SET OR TIED.
MM INDICATES DATA IS MISSING.
T INDICATES TRACE AMOUNT.
$$