000
CXUS55 KGGW 010810
CF6GGW
PRELIMINARY LOCAL CLIMATOLOGICAL DATA (WS FORM: F-6)
STATION: GLASGOW MT
MONTH: AUGUST
YEAR: 2023
LATITUDE: 48 13 N
LONGITUDE: 106 37 W
TEMPERATURE IN F: :PCPN: SNOW: WIND :SUNSHINE: SKY :PK WND
================================================================================
1 2 3 4 5 6A 6B 7 8 9 10 11 12 13 14 15 16 17 18
12Z AVG MX 2MIN
DY MAX MIN AVG DEP HDD CDD WTR SNW DPTH SPD SPD DIR MIN PSBL S-S WX SPD DR
================================================================================
1 98 71 85 11 0 20 0.00 0.0 0 14.0 30 110 M M 0 37 120
2 99 61 80 6 0 15 0.00 0.0 0 7.5 14 70 M M 0 21 350
3 98 67 83 9 0 18 0.00 0.0 0 12.9 26 150 M M 0 37 150
4 86 64 75 1 0 10 0.00 0.0 0 10.2 22 110 M M 0 28 110
5 85 58 72 -2 0 7 0.01 0.0 0 6.7 25 290 M M 4 3 33 290
6 87 55 71 -3 0 6 0.00 0.0 0 5.3 21 10 M M 1 26 30
7 88 56 72 -2 0 7 0.00 0.0 0 5.3 13 200 M M 0 8 18 280
8 88 59 74 1 0 9 0.00 0.0 0 7.1 22 20 M M 1 3 31 320
9 92 66 79 6 0 14 T 0.0 0 10.8 25 110 M M 2 34 110
10 88 63 76 3 0 11 0.03 0.0 0 12.5 25 310 M M 4 35 300
11 85 56 71 -2 0 6 0.00 0.0 0 10.3 22 300 M M 2 31 260
12 84 54 69 -3 0 4 0.08 0.0 0 8.0 28 40 M M 5 1 36 40
13 81 52 67 -5 0 2 0.00 0.0 0 10.2 23 350 M M 4 1 31 350
14 92 55 74 2 0 9 0.00 0.0 0 6.5 14 140 M M 0 24 150
15 103 61 82 10 0 17 0.00 0.0 0 7.7 13 120 M M 0 17 260
16 86 59 73 1 0 8 0.00 0.0 0 15.2 29 320 M M 0 43 320
17 97 57 77 6 0 12 0.00 0.0 0 13.1 22 160 M M 0 30 180
18 101 66 84 13 0 19 T 0.0 M 11.5 32 360 M M 1 42 10
19 74 55 65 -6 0 0 0.00 0.0 0 12.8 29 330 M M 2 39 320
20 65 56 61 -9 4 0 0.36 0.0 0 15.1 20 110 M M 9 1 26 120
21 76 57 67 -3 0 2 0.04 0.0 0 16.1 24 100 M M 6 1 32 110
22 92 64 78 8 0 13 T 0.0 0 9.2 20 110 M M 1 1 26 120
23 91 66 79 10 0 14 T 0.0 0 8.7 17 100 M M 1 21 310
24 88 59 74 5 0 9 T 0.0 0 9.9 23 320 M M 2 33 310
25 79 52 66 -2 0 1 0.00 0.0 0 7.7 14 110 M M 0 8 19 360
26 91 60 76 8 0 11 0.00 0.0 0 9.4 20 120 M M 1 24 120
27 94 57 76 8 0 11 0.00 0.0 0 11.1 23 330 M M 0 8 32 330
28 92 55 74 7 0 9 0.00 0.0 0 7.3 16 300 M M 0 8 23 310
29 96 58 77 10 0 12 0.00 0.0 0 14.0 24 120 M M 0 8 31 120
30 88 59 74 7 0 9 0.01 0.0 0 16.3 38 230 M M 1 8 54 220
31 82 57 70 4 0 5 T 0.0 0 14.0 33 290 M M 4 8 44 300
================================================================================
SM 2746 1835 4 290 0.53 0.0 326.4 M 51
================================================================================
AV 88.6 59.2 10.5 FASTST M M 2 MAX(MPH)
MISC ----> 38 230 54 220
================================================================================
NOTES:
# LAST OF SEVERAL OCCURRENCES
COLUMN 17 PEAK WIND IN M.P.H.
PRELIMINARY LOCAL CLIMATOLOGICAL DATA (WS FORM: F-6) , PAGE 2
STATION: GLASGOW MT
MONTH: AUGUST
YEAR: 2023
LATITUDE: 48 13 N
LONGITUDE: 106 37 W
[TEMPERATURE DATA] [PRECIPITATION DATA] SYMBOLS USED IN COLUMN 16
AVERAGE MONTHLY: 73.9 TOTAL FOR MONTH: 0.53 1 = FOG OR MIST
DPTR FM NORMAL: 2.9 DPTR FM NORMAL: -0.74 2 = FOG REDUCING VISIBILITY
HIGHEST: 103 ON 15 GRTST 24HR 0.36 ON 20-20 TO 1/4 MILE OR LESS
LOWEST: 52 ON 25,13 3 = THUNDER
SNOW, ICE PELLETS, HAIL 4 = ICE PELLETS
TOTAL MONTH: 0.0 INCH 5 = HAIL
GRTST 24HR 0.0 6 = FREEZING RAIN OR DRIZZLE
GRTST DEPTH: 0 7 = DUSTSTORM OR SANDSTORM:
VSBY 1/2 MILE OR LESS
8 = SMOKE OR HAZE
[NO. OF DAYS WITH] [WEATHER - DAYS WITH] 9 = BLOWING SNOW
X = TORNADO
MAX 32 OR BELOW: 0 0.01 INCH OR MORE: 6
MAX 90 OR ABOVE: 14 0.10 INCH OR MORE: 1
MIN 32 OR BELOW: 0 0.50 INCH OR MORE: 0
MIN 0 OR BELOW: 0 1.00 INCH OR MORE: 0
[HDD (BASE 65) ]
TOTAL THIS MO. 4 CLEAR (SCALE 0-3) 24
DPTR FM NORMAL -26 PTCLDY (SCALE 4-7) 6
TOTAL FM JUL 1 13 CLOUDY (SCALE 8-10) 1
DPTR FM NORMAL -28
[CDD (BASE 65) ]
TOTAL THIS MO. 290
DPTR FM NORMAL 74 [PRESSURE DATA]
TOTAL FM JAN 1 752 HIGHEST SLP M ON M
DPTR FM NORMAL 217 LOWEST SLP 29.43 ON 18
[REMARKS]
#FINAL-08-23#