000
CXUS54 KFWD 010831
CF6GOP
PRELIMINARY LOCAL CLIMATOLOGICAL DATA (WS FORM: F-6)
STATION: GATESVILLE
MONTH: NOVEMBER
YEAR: 2021
LATITUDE: 31 25 N
LONGITUDE: 97 48 W
TEMPERATURE IN F: :PCPN: SNOW: WIND :SUNSHINE: SKY :PK WND
================================================================================
1 2 3 4 5 6A 6B 7 8 9 10 11 12 13 14 15 16 17 18
12Z AVG MX 2MIN
DY MAX MIN AVG DEP HDD CDD WTR SNW DPTH SPD SPD DIR MIN PSBL S-S WX SPD DR
================================================================================
1 79 50 65 4 0 0 0.00 M M 2.9 10 150 M M 0 16 160
2 66 55 61 0 4 0 0.00 M M 2.7 8 40 M M 7 M M
3 57 46 52 -8 13 0 1.44 M M 7.3 13 360 M M 10 13 20 360
4 59 41 50 -10 15 0 0.00 M M 4.6 9 10 M M 5 1 14 360
5 61 36 49 -11 16 0 0.00 M M 0.2 5 M M M 0 18 M M
6 68 37 53 -6 12 0 0.00 M M 1.1 5 200 M M 0 18 M M
7 75 41 58 -1 7 0 0.00 M M 3.6 9 150 M M 0 13 160
8 75 50 63 4 2 0 0.00 M M 7.0 15 190 M M 2 16 190
9 73 57 65 7 0 0 0.00 M M 5.5 10 190 M M 2 1 15 170
10 77 59 68 10 0 3 0.00 M M 8.1 16 190 M M 5 25 180
11 70 45 58 0 7 0 M M M 5.2 13 10 M M 0 17 40
12 72 37 55 -2 10 0 0.00 M M 3.8 15 340 M M 0 22 330
13 68 34 51 -6 14 0 0.00 M M 3.0 8 180 M M 0 12 220
14 77 41 59 3 6 0 0.00 M M 1.1 8 240 M M 0 13 240
15 79 45 62 6 3 0 0.00 M M 3.8 12 180 M M 0 16 170
16 79 61 70 14 0 5 0.00 M M 9.9 17 180 M M 3 25 180
17 82 57 70 15 0 5 0.00 M M 10.8 17 200 M M 2 24 200
18 63 39 51 -4 14 0 0.00 M M 10.0 17 20 M M 3 24 350
19 64 36 50 -4 15 0 0.00 M M 1.6 6 160 M M 0 13 99
20 73 45 59 5 6 0 0.00 M M 7.4 17 200 M M 0 27 180
21 72 52 62 8 3 0 0.00 M M 6.4 14 340 M M 5 21 320
22 68 39 54 1 11 0 0.00 M M 2.9 8 320 M M 0 8 15 330
23 70 32 51 -2 14 0 0.00 M M 4.7 12 150 M M 0 18 170
24 75 52 64 12 1 0 M M M 6.7 18 190 M M 5 29 190
25 66 45 56 4 9 0 0.00 M M 10.8 22 350 M M 1 1 29 0
26 52 37 45 -7 20 0 0.00 M M 0.9 7 340 M M 0 M M
27 54 45 50 -1 15 0 0.12 M M 2.7 10 200 M M 5 M M
28 66 41 54 3 11 0 0.00 M M 4.8 13 360 M M 2 17 10
29 73 34 54 3 11 0 0.00 M M 4.1 9 210 M M 0 12 210
30 75 43 59 9 6 0 0.00 M M 4.4 12 180 M M 0 17 210
================================================================================
SM 2088 1332 245 13 1.56 M 148.1 M 57
================================================================================
AV 69.6 44.4 4.9 FASTST M M 2 MAX(MPH)
MISC ----> 22 350 29 190
================================================================================
NOTES:
# LAST OF SEVERAL OCCURRENCES
COLUMN 17 PEAK WIND IN M.P.H.
PRELIMINARY LOCAL CLIMATOLOGICAL DATA (WS FORM: F-6) , PAGE 2
STATION: GATESVILLE
MONTH: NOVEMBER
YEAR: 2021
LATITUDE: 31 25 N
LONGITUDE: 97 48 W
[TEMPERATURE DATA] [PRECIPITATION DATA] SYMBOLS USED IN COLUMN 16
AVERAGE MONTHLY: 57.0 TOTAL FOR MONTH: 1.56 1 = FOG OR MIST
DPTR FM NORMAL: 1.3 DPTR FM NORMAL: M 2 = FOG REDUCING VISIBILITY
HIGHEST: 82 ON 17 GRTST 24HR 1.44 ON 3- 3 TO 1/4 MILE OR LESS
LOWEST: 32 ON 23 3 = THUNDER
SNOW, ICE PELLETS, HAIL 4 = ICE PELLETS
TOTAL MONTH: M 5 = HAIL
GRTST 24HR M ON M 6 = FREEZING RAIN OR DRIZZLE
GRTST DEPTH: M ON M 7 = DUSTSTORM OR SANDSTORM:
VSBY 1/2 MILE OR LESS
8 = SMOKE OR HAZE
[NO. OF DAYS WITH] [WEATHER - DAYS WITH] 9 = BLOWING SNOW
X = TORNADO
MAX 32 OR BELOW: 0 0.01 INCH OR MORE: 2
MAX 90 OR ABOVE: 0 0.10 INCH OR MORE: 2
MIN 32 OR BELOW: 1 0.50 INCH OR MORE: 1
MIN 0 OR BELOW: 0 1.00 INCH OR MORE: 1
[HDD (BASE 65) ]
TOTAL THIS MO. 245 CLEAR (SCALE 0-3) 22
DPTR FM NORMAL -56 PTCLDY (SCALE 4-7) 7
TOTAL FM JUL 1 275 CLOUDY (SCALE 8-10) 1
DPTR FM NORMAL -118
[CDD (BASE 65) ]
TOTAL THIS MO. 13
DPTR FM NORMAL -11 [PRESSURE DATA]
TOTAL FM JAN 1 2467 HIGHEST SLP M ON M
DPTR FM NORMAL 153 LOWEST SLP M ON M
[REMARKS]
#FINAL-11-21#