000
CXUS54 KFWD 010731
CF6GOP
PRELIMINARY LOCAL CLIMATOLOGICAL DATA (WS FORM: F-6)
STATION: GATESVILLE
MONTH: APRIL
YEAR: 2020
LATITUDE: 31 25 N
LONGITUDE: 97 48 W
TEMPERATURE IN F: :PCPN: SNOW: WIND :SUNSHINE: SKY :PK WND
================================================================================
1 2 3 4 5 6A 6B 7 8 9 10 11 12 13 14 15 16 17 18
12Z AVG MX 2MIN
DY MAX MIN AVG DEP HDD CDD WTR SNW DPTH SPD SPD DIR MIN PSBL S-S WX SPD DR
================================================================================
1 73 48 61 1 4 0 0.00 0.0 0 5.8 12 150 M M 0 18 160
2 70 59 65 5 0 0 0.00 0.0 0 8.3 13 150 M M 8 13 18 140
3 68 43 56 -5 9 0 0.01 0.0 0 9.2 17 350 M M 10 1 24 330
4 52 41 47 -14 18 0 0.20 0.0 0 6.5 12 330 M M 9 13 M M
5 64 46 55 -6 10 0 0.00 0.0 0 1.9 7 140 M M 8 1 13 99
6 70 59 65 3 0 0 0.00 0.0 0 1.8 8 160 M M 6 1 M M
7 88 66 77 15 0 12 0.00 0.0 0 8.1 13 180 M M 2 18 18 230
8 93 72 83 21 0 18 0.00 0.0 0 5.1 14 240 M M 0 1 21 240
9 79 63 71 9 0 6 0.06 0.0 0 2.1 8 50 M M 1 138 M M
10 72 55 64 1 1 0 0.00 0.0 0 4.1 12 80 M M 0 14 30
11 72 55 64 1 1 0 0.00 0.0 0 6.8 14 140 M M 7 1 23 140
12 81 48 65 2 0 0 2.63 0.0 0 10.7 24 250 M M 2 13 35 250
13 57 39 48 -16 17 0 0.00 0.0 0 10.5 21 340 M M 0 29 340
14 57 43 50 -14 15 0 0.00 0.0 0 7.1 10 20 M M 5 16 20
15 66 37 52 -12 13 0 0.00 0.0 0 1.6 7 99 M M 0 M M
16 75 45 60 -4 5 0 0.00 0.0 0 7.2 14 150 M M 0 22 170
17 64 52 58 -7 7 0 0.00 0.0 0 6.1 12 350 M M 8 1 20 330
18 61 50 56 -9 9 0 0.00 0.0 0 2.7 7 10 M M 8 1 M M
19 88 57 73 8 0 8 0.23 0.0 0 4.9 18 280 M M 5 123 31 280
20 81 59 70 4 0 5 0.00 0.0 0 2.1 8 90 M M 4 1 14 170
21 82 61 72 6 0 7 0.00 0.0 0 5.0 14 160 M M 3 12 20 150
22 84 64 74 8 0 9 0.00 0.0 0 8.2 16 210 M M 4 1 21 220
23 86 54 70 4 0 5 0.00 0.0 0 3.5 12 330 M M 0 15 99
24 95 63 79 12 0 14 0.00 0.0 0 9.9 21 210 M M 0 29 210
25 75 55 65 -2 0 0 0.00 0.0 0 5.8 14 360 M M 0 21 30
26 82 50 66 -1 0 1 0.00 0.0 0 3.7 10 150 M M 0 13 130
27 86 61 74 7 0 9 0.00 0.0 0 10.9 17 170 M M 0 27 170
28 90 68 79 11 0 14 0.00 0.0 0 10.5 21 190 M M 3 1 25 170
29 81 55 68 0 0 3 1.00 0.0 0 8.3 21 200 M M 1 3 27 200
30 84 48 66 -2 0 1 0.00 0.0 0 2.0 6 140 M M 0 M M
================================================================================
SM 2276 1616 109 112 4.13 0.0 180.4 M 94
================================================================================
AV 75.9 53.9 6.0 FASTST M M 3 MAX(MPH)
MISC ----> # 24 250 # 35 250
================================================================================
NOTES:
# LAST OF SEVERAL OCCURRENCES
COLUMN 17 PEAK WIND IN M.P.H.
PRELIMINARY LOCAL CLIMATOLOGICAL DATA (WS FORM: F-6) , PAGE 2
STATION: GATESVILLE
MONTH: APRIL
YEAR: 2020
LATITUDE: 31 25 N
LONGITUDE: 97 48 W
[TEMPERATURE DATA] [PRECIPITATION DATA] SYMBOLS USED IN COLUMN 16
AVERAGE MONTHLY: 64.9 TOTAL FOR MONTH: 4.13 1 = FOG OR MIST
DPTR FM NORMAL: 0.7 DPTR FM NORMAL: M 2 = FOG REDUCING VISIBILITY
HIGHEST: 95 ON 24 GRTST 24HR 2.63 ON 12-12 TO 1/4 MILE OR LESS
LOWEST: 37 ON 15 3 = THUNDER
SNOW, ICE PELLETS, HAIL 4 = ICE PELLETS
TOTAL MONTH: 0.0 INCH 5 = HAIL
GRTST 24HR 0.0 6 = FREEZING RAIN OR DRIZZLE
GRTST DEPTH: 0 7 = DUSTSTORM OR SANDSTORM:
VSBY 1/2 MILE OR LESS
8 = SMOKE OR HAZE
[NO. OF DAYS WITH] [WEATHER - DAYS WITH] 9 = BLOWING SNOW
X = TORNADO
MAX 32 OR BELOW: 0 0.01 INCH OR MORE: 6
MAX 90 OR ABOVE: 3 0.10 INCH OR MORE: 4
MIN 32 OR BELOW: 0 0.50 INCH OR MORE: 2
MIN 0 OR BELOW: 0 1.00 INCH OR MORE: 2
[HDD (BASE 65) ]
TOTAL THIS MO. 109 CLEAR (SCALE 0-3) 17
DPTR FM NORMAL 7 PTCLDY (SCALE 4-7) 9
TOTAL FM JUL 1 2008 CLOUDY (SCALE 8-10) 4
DPTR FM NORMAL -436
[CDD (BASE 65) ]
TOTAL THIS MO. 112
DPTR FM NORMAL 32 [PRESSURE DATA]
TOTAL FM JAN 1 218 HIGHEST SLP M ON M
DPTR FM NORMAL 116 LOWEST SLP M ON M
[REMARKS]
#FINAL-04-20#