000
CXUS54 KLIX 010810
CF6GPT
PRELIMINARY LOCAL CLIMATOLOGICAL DATA (WS FORM: F-6)
STATION: GULFPORT
MONTH: JULY
YEAR: 2022
LATITUDE: 30 23 N
LONGITUDE: 89 4 W
TEMPERATURE IN F: :PCPN: SNOW: WIND :SUNSHINE: SKY :PK WND
================================================================================
1 2 3 4 5 6A 6B 7 8 9 10 11 12 13 14 15 16 17 18
12Z AVG MX 2MIN
DY MAX MIN AVG DEP HDD CDD WTR SNW DPTH SPD SPD DIR MIN PSBL S-S WX SPD DR
================================================================================
1 90 76 83 1 0 18 0.71 0.0 M 3.9 16 280 M M 3 13 20 270
2 88 75 82 0 0 17 T M M 3.2 13 140 M M 2 3 17 140
3 88 77 83 1 0 18 0.44 M M 2.6 21 110 M M 2 138 26 110
4 90 77 84 2 0 19 0.05 0.0 M 2.2 12 170 M M 2 13 14 160
5 86 75 81 -1 0 16 0.02 0.0 M 3.1 20 160 M M 2 3 25 160
6 90 73 82 0 0 17 T 0.0 M 2.5 13 160 M M 2 15 150
7 92 76 84 2 0 19 0.07 0.0 M 2.4 10 190 M M 2 16 190
8 93 78 86 4 0 21 0.00 0.0 M 3.2 14 160 M M 1 19 160
9 95 80 88 6 0 23 0.00 M M 4.1 16 20 M M 2 22 20
10 90 75 83 1 0 18 T 0.0 M 4.7 21 10 M M 3 3 27 10
11 94 76 85 3 0 20 T M M 4.3 20 80 M M 2 3 25 60
12 91 75 83 0 0 18 0.75 M M 3.9 30 100 M M 3 13 36 110
13 89 76 83 0 0 18 0.08 M M 3.9 13 170 M M 2 13 17 160
14 91 75 83 0 0 18 0.01 M M 4.9 16 330 M M 2 3 22 340
15 90 76 83 0 0 18 0.30 M M 3.8 18 70 M M 2 13 22 90
16 90 74 82 -1 0 17 0.28 0.0 M 3.8 20 340 M M 2 13 29 340
17 90 73 82 -1 0 17 0.00 M M 5.0 16 140 M M 0 21 130
18 91 76 84 1 0 19 0.31 M M 3.9 13 220 M M 2 13 21 220
19 91 78 85 2 0 20 0.16 M M 5.5 15 200 M M 2 3 23 220
20 92 80 86 3 0 21 0.00 M M 7.3 16 190 M M 1 3 25 180
21 91 81 86 3 0 21 0.08 M M 4.8 15 190 M M 2 21 190
22 90 74 82 -1 0 17 0.17 M M 4.0 23 10 M M 3 13 36 20
23 91 76 84 1 0 19 0.00 M M 3.9 14 150 M M 1 18 180
24 90 78 84 1 0 19 0.10 M M 3.6 15 150 M M 3 13 19 140
25 85 77 81 -2 0 16 T M M 3.2 13 110 M M 2 3 15 110
26 91 76 84 1 0 19 T M M 5.5 23 150 M M 2 27 150
27 91 77 84 1 0 19 T M M 5.4 15 140 M M 2 21 150
28 91 77 84 1 0 19 0.40 M M 2.8 16 30 M M 4 13 21 10
29 87 77 82 -1 0 17 0.32 M M 2.6 14 160 M M 1 13 20 150
30 89 74 82 -1 0 17 0.31 M M 4.0 16 280 M M 1 13 24 290
31 91 73 82 -1 0 17 T M M 4.0 16 190 M M 1 3 24 210
================================================================================
SM 2798 2361 0 572 4.56 0.0 122.0 M 61
================================================================================
AV 90.3 76.2 3.9 FASTST M M 2 MAX(MPH)
MISC ----> 30 100 # 36 110
================================================================================
NOTES:
# LAST OF SEVERAL OCCURRENCES
COLUMN 17 PEAK WIND IN M.P.H.
PRELIMINARY LOCAL CLIMATOLOGICAL DATA (WS FORM: F-6) , PAGE 2
STATION: GULFPORT
MONTH: JULY
YEAR: 2022
LATITUDE: 30 23 N
LONGITUDE: 89 4 W
[TEMPERATURE DATA] [PRECIPITATION DATA] SYMBOLS USED IN COLUMN 16
AVERAGE MONTHLY: 83.2 TOTAL FOR MONTH: 4.56 1 = FOG OR MIST
DPTR FM NORMAL: 0.5 DPTR FM NORMAL: -2.65 2 = FOG REDUCING VISIBILITY
HIGHEST: 95 ON 9 GRTST 24HR 0.80 ON 30- 1 TO 1/4 MILE OR LESS
LOWEST: 73 ON 31,17 3 = THUNDER
SNOW, ICE PELLETS, HAIL 4 = ICE PELLETS
TOTAL MONTH: 0.0 INCH 5 = HAIL
GRTST 24HR 0.0 6 = FREEZING RAIN OR DRIZZLE
GRTST DEPTH: M ON M 7 = DUSTSTORM OR SANDSTORM:
VSBY 1/2 MILE OR LESS
8 = SMOKE OR HAZE
[NO. OF DAYS WITH] [WEATHER - DAYS WITH] 9 = BLOWING SNOW
X = TORNADO
MAX 32 OR BELOW: 0 0.01 INCH OR MORE: 18
MAX 90 OR ABOVE: 24 0.10 INCH OR MORE: 12
MIN 32 OR BELOW: 0 0.50 INCH OR MORE: 2
MIN 0 OR BELOW: 0 1.00 INCH OR MORE: 0
[HDD (BASE 65) ]
TOTAL THIS MO. 0 CLEAR (SCALE 0-3) 28
DPTR FM NORMAL 0 PTCLDY (SCALE 4-7) 3
TOTAL FM JUL 1 0 CLOUDY (SCALE 8-10) 0
DPTR FM NORMAL 0
[CDD (BASE 65) ]
TOTAL THIS MO. 572
DPTR FM NORMAL 25 [PRESSURE DATA]
TOTAL FM JAN 1 1819 HIGHEST SLP M ON M
DPTR FM NORMAL 290 LOWEST SLP 29.79 ON 11
[REMARKS]
#FINAL-07-22#