000
CXUS54 KLIX 011509
CF6GPT
PRELIMINARY LOCAL CLIMATOLOGICAL DATA (WS FORM: F-6)
STATION: GULFPORT
MONTH: DECEMBER
YEAR: 2020
LATITUDE: 30 23 N
LONGITUDE: 89 4 W
TEMPERATURE IN F: :PCPN: SNOW: WIND :SUNSHINE: SKY :PK WND
================================================================================
1 2 3 4 5 6A 6B 7 8 9 10 11 12 13 14 15 16 17 18
12Z AVG MX 2MIN
DY MAX MIN AVG DEP HDD CDD WTR SNW DPTH SPD SPD DIR MIN PSBL S-S WX SPD DR
================================================================================
1 55 30 43 -13 22 0 0.00 M M 1.2 10 150 M M 0 8 13 150
2 61 32 47 -9 18 0 0.00 M M 4.5 13 140 M M 0 17 20
3 69 49 59 3 6 0 0.27 M M 7.9 20 130 M M 6 1 24 140
4 67 43 55 -1 10 0 1.36 M M 9.7 20 340 M M 5 1 25 340
5 59 38 49 -6 16 0 0.00 M M 5.3 10 310 M M 0 15 10
6 60 44 52 -3 13 0 0.14 M M 3.8 10 310 M M 3 1 13 290
7 59 40 50 -5 15 0 0.00 M M 9.0 22 320 M M 0 1 30 330
8 59 36 48 -7 17 0 0.00 M M 2.5 10 200 M M 0 1 16 210
9 66 39 53 -1 12 0 0.00 M M 2.2 10 190 M M 0 18 13 190
10 69 40 55 1 10 0 0.00 M M 3.1 12 290 M M 1 128 15 280
11 71 48 60 6 5 0 0.00 0.0 M 6.7 15 140 M M 5 12 18 140
12 70 57 64 10 1 0 0.07 0.0 M 6.9 14 180 M M 7 18 21 180
13 69 57 63 9 2 0 0.01 0.0 M 9.3 23 260 M M 7 1 33 250
14 63 44 54 1 11 0 T M M 13.0 26 310 M M 10 36 310
15 56 43 50 -3 15 0 0.01 M M 6.9 14 100 M M 9 8 18 360
16 56 41 49 -4 16 0 0.19 0.0 M 11.8 23 330 M M 10 1 30 330
17 50 33 42 -11 23 0 0.00 0.0 M 7.4 15 310 M M 5 19 330
18 56 29 43 -10 22 0 0.00 M M 2.8 13 70 M M 0 1 16 90
19 63 36 50 -2 15 0 0.37 0.0 M 8.3 24 100 M M 3 1 32 100
20 60 47 54 2 11 0 T M M 7.6 20 120 M M 8 1 23 120
21 67 44 56 4 9 0 0.00 0.0 0 4.9 13 310 M M 3 1 16 340
22 68 38 53 1 12 0 0.00 M M 2.3 13 60 M M 0 1 15 60
23 71 46 59 7 6 0 T M M 8.1 15 160 M M 8 1 20 160
24 67 34 51 -1 14 0 1.53 0.0 M 13.7 31 310 M M 5 1 44 310
25 52 29 41 -11 24 0 0.00 M M 5.1 18 340 M M 0 28 290
26 51 28 40 -11 25 0 0.00 0.0 M 1.6 9 150 M M 0 11 140
27 61 32 47 -4 18 0 0.00 M M 4.5 16 120 M M 0 1 18 140
28 67 40 54 3 11 0 0.00 M M 2.8 10 160 M M 1 1 13 170
29 69 43 56 5 9 0 0.00 M M 8.1 20 120 M M 2 1 25 120
30 72 62 67 16 0 2 0.00 M M 13.8 24 130 M M 6 29 120
31 75 64 70 19 0 5 0.21 0.0 M 15.5 31 140 M M 7 1 40 140
================================================================================
SM 1958 1286 388 7 4.16 0.0 210.3 M 111
================================================================================
AV 63.2 41.5 6.8 FASTST M M 4 MAX(MPH)
MISC ----> # 31 310 44 310
================================================================================
NOTES:
# LAST OF SEVERAL OCCURRENCES
COLUMN 17 PEAK WIND IN M.P.H.
PRELIMINARY LOCAL CLIMATOLOGICAL DATA (WS FORM: F-6) , PAGE 2
STATION: GULFPORT
MONTH: DECEMBER
YEAR: 2020
LATITUDE: 30 23 N
LONGITUDE: 89 4 W
[TEMPERATURE DATA] [PRECIPITATION DATA] SYMBOLS USED IN COLUMN 16
AVERAGE MONTHLY: 52.3 TOTAL FOR MONTH: 4.16 1 = FOG OR MIST
DPTR FM NORMAL: -0.8 DPTR FM NORMAL: -0.74 2 = FOG REDUCING VISIBILITY
HIGHEST: 75 ON 31 GRTST 24HR 1.63 ON 3- 4 TO 1/4 MILE OR LESS
LOWEST: 28 ON 26 3 = THUNDER
SNOW, ICE PELLETS, HAIL 4 = ICE PELLETS
TOTAL MONTH: 0.0 INCH 5 = HAIL
GRTST 24HR 0.0 6 = FREEZING RAIN OR DRIZZLE
GRTST DEPTH: 0 7 = DUSTSTORM OR SANDSTORM:
VSBY 1/2 MILE OR LESS
8 = SMOKE OR HAZE
[NO. OF DAYS WITH] [WEATHER - DAYS WITH] 9 = BLOWING SNOW
X = TORNADO
MAX 32 OR BELOW: 0 0.01 INCH OR MORE: 10
MAX 90 OR ABOVE: 0 0.10 INCH OR MORE: 7
MIN 32 OR BELOW: 6 0.50 INCH OR MORE: 2
MIN 0 OR BELOW: 0 1.00 INCH OR MORE: 2
[HDD (BASE 65) ]
TOTAL THIS MO. 388 CLEAR (SCALE 0-3) 16
DPTR FM NORMAL 6 PTCLDY (SCALE 4-7) 12
TOTAL FM JUL 1 492 CLOUDY (SCALE 8-10) 3
DPTR FM NORMAL -111
[CDD (BASE 65) ]
TOTAL THIS MO. 7
DPTR FM NORMAL -7 [PRESSURE DATA]
TOTAL FM JAN 1 3005 HIGHEST SLP 30.43 ON 18
DPTR FM NORMAL 414 LOWEST SLP 29.74 ON 24
[REMARKS]
#FINAL-12-20#