000
CXUS53 KIWX 010846
CF6GSH
PRELIMINARY LOCAL CLIMATOLOGICAL DATA (WS FORM: F-6)
STATION: GOSHEN
MONTH: JULY
YEAR: 2022
LATITUDE: 41 31 N
LONGITUDE: 85 47 W
TEMPERATURE IN F: :PCPN: SNOW: WIND :SUNSHINE: SKY :PK WND
================================================================================
1 2 3 4 5 6A 6B 7 8 9 10 11 12 13 14 15 16 17 18
12Z AVG MX 2MIN
DY MAX MIN AVG DEP HDD CDD WTR SNW DPTH SPD SPD DIR MIN PSBL S-S WX SPD DR
================================================================================
1 84 65 75 2 0 10 T 0.0 0 8.1 21 290 M M M 29 310
2 82 59 71 -2 0 6 0.00 M M 5.0 15 290 M M M 1 20 290
3 87 58 73 0 0 8 T M M M M M M M M M M
4 89 61 75 2 0 10 T M M M M M M M M M M
5 91 69 80 7 0 15 0.28 M M M M M M M M M M
6 82 71 77 4 0 12 0.24 M M M M M M M M M M
7 84 65 75 2 0 10 0.00 M M 3.6 9 160 M M 0 18 13 130
8 77 71 74 1 0 9 T M M 5.5 9 140 M M 6 M M
9 80 60 70 -3 0 5 0.00 M M M M M M M M M M
10 82 55 69 -4 0 4 0.00 M M M M M M M M M M
11 84 60 72 -1 0 7 0.00 M M M M M M M M M M
12 79 62 71 -2 0 6 0.00 M M 8.9 20 300 M M 2 25 300
13 82 61 72 -1 0 7 0.00 M M 8.6 22 280 M M 2 30 280
14 83 56 70 -3 0 5 0.00 M M 2.4 8 70 M M 3 1 14 80
15 78 60 69 -4 0 4 0.16 M M 6.3 20 260 M M 6 1 30 240
16 83 68 76 3 0 11 0.07 M M 6.3 15 160 M M 9 1 19 160
17 77 71 74 1 0 9 0.10 M M 4.7 9 100 M M 8 13 12 160
18 85 66 76 3 0 11 0.00 M M 5.1 14 290 M M 3 128 18 290
19 88 64 76 3 0 11 0.00 0.0 0 6.8 15 210 M M 0 20 200
20 92 71 82 9 0 17 T M M 13.4 26 260 M M 3 38 250
21 90 68 79 6 0 14 M M M 10.3 16 260 M M 1 25 260
22 88 72 80 7 0 15 0.00 M M 10.4 10 310 M M 0 M M
23 86 65 76 3 0 11 M M M 8.1 32 220 M M 2 13 49 340
24 82 71 77 4 0 12 0.19 M M 10.7 24 230 M M 5 13 32 220
25 77 58 68 -4 0 3 0.00 M M 5.6 14 360 M M 2 19 10
26 79 58 69 -3 0 4 0.00 M M 2.8 9 190 M M 4 12 190
27 82 67 75 3 0 10 0.08 M M 6.2 16 220 M M 7 1 22 290
28 79 63 71 -1 0 6 T M M 6.2 18 280 M M 3 1 23 270
29 78 57 68 -4 0 3 0.00 M M 6.0 18 300 M M 2 12 27 270
30 81 55 68 -4 0 3 0.00 M M 2.8 10 230 M M 1 17 230
31 84 61 73 1 0 8 0.00 M M 5.2 13 210 M M 3 18 210
================================================================================
SM 2575 1968 0 266 1.12 0.0 159.0 M 72
================================================================================
AV 83.1 63.5 6.6 FASTST M M 3 MAX(MPH)
MISC ----> 32 220 49 340
================================================================================
NOTES:
# LAST OF SEVERAL OCCURRENCES
COLUMN 17 PEAK WIND IN M.P.H.
PRELIMINARY LOCAL CLIMATOLOGICAL DATA (WS FORM: F-6) , PAGE 2
STATION: GOSHEN
MONTH: JULY
YEAR: 2022
LATITUDE: 41 31 N
LONGITUDE: 85 47 W
[TEMPERATURE DATA] [PRECIPITATION DATA] SYMBOLS USED IN COLUMN 16
AVERAGE MONTHLY: 73.3 TOTAL FOR MONTH: 1.12 1 = FOG OR MIST
DPTR FM NORMAL: 0.6 DPTR FM NORMAL: -2.55 2 = FOG REDUCING VISIBILITY
HIGHEST: 92 ON 20 GRTST 24HR 0.28 ON 5- 5 TO 1/4 MILE OR LESS
LOWEST: 55 ON 30,10 3 = THUNDER
SNOW, ICE PELLETS, HAIL 4 = ICE PELLETS
TOTAL MONTH: 0.0 INCH 5 = HAIL
GRTST 24HR 0.0 6 = FREEZING RAIN OR DRIZZLE
GRTST DEPTH: 0 7 = DUSTSTORM OR SANDSTORM:
VSBY 1/2 MILE OR LESS
8 = SMOKE OR HAZE
[NO. OF DAYS WITH] [WEATHER - DAYS WITH] 9 = BLOWING SNOW
X = TORNADO
MAX 32 OR BELOW: 0 0.01 INCH OR MORE: 7
MAX 90 OR ABOVE: 3 0.10 INCH OR MORE: 5
MIN 32 OR BELOW: 0 0.50 INCH OR MORE: 0
MIN 0 OR BELOW: 0 1.00 INCH OR MORE: 0
[HDD (BASE 65) ]
TOTAL THIS MO. 0 CLEAR (SCALE 0-3) 14
DPTR FM NORMAL -5 PTCLDY (SCALE 4-7) 6
TOTAL FM JUL 1 0 CLOUDY (SCALE 8-10) 11
DPTR FM NORMAL 0
[CDD (BASE 65) ]
TOTAL THIS MO. 266
DPTR FM NORMAL 21 [PRESSURE DATA]
TOTAL FM JAN 1 512 HIGHEST SLP 30.21 ON 30
DPTR FM NORMAL 28 LOWEST SLP 29.83 ON 27
[REMARKS]
#FINAL-07-22#