000
CXUS52 KRAH 010945
CF6GSO
PRELIMINARY LOCAL CLIMATOLOGICAL DATA (WS FORM: F-6)
STATION: GREENSBORO NC
MONTH: FEBRUARY
YEAR: 2023
LATITUDE: 36 4 N
LONGITUDE: 79 57 W
TEMPERATURE IN F: :PCPN: SNOW: WIND :SUNSHINE: SKY :PK WND
================================================================================
1 2 3 4 5 6A 6B 7 8 9 10 11 12 13 14 15 16 17 18
12Z AVG MX 2MIN
DY MAX MIN AVG DEP HDD CDD WTR SNW DPTH SPD SPD DIR MIN PSBL S-S WX SPD DR
================================================================================
1 53 38 46 6 19 0 0.17 0.0 0 8.6 15 60 M M 10 1 18 40
2 43 37 40 -1 25 0 0.41 0.0 0 4.6 12 180 M M 10 1 14 190
3 44 27 36 -5 29 0 0.00 0.0 0 12.0 25 310 M M 5 1 34 310
4 41 21 31 -10 34 0 0.00 0.0 0 6.7 14 200 M M 4 17 190
5 54 29 42 1 23 0 0.00 0.0 0 7.4 17 210 M M 8 22 210
6 62 34 48 7 17 0 0.00 0.0 0 6.1 17 320 M M 1 23 310
7 62 32 47 6 18 0 0.00 0.0 0 6.2 17 200 M M 8 22 230
8 70 39 55 13 10 0 0.00 0.0 0 5.6 13 260 M M 8 18 290
9 68 49 59 17 6 0 0.00 0.0 0 11.1 25 220 M M 8 33 220
10 67 51 59 17 6 0 T 0.0 0 8.9 14 300 M M 8 20 250
11 54 44 49 7 16 0 0.04 0.0 0 8.2 15 80 M M 10 21 360
12 44 35 40 -2 25 0 1.25 0.0 0 12.7 29 40 M M 10 1 36 50
13 62 37 50 7 15 0 0.00 0.0 0 9.8 17 270 M M 5 23 260
14 66 33 50 7 15 0 0.00 0.0 0 4.6 12 190 M M 5 15 190
15 67 46 57 14 8 0 T 0.0 0 10.4 21 220 M M 9 28 220
16 72 50 61 18 4 0 0.00 0.0 0 11.1 29 230 M M 9 39 220
17 64 33 49 6 16 0 0.70 0.0 0 13.5 32 310 M M 8 1 44 320
18 52 25 39 -5 26 0 0.00 0.0 0 3.7 12 330 M M 0 15 320
19 57 32 45 1 20 0 0.00 0.0 0 8.9 21 210 M M 8 28 220
20 60 43 52 8 13 0 T 0.0 0 5.1 15 190 M M 10 19 210
21 73 46 60 16 5 0 0.00 0.0 0 10.3 32 280 M M 7 41 280
22 72 47 60 16 5 0 0.00 0.0 0 10.4 23 210 M M 7 30 210
23 81 60 71 26 0 6 0.26 0.0 0 11.3 23 240 M M 4 1 34 350
24 68 54 61 16 4 0 T 0.0 0 7.7 18 340 M M 7 1 26 330
25 55 45 50 5 15 0 0.02 0.0 0 5.9 17 150 M M 10 1 22 160
26 59 47 53 7 12 0 0.00 0.0 0 5.9 17 220 M M 10 1 21 220
27 65 44 55 9 10 0 0.29 0.0 0 9.2 22 210 M M 8 1 27 200
28 77 55 66 20 0 1 0.00 0.0 0 9.0 21 280 M M 2 25 280
================================================================================
SM 1712 1133 396 7 3.14 0.0 234.9 M 199
================================================================================
AV 61.1 40.5 8.4 FASTST M M 7 MAX(MPH)
MISC ----> # 32 310 44 320
================================================================================
NOTES:
# LAST OF SEVERAL OCCURRENCES
COLUMN 17 PEAK WIND IN M.P.H.
PRELIMINARY LOCAL CLIMATOLOGICAL DATA (WS FORM: F-6) , PAGE 2
STATION: GREENSBORO NC
MONTH: FEBRUARY
YEAR: 2023
LATITUDE: 36 4 N
LONGITUDE: 79 57 W
[TEMPERATURE DATA] [PRECIPITATION DATA] SYMBOLS USED IN COLUMN 16
AVERAGE MONTHLY: 50.8 TOTAL FOR MONTH: 3.14 1 = FOG OR MIST
DPTR FM NORMAL: 7.8 DPTR FM NORMAL: 0.33 2 = FOG REDUCING VISIBILITY
HIGHEST: 81 ON 23 GRTST 24HR 1.29 ON 11-12 TO 1/4 MILE OR LESS
LOWEST: 21 ON 4 3 = THUNDER
SNOW, ICE PELLETS, HAIL 4 = ICE PELLETS
TOTAL MONTH: 0.0 INCH 5 = HAIL
GRTST 24HR 0.0 6 = FREEZING RAIN OR DRIZZLE
GRTST DEPTH: 0 7 = DUSTSTORM OR SANDSTORM:
VSBY 1/2 MILE OR LESS
8 = SMOKE OR HAZE
[NO. OF DAYS WITH] [WEATHER - DAYS WITH] 9 = BLOWING SNOW
X = TORNADO
MAX 32 OR BELOW: 0 0.01 INCH OR MORE: 8
MAX 90 OR ABOVE: 0 0.10 INCH OR MORE: 6
MIN 32 OR BELOW: 6 0.50 INCH OR MORE: 2
MIN 0 OR BELOW: 0 1.00 INCH OR MORE: 1
[HDD (BASE 65) ]
TOTAL THIS MO. 396 CLEAR (SCALE 0-3) 3
DPTR FM NORMAL -220 PTCLDY (SCALE 4-7) 13
TOTAL FM JUL 1 2448 CLOUDY (SCALE 8-10) 12
DPTR FM NORMAL -320
[CDD (BASE 65) ]
TOTAL THIS MO. 7
DPTR FM NORMAL 6 [PRESSURE DATA]
TOTAL FM JAN 1 7 HIGHEST SLP 30.64 ON 4
DPTR FM NORMAL 7 LOWEST SLP 29.46 ON 27
[REMARKS]
#FINAL-02-23#