000
CXUS52 KRAH 010845
CF6GSO
PRELIMINARY LOCAL CLIMATOLOGICAL DATA (WS FORM: F-6)
STATION: GREENSBORO NC
MONTH: MARCH
YEAR: 2022
LATITUDE: 36 4 N
LONGITUDE: 79 57 W
TEMPERATURE IN F: :PCPN: SNOW: WIND :SUNSHINE: SKY :PK WND
================================================================================
1 2 3 4 5 6A 6B 7 8 9 10 11 12 13 14 15 16 17 18
12Z AVG MX 2MIN
DY MAX MIN AVG DEP HDD CDD WTR SNW DPTH SPD SPD DIR MIN PSBL S-S WX SPD DR
================================================================================
1 64 35 50 4 15 0 0.00 0.0 0 6.1 15 200 M M 4 20 230
2 73 35 54 8 11 0 0.00 0.0 0 6.9 17 280 M M 1 27 300
3 81 47 64 17 1 0 0.00 0.0 0 9.2 22 290 M M 3 33 320
4 58 40 49 2 16 0 0.00 0.0 0 8.2 21 60 M M 4 27 60
5 71 43 57 10 8 0 0.00 0.0 0 8.4 21 200 M M 6 26 200
6 78 60 69 21 0 4 0.00 0.0 0 14.1 28 240 M M 7 41 230
7 78 58 68 20 0 3 0.18 0.0 0 16.0 37 290 M M 8 18 51 300
8 61 46 54 6 11 0 0.44 0.0 0 6.5 14 40 M M 8 1 20 340
9 56 44 50 2 15 0 0.89 0.0 0 6.8 17 110 M M 10 13 20 110
10 49 39 44 -5 21 0 0.00 0.0 0 8.0 18 60 M M 9 23 50
11 63 32 48 -1 17 0 0.12 0.0 0 6.1 20 180 M M 6 12 24 180
12 52 23 38 -11 27 0 1.24 T 0 15.2 35 290 M M 7 138 45 290
13 49 19 34 -15 31 0 0.00 0.0 0 8.1 20 230 M M 0 24 230
14 64 32 48 -2 17 0 0.00 0.0 0 4.9 14 210 M M 4 21 190
15 67 37 52 2 13 0 0.00 0.0 0 6.3 16 230 M M 6 21 230
16 67 47 57 7 8 0 0.50 0.0 0 6.3 21 80 M M 10 1 26 80
17 73 52 63 13 2 0 0.01 0.0 0 6.9 16 280 M M 7 1 20 330
18 73 47 60 9 5 0 0.00 0.0 0 9.0 30 150 M M 7 36 150
19 79 54 67 16 0 2 0.00 0.0 0 15.3 33 230 M M 7 44 210
20 63 44 54 3 11 0 0.00 0.0 0 13.3 28 300 M M 2 37 310
21 70 36 53 1 12 0 0.00 0.0 0 4.8 15 250 M M 2 22 240
22 72 47 60 8 5 0 0.00 0.0 0 9.5 18 190 M M 9 26 180
23 69 55 62 10 3 0 0.47 0.0 0 11.5 20 190 M M 10 18 26 180
24 69 52 61 9 4 0 0.00 0.0 0 9.7 20 210 M M 9 26 220
25 65 43 54 1 11 0 0.00 0.0 0 10.7 24 300 M M 5 31 300
26 58 40 49 -4 16 0 T 0.0 0 13.4 31 310 M M 4 39 280
27 56 32 44 -10 21 0 0.00 0.0 0 8.7 24 320 M M 1 32 300
28 59 32 46 -8 19 0 0.00 0.0 0 10.2 29 300 M M 1 35 300
29 53 33 43 -11 22 0 0.00 0.0 0 5.5 15 50 M M 9 19 50
30 67 36 52 -2 13 0 T 0.0 0 6.5 30 190 M M 8 8 40 210
31 71 63 67 12 0 2 0.44 0.0 0 19.7 38 170 M M 7 1 51 170
================================================================================
SM 2028 1303 355 11 4.29 T 291.8 M 181
================================================================================
AV 65.4 42.0 9.4 FASTST M M 6 MAX(MPH)
MISC ----> 38 170 # 51 300
================================================================================
NOTES:
# LAST OF SEVERAL OCCURRENCES
COLUMN 17 PEAK WIND IN M.P.H.
PRELIMINARY LOCAL CLIMATOLOGICAL DATA (WS FORM: F-6) , PAGE 2
STATION: GREENSBORO NC
MONTH: MARCH
YEAR: 2022
LATITUDE: 36 4 N
LONGITUDE: 79 57 W
[TEMPERATURE DATA] [PRECIPITATION DATA] SYMBOLS USED IN COLUMN 16
AVERAGE MONTHLY: 53.7 TOTAL FOR MONTH: 4.29 1 = FOG OR MIST
DPTR FM NORMAL: 3.4 DPTR FM NORMAL: 0.57 2 = FOG REDUCING VISIBILITY
HIGHEST: 81 ON 3 GRTST 24HR 1.36 ON 11-12 TO 1/4 MILE OR LESS
LOWEST: 19 ON 13 3 = THUNDER
SNOW, ICE PELLETS, HAIL 4 = ICE PELLETS
TOTAL MONTH: T 5 = HAIL
GRTST 24HR T ON 12-12 6 = FREEZING RAIN OR DRIZZLE
GRTST DEPTH: 0 7 = DUSTSTORM OR SANDSTORM:
VSBY 1/2 MILE OR LESS
8 = SMOKE OR HAZE
[NO. OF DAYS WITH] [WEATHER - DAYS WITH] 9 = BLOWING SNOW
X = TORNADO
MAX 32 OR BELOW: 0 0.01 INCH OR MORE: 9
MAX 90 OR ABOVE: 0 0.10 INCH OR MORE: 8
MIN 32 OR BELOW: 6 0.50 INCH OR MORE: 3
MIN 0 OR BELOW: 0 1.00 INCH OR MORE: 1
[HDD (BASE 65) ]
TOTAL THIS MO. 355 CLEAR (SCALE 0-3) 7
DPTR FM NORMAL -107 PTCLDY (SCALE 4-7) 16
TOTAL FM JUL 1 2828 CLOUDY (SCALE 8-10) 8
DPTR FM NORMAL -404
[CDD (BASE 65) ]
TOTAL THIS MO. 11
DPTR FM NORMAL 5 [PRESSURE DATA]
TOTAL FM JAN 1 16 HIGHEST SLP 30.49 ON 4
DPTR FM NORMAL 9 LOWEST SLP 29.38 ON 12
[REMARKS]
#FINAL-03-22#