000
CXUS56 KTFX 011110
CF6GTF
PRELIMINARY LOCAL CLIMATOLOGICAL DATA (WS FORM: F-6)
STATION: GREAT FALLS MT
MONTH: MARCH
YEAR: 2022
LATITUDE: 47 28 N
LONGITUDE: 111 22 W
TEMPERATURE IN F: :PCPN: SNOW: WIND :SUNSHINE: SKY :PK WND
================================================================================
1 2 3 4 5 6A 6B 7 8 9 10 11 12 13 14 15 16 17 18
12Z AVG MX 2MIN
DY MAX MIN AVG DEP HDD CDD WTR SNW DPTH SPD SPD DIR MIN PSBL S-S WX SPD DR
================================================================================
1 62 36 49 20 16 0 0.00 0.0 0 18.6 35 260 M M 1 55 270
2 49 32 41 12 24 0 0.01 0.0 0 9.7 20 220 M M 7 12 26 220
3 35 25 30 0 35 0 0.02 T 0 5.7 12 340 M M 10 1246 15 30
4 29 17 23 -7 42 0 0.03 0.4 T 6.2 18 340 M M 10 1 23 340
5 27 14 21 -9 44 0 T 0.3 0 5.0 10 310 M M 10 18 14 340
6 30 18 24 -7 41 0 0.01 0.6 T 7.9 18 200 M M 7 18 23 210
7 44 18 31 0 34 0 0.02 0.4 T 18.6 36 350 M M 5 12 49 350
8 22 -1 11 -20 54 0 0.04 1.2 1 9.9 24 360 M M 8 1 31 10
9 15 -5 5 -27 60 0 0.01 T 1 8.1 16 200 M M 5 1 19 200
10 31 5 18 -14 47 0 0.00 0.0 1 14.1 22 250 M M 2 28 240
11 43 3 23 -9 42 0 0.00 0.0 1 15.1 32 240 M M 3 43 230
12 59 33 46 13 19 0 0.00 0.0 0 16.8 36 230 M M 2 51 220
13 42 31 37 4 28 0 0.08 0.1 0 10.3 20 230 M M 8 12 27 220
14 52 35 44 10 21 0 0.00 0.0 0 20.6 35 240 M M 2 45 240
15 57 34 46 12 19 0 0.00 0.0 0 19.8 33 220 M M 3 42 220
16 51 26 39 5 26 0 T T 0 13.8 24 220 M M 2 31 230
17 55 26 41 6 24 0 0.00 0.0 0 15.3 24 220 M M 1 36 210
18 55 37 46 11 19 0 0.00 0.0 0 13.4 23 270 M M 5 30 270
19 62 35 49 14 16 0 0.02 0.0 0 11.0 24 220 M M 4 31 220
20 47 26 37 1 28 0 0.00 0.0 0 14.8 28 270 M M 6 36 280
21 51 23 37 1 28 0 0.00 0.0 0 15.7 26 240 M M 3 39 280
22 58 27 43 7 22 0 0.00 0.0 0 12.3 21 220 M M 2 27 210
23 71 36 54 17 11 0 0.00 0.0 0 15.5 26 220 M M 0 35 220
24 54 24 39 2 26 0 0.00 0.0 0 9.8 25 230 M M 4 33 310
25 55 20 38 1 27 0 0.00 0.0 0 6.8 16 70 M M 1 22 60
26 58 27 43 5 22 0 0.00 0.0 0 5.2 14 60 M M 1 19 60
27 70 32 51 13 14 0 0.00 0.0 0 6.1 15 130 M M 1 20 130
28 72 31 52 14 13 0 0.28 0.3 0 10.5 31 340 M M 6 1 41 330
29 40 26 33 -5 32 0 0.26 1.8 2 8.7 23 340 M M 7 1 32 340
30 63 26 45 6 20 0 0.00 0.0 0 16.2 30 240 M M 0 40 230
31 49 26 38 -1 27 0 0.01 T 0 14.0 30 270 M M 4 38 280
================================================================================
SM 1508 743 881 0 0.79 5.1 375.5 M 130
================================================================================
AV 48.6 24.0 12.1 FASTST M M 4 MAX(MPH)
MISC ----> # 36 350 55 270
================================================================================
NOTES:
# LAST OF SEVERAL OCCURRENCES
COLUMN 17 PEAK WIND IN M.P.H.
PRELIMINARY LOCAL CLIMATOLOGICAL DATA (WS FORM: F-6) , PAGE 2
STATION: GREAT FALLS MT
MONTH: MARCH
YEAR: 2022
LATITUDE: 47 28 N
LONGITUDE: 111 22 W
[TEMPERATURE DATA] [PRECIPITATION DATA] SYMBOLS USED IN COLUMN 16
AVERAGE MONTHLY: 36.3 TOTAL FOR MONTH: 0.79 1 = FOG OR MIST
DPTR FM NORMAL: 2.2 DPTR FM NORMAL: 0.11 2 = FOG REDUCING VISIBILITY
HIGHEST: 72 ON 28 GRTST 24HR 0.54 ON 28-29 TO 1/4 MILE OR LESS
LOWEST: -5 ON 9 3 = THUNDER
SNOW, ICE PELLETS, HAIL 4 = ICE PELLETS
TOTAL MONTH: 5.1 INCHES 5 = HAIL
GRTST 24HR 1.8 ON 29-29 6 = FREEZING RAIN OR DRIZZLE
GRTST DEPTH: 2 ON 29 7 = DUSTSTORM OR SANDSTORM:
VSBY 1/2 MILE OR LESS
8 = SMOKE OR HAZE
[NO. OF DAYS WITH] [WEATHER - DAYS WITH] 9 = BLOWING SNOW
X = TORNADO
MAX 32 OR BELOW: 6 0.01 INCH OR MORE: 12
MAX 90 OR ABOVE: 0 0.10 INCH OR MORE: 2
MIN 32 OR BELOW: 24 0.50 INCH OR MORE: 0
MIN 0 OR BELOW: 2 1.00 INCH OR MORE: 0
[HDD (BASE 65) ]
TOTAL THIS MO. 881 CLEAR (SCALE 0-3) 15
DPTR FM NORMAL -77 PTCLDY (SCALE 4-7) 13
TOTAL FM JUL 1 6049 CLOUDY (SCALE 8-10) 3
DPTR FM NORMAL -380
[CDD (BASE 65) ]
TOTAL THIS MO. 0
DPTR FM NORMAL 0 [PRESSURE DATA]
TOTAL FM JAN 1 0 HIGHEST SLP 30.52 ON 9
DPTR FM NORMAL 0 LOWEST SLP 29.47 ON 28
[REMARKS]
#FINAL-03-22#