614
CXUS56 KTFX 011110
CF6GTF
PRELIMINARY LOCAL CLIMATOLOGICAL DATA (WS FORM: F-6)
STATION: GREAT FALLS MT
MONTH: AUGUST
YEAR: 2020
LATITUDE: 47 28 N
LONGITUDE: 111 22 W
TEMPERATURE IN F: :PCPN: SNOW: WIND :SUNSHINE: SKY :PK WND
================================================================================
1 2 3 4 5 6A 6B 7 8 9 10 11 12 13 14 15 16 17 18
12Z AVG MX 2MIN
DY MAX MIN AVG DEP HDD CDD WTR SNW DPTH SPD SPD DIR MIN PSBL S-S WX SPD DR
================================================================================
1 94 59 77 8 0 12 0.00 0.0 0 7.4 14 120 M M 0 18 110
2 94 57 76 7 0 11 0.00 0.0 0 5.4 13 230 M M 0 16 250
3 89 60 75 6 0 10 0.00 0.0 0 9.0 21 70 M M 1 3 27 60
4 85 50 68 -1 0 3 0.00 0.0 0 6.7 14 60 M M 2 19 70
5 93 53 73 4 0 8 T 0.0 0 7.5 24 190 M M 1 3 28 190
6 93 58 76 7 0 11 T 0.0 0 9.9 41 180 M M 1 3 59 190
7 76 50 63 -6 2 0 0.05 0.0 0 16.1 36 230 M M 1 46 240
8 83 44 64 -4 1 0 0.00 0.0 0 8.9 23 230 M M 1 31 220
9 79 47 63 -5 2 0 0.00 0.0 0 6.7 15 340 M M 4 28 310
10 87 46 67 -1 0 2 0.00 0.0 0 8.7 20 220 M M 0 27 220
11 90 49 70 2 0 5 0.00 0.0 0 10.4 22 260 M M 0 30 250
12 84 51 68 0 0 3 T 0.0 0 12.3 30 270 M M 2 40 240
13 74 43 59 -9 6 0 0.00 0.0 0 7.9 20 270 M M 1 26 270
14 81 45 63 -4 2 0 0.00 0.0 0 9.9 20 250 M M 0 30 200
15 89 47 68 1 0 3 0.00 0.0 0 7.9 20 260 M M 0 31 260
16 96 51 74 7 0 9 0.00 0.0 0 5.8 14 150 M M 0 20 290
17 99 54 77 11 0 12 0.00 0.0 0 7.9 21 220 M M 0 27 200
18 92 57 75 9 0 10 T 0.0 0 7.1 16 190 M M 1 20 190
19 87 57 72 6 0 7 T 0.0 0 8.4 28 300 M M 1 3 36 300
20 91 57 74 8 0 9 0.05 0.0 0 7.6 33 300 M M 1 3 48 310
21 91 48 70 5 0 5 0.00 0.0 0 7.6 15 180 M M 0 19 180
22 90 54 72 7 0 7 0.00 0.0 0 11.2 25 250 M M 0 8 33 240
23 93 50 72 7 0 7 0.00 0.0 0 8.0 18 220 M M 2 28 240
24 94 53 74 10 0 9 0.00 0.0 0 9.4 24 220 M M 1 8 33 200
25 87 54 71 7 0 6 T 0.0 0 9.2 36 210 M M 2 8 47 220
26 87 56 72 8 0 7 0.00 0.0 0 7.2 17 270 M M 1 25 260
27 84 48 66 3 0 1 0.00 0.0 0 10.1 21 30 M M 1 28 10
28 86 43 65 2 0 0 0.00 0.0 0 6.8 15 70 M M 0 24 170
29 90 54 72 9 0 7 0.00 0.0 0 14.6 28 250 M M 0 36 240
30 65 43 54 -8 11 0 0.00 0.0 0 6.9 23 350 M M 3 31 350
31 68 45 57 -5 8 0 0.00 0.0 0 11.7 22 220 M M 3 31 220
================================================================================
SM 2691 1583 32 164 0.10 0.0 274.2 M 30
================================================================================
AV 86.8 51.1 8.8 FASTST M M 1 MAX(MPH)
MISC ----> 41 180 59 190
================================================================================
NOTES:
# LAST OF SEVERAL OCCURRENCES
COLUMN 17 PEAK WIND IN M.P.H.
PRELIMINARY LOCAL CLIMATOLOGICAL DATA (WS FORM: F-6) , PAGE 2
STATION: GREAT FALLS MT
MONTH: AUGUST
YEAR: 2020
LATITUDE: 47 28 N
LONGITUDE: 111 22 W
[TEMPERATURE DATA] [PRECIPITATION DATA] SYMBOLS USED IN COLUMN 16
AVERAGE MONTHLY: 68.9 TOTAL FOR MONTH: 0.10 1 = FOG OR MIST
DPTR FM NORMAL: 2.6 DPTR FM NORMAL: -1.47 2 = FOG REDUCING VISIBILITY
HIGHEST: 99 ON 17 GRTST 24HR 0.05 ON 6- 7 TO 1/4 MILE OR LESS
LOWEST: 43 ON 30,28 3 = THUNDER
SNOW, ICE PELLETS, HAIL 4 = ICE PELLETS
TOTAL MONTH: 0.0 INCH 5 = HAIL
GRTST 24HR 0.0 6 = FREEZING RAIN OR DRIZZLE
GRTST DEPTH: 0 7 = DUSTSTORM OR SANDSTORM:
VSBY 1/2 MILE OR LESS
8 = SMOKE OR HAZE
[NO. OF DAYS WITH] [WEATHER - DAYS WITH] 9 = BLOWING SNOW
X = TORNADO
MAX 32 OR BELOW: 0 0.01 INCH OR MORE: 2
MAX 90 OR ABOVE: 14 0.10 INCH OR MORE: 0
MIN 32 OR BELOW: 0 0.50 INCH OR MORE: 0
MIN 0 OR BELOW: 0 1.00 INCH OR MORE: 0
[HDD (BASE 65) ]
TOTAL THIS MO. 32 CLEAR (SCALE 0-3) 29
DPTR FM NORMAL -39 PTCLDY (SCALE 4-7) 2
TOTAL FM JUL 1 66 CLOUDY (SCALE 8-10) 0
DPTR FM NORMAL -56
[CDD (BASE 65) ]
TOTAL THIS MO. 164
DPTR FM NORMAL 51 [PRESSURE DATA]
TOTAL FM JAN 1 281 HIGHEST SLP 30.13 ON 16
DPTR FM NORMAL 5 LOWEST SLP 29.57 ON 6
[REMARKS]
#FINAL-08-20#