000
CXGM50 PGUM 010030
CF6GUM
PRELIMINARY LOCAL CLIMATOLOGICAL DATA (WS FORM: F-6)
STATION: GUAM INTERNATIONAL AIRPORT
MONTH: JUNE
YEAR: 2021
LATITUDE: 13 29 N
LONGITUDE: 144-48 E
TEMPERATURE IN F: :PCPN: SNOW: WIND :SUNSHINE: SKY :PK WND
================================================================================
1 2 3 4 5 6A 6B 7 8 9 10 11 12 13 14 15 16 17 18
12Z AVG MX 2MIN
DY MAX MIN AVG DEP HDD CDD WTR SNW DPTH SPD SPD DIR MIN PSBL S-S WX SPD DR
================================================================================
1 87 79 83 0 0 18 0.15 0.0 0 10.0 17 110 M M 4 1 25 120
2 87 80 84 1 0 19 T 0.0 0 10.5 20 90 M M 2 25 70
3 87 76 82 -1 0 17 0.01 0.0 0 7.4 15 80 M M 3 19 90
4 88 77 83 0 0 18 0.17 0.0 0 9.2 17 90 M M 3 22 70
5 87 77 82 -1 0 17 0.10 0.0 0 7.8 16 90 M M 5 21 90
6 87 79 83 0 0 18 0.03 0.0 0 7.7 18 90 M M 3 24 90
7 86 77 82 -1 0 17 0.10 0.0 0 7.0 20 80 M M 5 1 26 90
8 88 78 83 0 0 18 0.00 0.0 0 6.5 14 80 M M 2 19 100
9 89 75 82 -1 0 17 0.00 0.0 0 3.2 13 40 M M 4 14 40
10 90 74 82 -1 0 17 0.00 0.0 0 2.3 9 330 M M 3 12 130
11 90 76 83 0 0 18 0.00 0.0 0 5.5 13 150 M M 1 20 160
12 91 81 86 3 0 21 0.00 0.0 0 5.7 13 110 M M 2 17 110
13 91 80 86 3 0 21 T 0.0 0 6.3 13 90 M M 1 19 90
14 91 79 85 2 0 20 T 0.0 0 6.8 13 90 M M 2 17 110
15 92 81 87 4 0 22 0.00 0.0 0 6.4 14 100 M M 2 18 100
16 92 81 87 4 0 22 T 0.0 0 6.9 14 90 M M 1 18 110
17 92 80 86 3 0 21 0.00 0.0 0 7.6 15 110 M M 1 26 90
18 88 78 83 0 0 18 0.35 0.0 0 3.0 14 40 M M 4 18 50
19 90 79 85 2 0 20 0.18 0.0 0 6.0 15 150 M M 3 19 150
20 90 77 84 1 0 19 0.05 0.0 0 4.9 17 100 M M 2 22 110
21 88 78 83 0 0 18 0.20 0.0 0 10.7 22 90 M M 3 31 80
22 83 76 80 -3 0 15 2.83 0.0 0 13.4 25 90 M M 7 18 36 100
23 88 79 84 1 0 19 0.05 0.0 0 6.8 16 110 M M 3 8 22 110
24 89 78 84 1 0 19 0.21 0.0 0 5.5 12 90 M M 3 3 16 90
25 90 79 85 2 0 20 0.02 0.0 0 7.7 16 70 M M 3 20 70
26 89 78 84 1 0 19 0.00 0.0 0 6.7 16 100 M M 2 20 110
27 90 80 85 2 0 20 0.06 0.0 0 6.9 17 70 M M 3 23 90
28 91 80 86 3 0 21 0.08 0.0 0 6.9 13 70 M M 1 17 120
29 89 80 85 2 0 20 0.21 0.0 0 9.2 17 90 M M 3 8 24 100
30 89 79 84 1 0 19 0.28 0.0 0 8.6 22 100 M M 5 27 110
================================================================================
SM 2669 2351 0 568 5.08 0.0 213.1 M 86
================================================================================
AV 89.0 78.4 7.1 FASTST M M 3 MAX(MPH)
MISC ----> 25 90 36 100
================================================================================
NOTES:
# LAST OF SEVERAL OCCURRENCES
COLUMN 17 PEAK WIND IN M.P.H.
PRELIMINARY LOCAL CLIMATOLOGICAL DATA (WS FORM: F-6) , PAGE 2
STATION: GUAM INTERNATIONAL AIRPORT
MONTH: JUNE
YEAR: 2021
LATITUDE: 13 29 N
LONGITUDE: 144-48 E
[TEMPERATURE DATA] [PRECIPITATION DATA] SYMBOLS USED IN COLUMN 16
AVERAGE MONTHLY: 83.7 TOTAL FOR MONTH: 5.08 1 = FOG OR MIST
DPTR FM NORMAL: 0.6 DPTR FM NORMAL: -1.43 2 = FOG REDUCING VISIBILITY
HIGHEST: 92 ON 17,16 GRTST 24HR 2.83 ON 22-22 TO 1/4 MILE OR LESS
LOWEST: 74 ON 10 3 = THUNDER
SNOW, ICE PELLETS, HAIL 4 = ICE PELLETS
TOTAL MONTH: 0.0 INCH 5 = HAIL
GRTST 24HR 0.0 6 = FREEZING RAIN OR DRIZZLE
GRTST DEPTH: 0 7 = DUSTSTORM OR SANDSTORM:
VSBY 1/2 MILE OR LESS
8 = SMOKE OR HAZE
[NO. OF DAYS WITH] [WEATHER - DAYS WITH] 9 = BLOWING SNOW
X = TORNADO
MAX 32 OR BELOW: 0 0.01 INCH OR MORE: 18
MAX 90 OR ABOVE: 13 0.10 INCH OR MORE: 11
MIN 32 OR BELOW: 0 0.50 INCH OR MORE: 1
MIN 0 OR BELOW: 0 1.00 INCH OR MORE: 1
[HDD (BASE 65) ]
TOTAL THIS MO. 0 CLEAR (SCALE 0-3) 20
DPTR FM NORMAL 0 PTCLDY (SCALE 4-7) 10
TOTAL FM JUL 1 0 CLOUDY (SCALE 8-10) 0
DPTR FM NORMAL 0
[CDD (BASE 65) ]
TOTAL THIS MO. 568
DPTR FM NORMAL 25 [PRESSURE DATA]
TOTAL FM JAN 1 3141 HIGHEST SLP 29.91 ON 1
DPTR FM NORMAL 123 LOWEST SLP 29.80 ON 1
[REMARKS]
#FINAL-06-21#