000
CXUS54 KFWD 251720
CF6GVT
PRELIMINARY LOCAL CLIMATOLOGICAL DATA (WS FORM: F-6)
STATION: GREENVILLE
MONTH: MARCH
YEAR: 2021
LATITUDE: 33 4 N
LONGITUDE: 96 4 W
TEMPERATURE IN F: :PCPN: SNOW: WIND :SUNSHINE: SKY :PK WND
================================================================================
1 2 3 4 5 6A 6B 7 8 9 10 11 12 13 14 15 16 17 18
12Z AVG MX 2MIN
DY MAX MIN AVG DEP HDD CDD WTR SNW DPTH SPD SPD DIR MIN PSBL S-S WX SPD DR
================================================================================
1 55 40 48 -5 17 0 0.07 0.0 0 9.4 17 10 M M 9 1 30 10
2 60 36 48 -5 17 0 0.00 M M 3.2 12 300 M M 2 M M
3 66 32 49 -4 16 0 0.00 0.0 0 6.3 10 150 M M 0 M M
4 72 35 54 1 11 0 0.00 M M 6.9 16 150 M M 0 M M
5 58 48 53 -1 12 0 T M M 9.2 12 60 M M 9 1 20 30
6 63 39 51 -3 14 0 0.00 M M 6.3 12 70 M M 0 M M
7 66 33 50 -4 15 0 0.00 M M 5.3 14 180 M M 0 18 130
8 70 34 52 -2 13 0 0.00 M M 7.8 16 140 M M 0 23 180
9 70 54 62 7 3 0 0.00 M M 15.1 23 170 M M 6 1 31 170
10 76 60 68 13 0 3 0.00 M M 16.4 23 190 M M 9 31 170
11 77 66 72 17 0 7 0.00 M M 13.7 20 190 M M 8 29 170
12 74 64 69 13 0 4 0.02 M M 10.5 14 150 M M 9 1 21 150
13 79 63 71 15 0 6 0.00 M M 12.3 18 150 M M 9 27 140
14 67 50 59 3 6 0 0.17 M M 9.4 16 140 M M 7 1 21 150
15 80 40 60 4 5 0 0.00 M M 8.5 20 220 M M 1 1 26 220
16 78 48 63 6 2 0 M M M 7.7 16 160 M M 4 1 22 200
17 71 46 59 2 6 0 0.21 M M 15.8 27 270 M M 6 13 39 270
18 59 45 52 -5 13 0 0.00 M M 14.2 22 300 M M 7 36 300
19 63 39 51 -6 14 0 0.00 M M 7.3 15 30 M M 4 8 20 30
20 65 42 54 -4 11 0 0.00 M M 5.8 10 100 M M 0 8 M M
21 68 36 52 -6 13 0 0.00 M M 10.8 20 140 M M 0 24 130
22 65 50 58 0 7 0 1.00 M M 12.3 21 150 M M 6 3 27 150
23 71 46 59 1 6 0 0.00 M M 9.5 18 250 M M 1 25 250
24 78 44 61 2 4 0 0.87 M M 7.8 17 170 M M 3 1 38 220
25 66 46 56 -3 9 0 0.86 M M 7.9 20 340 M M 5 13 29 340
26 77 42 60 1 5 0 0.00 M M 6.8 17 160 M M 0 1 23 160
27 79 49 64 5 1 0 T M M 7.9 20 350 M M 6 18 32 350
28 69 44 57 -3 8 0 0.00 M M 9.6 20 350 M M 0 31 340
29 74 37 56 -4 9 0 0.00 M M 8.6 17 170 M M 0 23 170
30 76 56 66 6 0 1 0.00 M M 11.5 21 190 M M 8 1 28 340
31 65 42 54 -6 11 0 0.00 M M 12.7 18 30 M M 5 29 30
================================================================================
SM 2157 1406 248 21 3.20 0.0 296.5 M 124
================================================================================
AV 69.6 45.4 9.6 FASTST M M 4 MAX(MPH)
MISC ----> 27 270 39 270
================================================================================
NOTES:
# LAST OF SEVERAL OCCURRENCES
COLUMN 17 PEAK WIND IN M.P.H.
PRELIMINARY LOCAL CLIMATOLOGICAL DATA (WS FORM: F-6) , PAGE 2
STATION: GREENVILLE
MONTH: MARCH
YEAR: 2021
LATITUDE: 33 4 N
LONGITUDE: 96 4 W
[TEMPERATURE DATA] [PRECIPITATION DATA] SYMBOLS USED IN COLUMN 16
AVERAGE MONTHLY: 57.5 TOTAL FOR MONTH: 3.20 1 = FOG OR MIST
DPTR FM NORMAL: 1.0 DPTR FM NORMAL: -1.02 2 = FOG REDUCING VISIBILITY
HIGHEST: 80 ON 15 GRTST 24HR 1.00 ON 22-22 TO 1/4 MILE OR LESS
LOWEST: 32 ON 3 3 = THUNDER
SNOW, ICE PELLETS, HAIL 4 = ICE PELLETS
TOTAL MONTH: 0.0 INCH 5 = HAIL
GRTST 24HR 0.0 6 = FREEZING RAIN OR DRIZZLE
GRTST DEPTH: 0 7 = DUSTSTORM OR SANDSTORM:
VSBY 1/2 MILE OR LESS
8 = SMOKE OR HAZE
[NO. OF DAYS WITH] [WEATHER - DAYS WITH] 9 = BLOWING SNOW
X = TORNADO
MAX 32 OR BELOW: 0 0.01 INCH OR MORE: 7
MAX 90 OR ABOVE: 0 0.10 INCH OR MORE: 5
MIN 32 OR BELOW: 1 0.50 INCH OR MORE: 3
MIN 0 OR BELOW: 0 1.00 INCH OR MORE: 1
[HDD (BASE 65) ]
TOTAL THIS MO. 248 CLEAR (SCALE 0-3) 14
DPTR FM NORMAL -39 PTCLDY (SCALE 4-7) 11
TOTAL FM JUL 1 2185 CLOUDY (SCALE 8-10) 6
DPTR FM NORMAL -109
[CDD (BASE 65) ]
TOTAL THIS MO. 21
DPTR FM NORMAL -4 [PRESSURE DATA]
TOTAL FM JAN 1 21 HIGHEST SLP M ON M
DPTR FM NORMAL -12 LOWEST SLP M ON M
[REMARKS]
#FINAL-03-21#