000
CXUS54 KFWD 010730
CF6GVT
PRELIMINARY LOCAL CLIMATOLOGICAL DATA (WS FORM: F-6)
STATION: GREENVILLE
MONTH: SEPTEMBER
YEAR: 2023
LATITUDE: 33 4 N
LONGITUDE: 96 4 W
TEMPERATURE IN F: :PCPN: SNOW: WIND :SUNSHINE: SKY :PK WND
================================================================================
1 2 3 4 5 6A 6B 7 8 9 10 11 12 13 14 15 16 17 18
12Z AVG MX 2MIN
DY MAX MIN AVG DEP HDD CDD WTR SNW DPTH SPD SPD DIR MIN PSBL S-S WX SPD DR
================================================================================
1 96 67 82 -1 0 17 0.00 M M 6.0 12 120 M M 1 17 120
2 98 63 81 -1 0 16 0.00 M M 4.5 9 190 M M 0 M M
3 99 69 84 2 0 19 0.09 M M 8.0 16 230 M M 3 1 43 230
4 97 74 86 4 0 21 0.01 M M 10.9 20 150 M M 1 25 150
5 100 78 89 7 0 24 0.00 M M 11.5 16 140 M M 2 23 210
6 102 79 91 10 0 26 0.00 M M 5.4 10 240 M M 1 16 200
7 106 73 90 9 0 25 0.00 M M 4.2 15 230 M M 0 22 230
8 103 73 88 8 0 23 0.00 M M 8.1 17 120 M M 0 25 100
9 93 70 82 2 0 17 0.00 M M 6.7 13 100 M M 1 22 90
10 92 64 78 -2 0 13 0.00 M M 5.1 12 120 M M 0 M M
11 89 61 75 -4 0 10 0.00 M M 5.5 14 150 M M 2 M M
12 86 71 79 0 0 14 0.00 M M 7.6 12 360 M M 8 23 360
13 81 69 75 -4 0 10 0.02 M M 5.4 9 70 M M 7 1 M M
14 77 68 73 -5 0 8 0.16 M M 5.4 9 70 M M 8 1 M M
15 85 66 76 -2 0 11 0.00 M M 4.0 9 130 M M 5 M M
16 89 63 76 -2 0 11 0.00 M M 3.3 10 50 M M 2 M M
17 91 63 77 0 0 12 0.00 M M 4.8 10 40 M M 0 M M
18 94 57 76 -1 0 11 0.00 M M 4.6 15 140 M M 0 21 130
19 95 62 79 3 0 14 0.03 M M 10.0 20 150 M M 3 25 170
20 89 69 79 3 0 14 0.02 M M 13.4 30 160 M M 3 36 160
21 93 67 80 4 0 15 0.00 M M 8.7 15 170 M M 2 21 170
22 95 72 84 9 0 19 0.00 M M 9.9 17 90 M M 1 24 90
23 98 73 86 11 0 21 0.00 M M 10.5 17 170 M M 1 1 24 180
24 97 71 84 10 0 19 0.11 M M 13.2 18 150 M M 4 1 35 120
25 91 67 79 5 0 14 0.04 M M 5.7 16 130 M M 3 1 45 50
26 93 67 80 6 0 15 0.00 M M 3.5 7 40 M M 1 M M
27 93 64 79 6 0 14 0.00 M M 2.6 8 140 M M 0 M M
28 95 66 81 8 0 16 0.00 M M 3.7 8 150 M M 0 M M
29 94 67 81 8 0 16 0.00 M M 6.5 12 170 M M 0 8 17 150
30 93 65 79 7 0 14 0.00 M M 5.2 13 130 M M 0 17 160
================================================================================
SM 2804 2038 0 479 0.48 M 203.9 M 59
================================================================================
AV 93.5 67.9 6.8 FASTST M M 2 MAX(MPH)
MISC ----> 30 160 45 50
================================================================================
NOTES:
# LAST OF SEVERAL OCCURRENCES
COLUMN 17 PEAK WIND IN M.P.H.
PRELIMINARY LOCAL CLIMATOLOGICAL DATA (WS FORM: F-6) , PAGE 2
STATION: GREENVILLE
MONTH: SEPTEMBER
YEAR: 2023
LATITUDE: 33 4 N
LONGITUDE: 96 4 W
[TEMPERATURE DATA] [PRECIPITATION DATA] SYMBOLS USED IN COLUMN 16
AVERAGE MONTHLY: 80.7 TOTAL FOR MONTH: 0.48 1 = FOG OR MIST
DPTR FM NORMAL: 3.1 DPTR FM NORMAL: -2.86 2 = FOG REDUCING VISIBILITY
HIGHEST: 106 ON 7 GRTST 24HR 0.16 ON 14-14 TO 1/4 MILE OR LESS
LOWEST: 57 ON 18 3 = THUNDER
SNOW, ICE PELLETS, HAIL 4 = ICE PELLETS
TOTAL MONTH: M 5 = HAIL
GRTST 24HR M ON M 6 = FREEZING RAIN OR DRIZZLE
GRTST DEPTH: M ON M 7 = DUSTSTORM OR SANDSTORM:
VSBY 1/2 MILE OR LESS
8 = SMOKE OR HAZE
[NO. OF DAYS WITH] [WEATHER - DAYS WITH] 9 = BLOWING SNOW
X = TORNADO
MAX 32 OR BELOW: 0 0.01 INCH OR MORE: 8
MAX 90 OR ABOVE: 23 0.10 INCH OR MORE: 2
MIN 32 OR BELOW: 0 0.50 INCH OR MORE: 0
MIN 0 OR BELOW: 0 1.00 INCH OR MORE: 0
[HDD (BASE 65) ]
TOTAL THIS MO. 0 CLEAR (SCALE 0-3) 23
DPTR FM NORMAL -7 PTCLDY (SCALE 4-7) 5
TOTAL FM JUL 1 0 CLOUDY (SCALE 8-10) 2
DPTR FM NORMAL -5
[CDD (BASE 65) ]
TOTAL THIS MO. 479
DPTR FM NORMAL 93 [PRESSURE DATA]
TOTAL FM JAN 1 2609 HIGHEST SLP M ON M
DPTR FM NORMAL 129 LOWEST SLP M ON M
[REMARKS]
#FINAL-09-23#