000
CXUS54 KJAN 020146
CF6GWO
PRELIMINARY LOCAL CLIMATOLOGICAL DATA (WS FORM: F-6)
STATION: GREENWOOD
MONTH: MAY
YEAR: 2022
LATITUDE: 33 30 N
LONGITUDE: 90 5 W
TEMPERATURE IN F: :PCPN: SNOW: WIND :SUNSHINE: SKY :PK WND
================================================================================
1 2 3 4 5 6A 6B 7 8 9 10 11 12 13 14 15 16 17 18
12Z AVG MX 2MIN
DY MAX MIN AVG DEP HDD CDD WTR SNW DPTH SPD SPD DIR MIN PSBL S-S WX SPD DR
================================================================================
1 87 67 77 9 0 12 0.01 0.0 0 3.3 14 220 M M 2 13 19 220
2 87 64 76 8 0 11 0.00 0.0 0 7.8 21 180 M M 1 28 180
3 87 68 78 9 0 13 T 0.0 0 10.0 28 190 M M 3 36 200
4 90 67 79 10 0 14 0.00 0.0 0 4.8 12 200 M M 1 24 200
5 86 66 76 7 0 11 0.41 0.0 0 8.4 24 140 M M 3 13 33 140
6 78 61 70 0 0 5 0.00 0.0 0 6.8 20 240 M M 6 34 220
7 80 57 69 -1 0 4 0.00 0.0 0 5.6 13 20 M M 0 1 20 360
8 86 54 70 0 0 5 0.00 0.0 0 6.1 14 140 M M 0 22 140
9 88 71 80 10 0 15 0.00 0.0 0 10.7 16 170 M M 4 23 150
10 86 70 78 7 0 13 0.00 0.0 0 7.1 15 130 M M 3 1 28 180
11 94 66 80 9 0 15 0.00 0.0 0 1.7 8 110 M M 1 1 13 90
12 95 71 83 12 0 18 0.00 0.0 0 3.5 13 80 M M 1 138 17 80
13 85 66 76 4 0 11 0.32 0.0 0 5.1 23 100 M M 5 138 32 100
14 88 66 77 5 0 12 0.04 0.0 0 2.6 16 190 M M 3 13 20 180
15 90 67 79 7 0 14 1.20 0.0 0 4.1 30 350 M M 2 138 48 350
16 87 66 77 5 0 12 0.00 0.0 0 4.5 10 10 M M 2 1 15 30
17 87 62 75 2 0 10 0.00 0.0 0 3.1 13 140 M M 0 17 120
18 92 68 80 7 0 15 0.00 0.0 0 9.1 22 210 M M 0 33 200
19 92 74 83 10 0 18 0.00 0.0 0 11.4 22 190 M M 2 31 200
20 92 73 83 9 0 18 0.00 0.0 0 13.6 23 190 M M 1 31 190
21 94 74 84 10 0 19 0.00 0.0 0 10.9 24 180 M M 3 31 170
22 83 69 76 2 0 11 0.09 0.0 0 7.4 18 350 M M 8 38 27 350
23 77 66 72 -2 0 7 0.00 0.0 0 5.2 10 20 M M 9 18 15 350
24 86 68 77 3 0 12 0.76 0.0 0 6.1 23 190 M M 6 138 31 190
25 79 69 74 -1 0 9 0.82 0.0 0 12.3 25 170 M M 5 13 37 170
26 82 66 74 -1 0 9 0.03 0.0 0 8.0 23 220 M M 6 13 34 220
27 79 60 70 -5 0 5 0.00 0.0 0 3.7 10 250 M M 3 17 220
28 85 57 71 -5 0 6 0.00 0.0 0 2.4 8 350 M M 0 1 14 320
29 89 63 76 0 0 11 0.00 0.0 0 7.3 15 180 M M 0 21 180
30 91 71 81 5 0 16 0.00 0.0 0 10.8 18 170 M M 1 24 190
31 92 72 82 6 0 17 0.00 0.0 0 5.8 13 160 M M 1 19 170
================================================================================
SM 2694 2059 0 368 3.68 0.0 209.2 M 82
================================================================================
AV 86.9 66.4 6.7 FASTST M M 3 MAX(MPH)
MISC ----> 30 350 48 350
================================================================================
NOTES:
# LAST OF SEVERAL OCCURRENCES
COLUMN 17 PEAK WIND IN M.P.H.
PRELIMINARY LOCAL CLIMATOLOGICAL DATA (WS FORM: F-6) , PAGE 2
STATION: GREENWOOD
MONTH: MAY
YEAR: 2022
LATITUDE: 33 30 N
LONGITUDE: 90 5 W
[TEMPERATURE DATA] [PRECIPITATION DATA] SYMBOLS USED IN COLUMN 16
AVERAGE MONTHLY: 76.7 TOTAL FOR MONTH: 3.68 1 = FOG OR MIST
DPTR FM NORMAL: 4.4 DPTR FM NORMAL: -0.76 2 = FOG REDUCING VISIBILITY
HIGHEST: 95 ON 12 GRTST 24HR 1.57 ON 24-25 TO 1/4 MILE OR LESS
LOWEST: 54 ON 8 3 = THUNDER
SNOW, ICE PELLETS, HAIL 4 = ICE PELLETS
TOTAL MONTH: 0.0 INCH 5 = HAIL
GRTST 24HR 0.0 6 = FREEZING RAIN OR DRIZZLE
GRTST DEPTH: 0 7 = DUSTSTORM OR SANDSTORM:
VSBY 1/2 MILE OR LESS
8 = SMOKE OR HAZE
[NO. OF DAYS WITH] [WEATHER - DAYS WITH] 9 = BLOWING SNOW
X = TORNADO
MAX 32 OR BELOW: 0 0.01 INCH OR MORE: 9
MAX 90 OR ABOVE: 10 0.10 INCH OR MORE: 5
MIN 32 OR BELOW: 0 0.50 INCH OR MORE: 3
MIN 0 OR BELOW: 0 1.00 INCH OR MORE: 1
[HDD (BASE 65) ]
TOTAL THIS MO. 0 CLEAR (SCALE 0-3) 22
DPTR FM NORMAL -16 PTCLDY (SCALE 4-7) 8
TOTAL FM JUL 1 2113 CLOUDY (SCALE 8-10) 1
DPTR FM NORMAL -457
[CDD (BASE 65) ]
TOTAL THIS MO. 368
DPTR FM NORMAL 125 [PRESSURE DATA]
TOTAL FM JAN 1 514 HIGHEST SLP 30.21 ON 11
DPTR FM NORMAL 157 LOWEST SLP 29.71 ON 19
[REMARKS]
#FINAL-05-22#