000
CXUS54 KEWX 011011
CF6GYB
PRELIMINARY LOCAL CLIMATOLOGICAL DATA (WS FORM: F-6)
STATION: Giddings-Lee County Airport
MONTH: AUGUST
YEAR: 2020
LATITUDE: 30 10 N
LONGITUDE: 96 59 W
TEMPERATURE IN F: :PCPN: SNOW: WIND :SUNSHINE: SKY :PK WND
================================================================================
1 2 3 4 5 6A 6B 7 8 9 10 11 12 13 14 15 16 17 18
12Z AVG MX 2MIN
DY MAX MIN AVG DEP HDD CDD WTR SNW DPTH SPD SPD DIR MIN PSBL S-S WX SPD DR
================================================================================
1 96 71 84 M 0 19 0.50 M M 2.7 10 70 M M 3 M M
2 98 68 83 M 0 18 0.00 M M 2.1 14 80 M M 1 1 28 80
3 100 68 84 M 0 19 0.00 M M 3.1 8 340 M M 1 M M
4 101 76 89 M 0 24 0.00 M M 3.5 9 200 M M 2 M M
5 100 76 88 M 0 23 0.00 M M 6.1 12 230 M M 0 17 150
6 100 73 87 M 0 22 0.00 M M 6.1 12 160 M M 0 18 140
7 100 73 87 M 0 22 0.00 M M 5.5 13 200 M M 1 17 200
8 101 72 87 M 0 22 0.00 M M 4.8 10 140 M M 2 1 16 160
9 100 75 88 M 0 23 0.00 M M 7.1 14 170 M M 2 1 20 140
10 102 75 89 M 0 24 0.00 M M 6.8 14 200 M M 3 1 20 200
11 103 75 89 M 0 24 0.00 M M 6.6 13 200 M M 3 1 20 160
12 103 77 90 M 0 25 0.00 M M 7.3 12 190 M M 3 8 18 220
13 103 80 92 M 0 27 0.00 M M 7.3 12 230 M M 2 17 210
14 105 80 93 M 0 28 0.00 M M 9.2 13 170 M M 1 18 230
15 106 78 92 M 0 27 0.00 M M 6.2 12 190 M M 0 M M
16 106 79 93 M 0 28 0.00 M M 3.6 7 150 M M 0 17 60
17 100 78 89 M 0 24 0.00 M M 3.9 15 50 M M 2 23 50
18 102 74 88 M 0 23 0.00 M M 2.6 10 10 M M 1 18 10
19 102 73 88 M 0 23 0.00 M M 4.3 9 350 M M 0 17 350
20 102 73 88 M 0 23 0.00 M M 3.3 8 80 M M 0 M M
21 102 73 88 M 0 23 0.00 M M 3.0 10 150 M M 2 M M
22 92 70 81 M 0 16 0.33 M M 2.1 6 120 M M 2 1 M M
23 99 70 85 M 0 20 0.00 M M 3.1 10 110 M M 1 20 110
24 99 74 87 M 0 22 0.00 M M 3.5 10 90 M M 1 16 90
25 102 76 89 M 0 24 0.00 M M 4.5 10 90 M M 1 18 70
26 99 79 89 M 0 24 0.05 M M 4.4 10 60 M M 4 21 60
27 101 76 89 M 0 24 0.00 M M 3.5 9 80 M M 2 M M
28 105 78 92 M 0 27 0.21 M M 8.5 15 220 M M 3 18 22 220
29 104 77 91 M 0 26 0.00 M M 5.7 10 230 M M 2 18 160
30 103 82 93 M 0 28 0.00 M M 6.7 10 140 M M 4 18 170
31 103 80 92 M 0 27 0.00 M M 9.1 16 200 M M 4 1 25 170
================================================================================
SM 3139 2329 0 729 1.09 M 156.2 M 53
================================================================================
AV101.3 75.1 5.0 FASTST M M 2 MAX(MPH)
MISC ----> # 16 200 # 28 80
================================================================================
NOTES:
# LAST OF SEVERAL OCCURRENCES
COLUMN 17 PEAK WIND IN M.P.H.
PRELIMINARY LOCAL CLIMATOLOGICAL DATA (WS FORM: F-6) , PAGE 2
STATION: Giddings-Lee County Airport
MONTH: AUGUST
YEAR: 2020
LATITUDE: 30 10 N
LONGITUDE: 96 59 W
[TEMPERATURE DATA] [PRECIPITATION DATA] SYMBOLS USED IN COLUMN 16
AVERAGE MONTHLY: 88.2 TOTAL FOR MONTH: 1.09 1 = FOG OR MIST
DPTR FM NORMAL: M DPTR FM NORMAL: M 2 = FOG REDUCING VISIBILITY
HIGHEST: 106 ON 16,15 GRTST 24HR 0.50 ON 1- 1 TO 1/4 MILE OR LESS
LOWEST: 68 ON 3, 2 3 = THUNDER
SNOW, ICE PELLETS, HAIL 4 = ICE PELLETS
TOTAL MONTH: M 5 = HAIL
GRTST 24HR M ON M 6 = FREEZING RAIN OR DRIZZLE
GRTST DEPTH: M ON M 7 = DUSTSTORM OR SANDSTORM:
VSBY 1/2 MILE OR LESS
8 = SMOKE OR HAZE
[NO. OF DAYS WITH] [WEATHER - DAYS WITH] 9 = BLOWING SNOW
X = TORNADO
MAX 32 OR BELOW: 0 0.01 INCH OR MORE: 4
MAX 90 OR ABOVE: 31 0.10 INCH OR MORE: 3
MIN 32 OR BELOW: 0 0.50 INCH OR MORE: 1
MIN 0 OR BELOW: 0 1.00 INCH OR MORE: 0
[HDD (BASE 65) ]
TOTAL THIS MO. 0 CLEAR (SCALE 0-3) 27
DPTR FM NORMAL M PTCLDY (SCALE 4-7) 4
TOTAL FM JUL 1 0 CLOUDY (SCALE 8-10) 0
DPTR FM NORMAL M
[CDD (BASE 65) ]
TOTAL THIS MO. 729
DPTR FM NORMAL M [PRESSURE DATA]
TOTAL FM JAN 1 2603 HIGHEST SLP M ON M
DPTR FM NORMAL M LOWEST SLP M ON M
[REMARKS]
#FINAL-08-20#