000
CXUS54 KFWD 072148
CF6GYI
PRELIMINARY LOCAL CLIMATOLOGICAL DATA (WS FORM: F-6)
STATION: SHERMAN/DENISON
MONTH: JUNE
YEAR: 2022
LATITUDE: 33 42 N
LONGITUDE: 96 40 W
TEMPERATURE IN F: :PCPN: SNOW: WIND :SUNSHINE: SKY :PK WND
================================================================================
1 2 3 4 5 6A 6B 7 8 9 10 11 12 13 14 15 16 17 18
12Z AVG MX 2MIN
DY MAX MIN AVG DEP HDD CDD WTR SNW DPTH SPD SPD DIR MIN PSBL S-S WX SPD DR
================================================================================
1 89 71 80 5 0 15 0.00 M M 8.0 16 360 M M 4 23 360
2 81 66 74 -1 0 9 1.11 M M 7.1 18 340 M M 7 24 340
3 80 66 73 -2 0 8 0.00 M M 3.7 10 50 M M 4 M M
4 87 64 76 0 0 11 0.00 M M 6.2 10 130 M M 1 M M
5 88 70 79 3 0 14 0.00 M M 12.9 21 150 M M 0 28 150
6 92 76 84 8 0 19 0.00 M M 11.2 20 170 M M 2 28 170
7 89 76 83 7 0 18 0.00 M M 10.0 16 160 M M 4 22 160
8 83 69 76 -1 0 11 0.00 M M 8.5 17 190 M M 2 8 24 190
9 89 68 79 2 0 14 0.00 M M 5.7 10 120 M M 5 M M
10 92 70 81 4 0 16 0.02 M M 7.9 29 300 M M 1 40 300
11 101 75 88 11 0 23 0.00 M M 10.4 16 170 M M 1 1 23 160
12 101 76 89 11 0 24 0.00 M M 13.9 18 170 M M 0 24 190
13 98 77 88 10 0 23 0.00 M M 13.8 20 180 M M 0 24 180
14 96 76 86 8 0 21 0.00 M M 18.2 24 190 M M 0 8 35 190
15 95 77 86 8 0 21 0.00 M M 17.4 25 190 M M 0 33 190
16 97 78 88 10 0 23 0.00 M M 9.3 23 200 M M 0 17 210
17 97 71 84 5 0 19 0.00 M M 4.8 12 150 M M 1 8 M M
18 96 72 84 5 0 19 0.00 M M 5.7 12 80 M M 2 16 90
19 95 73 84 5 0 19 M M M 8.0 17 160 M M 1 24 160
20 97 70 84 5 0 19 0.00 M M 7.6 12 120 M M 0 M M
21 98 78 88 9 0 23 0.00 M M 7.6 13 150 M M 2 M M
22 95 77 86 6 0 21 0.00 M M 5.0 9 60 M M 2 M M
23 98 77 88 8 0 23 0.00 M M 7.0 12 110 M M 1 17 100
24 101 79 90 10 0 25 0.00 M M 10.1 13 150 M M 0 17 200
25 100 77 89 9 0 24 0.00 M M 8.5 12 210 M M 0 21 200
26 94 73 84 4 0 19 0.00 M M 9.7 17 360 M M 0 33 350
27 89 69 79 -1 0 14 0.00 M M 7.6 12 40 M M 2 17 30
28 86 67 77 -4 0 12 0.00 M M 4.7 8 60 M M 0 M M
29 91 67 79 -2 0 14 0.00 M M 5.9 10 100 M M 0 M M
30 97 67 82 1 0 17 0.00 M M 5.8 10 130 M M 0 17 130
================================================================================
SM 2792 2172 0 538 1.13 M 262.0 M 42
================================================================================
AV 93.1 72.4 8.7 FASTST M M 1 MAX(MPH)
MISC ----> 29 300 40 300
================================================================================
NOTES:
# LAST OF SEVERAL OCCURRENCES
COLUMN 17 PEAK WIND IN M.P.H.
PRELIMINARY LOCAL CLIMATOLOGICAL DATA (WS FORM: F-6) , PAGE 2
STATION: SHERMAN/DENISON
MONTH: JUNE
YEAR: 2022
LATITUDE: 33 42 N
LONGITUDE: 96 40 W
[TEMPERATURE DATA] [PRECIPITATION DATA] SYMBOLS USED IN COLUMN 16
AVERAGE MONTHLY: 82.7 TOTAL FOR MONTH: 1.13 1 = FOG OR MIST
DPTR FM NORMAL: 4.6 DPTR FM NORMAL: -3.87 2 = FOG REDUCING VISIBILITY
HIGHEST: 101 ON 24,12 GRTST 24HR 1.11 ON 2- 2 TO 1/4 MILE OR LESS
LOWEST: 64 ON 4 3 = THUNDER
SNOW, ICE PELLETS, HAIL 4 = ICE PELLETS
TOTAL MONTH: M 5 = HAIL
GRTST 24HR M ON M 6 = FREEZING RAIN OR DRIZZLE
GRTST DEPTH: M ON M 7 = DUSTSTORM OR SANDSTORM:
VSBY 1/2 MILE OR LESS
8 = SMOKE OR HAZE
[NO. OF DAYS WITH] [WEATHER - DAYS WITH] 9 = BLOWING SNOW
X = TORNADO
MAX 32 OR BELOW: 0 0.01 INCH OR MORE: 2
MAX 90 OR ABOVE: 20 0.10 INCH OR MORE: 1
MIN 32 OR BELOW: 0 0.50 INCH OR MORE: 1
MIN 0 OR BELOW: 0 1.00 INCH OR MORE: 1
[HDD (BASE 65) ]
TOTAL THIS MO. 0 CLEAR (SCALE 0-3) 25
DPTR FM NORMAL -1 PTCLDY (SCALE 4-7) 5
TOTAL FM JUL 1 2269 CLOUDY (SCALE 8-10) 0
DPTR FM NORMAL -603
[CDD (BASE 65) ]
TOTAL THIS MO. 538
DPTR FM NORMAL 143 [PRESSURE DATA]
TOTAL FM JAN 1 956 HIGHEST SLP M ON M
DPTR FM NORMAL 293 LOWEST SLP M ON M
[REMARKS]
#FINAL-06-22#