000
CXUS54 KFWD 010730
CF6GYI
PRELIMINARY LOCAL CLIMATOLOGICAL DATA (WS FORM: F-6)
STATION: SHERMAN DENISON
MONTH: OCTOBER
YEAR: 2020
LATITUDE: 33 42 N
LONGITUDE: 96 40 W
TEMPERATURE IN F: :PCPN: SNOW: WIND :SUNSHINE: SKY :PK WND
================================================================================
1 2 3 4 5 6A 6B 7 8 9 10 11 12 13 14 15 16 17 18
12Z AVG MX 2MIN
DY MAX MIN AVG DEP HDD CDD WTR SNW DPTH SPD SPD DIR MIN PSBL S-S WX SPD DR
================================================================================
1 76 55 66 -3 0 1 0.00 0.0 0 7.0 14 50 M M 0 21 350
2 73 49 61 -8 4 0 0.00 0.0 0 5.5 10 100 M M 0 M M
3 81 55 68 -1 0 3 0.00 0.0 0 9.5 14 200 M M 2 18 170
4 74 49 62 -6 3 0 0.00 0.0 0 7.3 14 350 M M 4 21 350
5 76 50 63 -5 2 0 0.00 0.0 0 7.3 13 140 M M 0 8 M M
6 84 54 69 1 0 4 0.00 0.0 0 7.0 10 170 M M 0 M M
7 86 61 74 7 0 9 0.00 0.0 0 6.6 10 150 M M 0 M M
8 87 60 74 7 0 9 0.00 0.0 0 5.2 9 100 M M 0 M M
9 82 64 73 6 0 8 0.00 0.0 0 5.0 10 100 M M 6 1 M M
10 85 59 72 6 0 7 0.00 0.0 0 1.2 5 110 M M 4 12 M M
11 94 68 81 15 0 16 0.00 0.0 0 11.7 18 170 M M 0 24 170
12 80 52 66 0 0 1 0.00 0.0 0 11.1 21 350 M M 0 8 28 340
13 82 44 63 -3 2 0 0.00 0.0 0 3.7 12 140 M M 1 8 M M
14 89 56 73 8 0 8 0.00 0.0 0 14.2 22 160 M M 0 30 160
15 76 59 68 3 0 3 0.00 0.0 0 13.9 24 30 M M 6 33 30
16 71 48 60 -5 5 0 0.00 0.0 0 6.1 10 30 M M 1 16 30
17 76 51 64 0 1 0 0.00 0.0 0 13.1 20 150 M M 3 25 150
18 84 55 70 6 0 5 0.00 0.0 0 11.6 18 170 M M 8 25 170
19 61 52 57 -7 8 0 0.00 0.0 0 5.3 9 360 M M 10 1 M M
20 88 55 72 9 0 7 0.00 0.0 0 8.8 17 180 M M 6 18 21 170
21 84 68 76 13 0 11 0.00 0.0 0 11.8 17 140 M M 3 21 160
22 84 66 75 12 0 10 0.00 0.0 0 12.4 22 170 M M 2 32 160
23 75 47 61 -1 4 0 M 0.0 0 15.1 22 340 M M 9 3 29 340
24 59 44 52 -10 13 0 0.00 0.0 0 6.5 14 360 M M 8 21 360
25 57 49 53 -9 12 0 0.00 0.0 0 8.5 14 100 M M 7 1 21 30
26 51 37 44 -18 21 0 M 0.0 0 12.5 20 360 M M 10 13 24 360
27 41 36 39 -22 26 0 0.00 0.0 0 11.5 15 340 M M 10 1 20 360
28 43 37 40 -21 25 0 0.00 0.0 0 9.0 14 300 M M 9 1 21 360
29 60 36 48 -12 17 0 0.00 0.0 0 9.6 23 330 M M 7 31 330
30 70 34 52 -8 13 0 0.00 0.0 0 3.1 7 140 M M 0 M M
31 71 46 59 -1 6 0 0.00 0.0 0 8.9 14 160 M M 0 17 170
================================================================================
SM 2300 1596 162 102 0.00 0.0 270.0 M 116
================================================================================
AV 74.2 51.5 8.7 FASTST M M 4 MAX(MPH)
MISC ----> # 24 30 # 33 30
================================================================================
NOTES:
# LAST OF SEVERAL OCCURRENCES
COLUMN 17 PEAK WIND IN M.P.H.
PRELIMINARY LOCAL CLIMATOLOGICAL DATA (WS FORM: F-6) , PAGE 2
STATION: SHERMAN DENISON
MONTH: OCTOBER
YEAR: 2020
LATITUDE: 33 42 N
LONGITUDE: 96 40 W
[TEMPERATURE DATA] [PRECIPITATION DATA] SYMBOLS USED IN COLUMN 16
AVERAGE MONTHLY: 62.8 TOTAL FOR MONTH: 0.00 1 = FOG OR MIST
DPTR FM NORMAL: -1.7 DPTR FM NORMAL: -5.29 2 = FOG REDUCING VISIBILITY
HIGHEST: 94 ON 11 GRTST 24HR 0.00 ON 31-31 TO 1/4 MILE OR LESS
LOWEST: 34 ON 30 3 = THUNDER
SNOW, ICE PELLETS, HAIL 4 = ICE PELLETS
TOTAL MONTH: 0.0 INCH 5 = HAIL
GRTST 24HR 0.0 6 = FREEZING RAIN OR DRIZZLE
GRTST DEPTH: 0 7 = DUSTSTORM OR SANDSTORM:
VSBY 1/2 MILE OR LESS
8 = SMOKE OR HAZE
[NO. OF DAYS WITH] [WEATHER - DAYS WITH] 9 = BLOWING SNOW
X = TORNADO
MAX 32 OR BELOW: 0 0.01 INCH OR MORE: 0
MAX 90 OR ABOVE: 1 0.10 INCH OR MORE: 0
MIN 32 OR BELOW: 0 0.50 INCH OR MORE: 0
MIN 0 OR BELOW: 0 1.00 INCH OR MORE: 0
[HDD (BASE 65) ]
TOTAL THIS MO. 162 CLEAR (SCALE 0-3) 17
DPTR FM NORMAL 56 PTCLDY (SCALE 4-7) 9
TOTAL FM JUL 1 166 CLOUDY (SCALE 8-10) 5
DPTR FM NORMAL 47
[CDD (BASE 65) ]
TOTAL THIS MO. 102
DPTR FM NORMAL 10 [PRESSURE DATA]
TOTAL FM JAN 1 2337 HIGHEST SLP M ON M
DPTR FM NORMAL 185 LOWEST SLP M ON M
[REMARKS]
#FINAL-10-20#