000
CXUS51 KGYX 021010
CF6GYX
PRELIMINARY LOCAL CLIMATOLOGICAL DATA (WS FORM: F-6)
STATION: GRAY ME
MONTH: JUNE
YEAR: 2021
LATITUDE: 43 53 N
LONGITUDE: 70 15 W
TEMPERATURE IN F: :PCPN: SNOW: WIND :SUNSHINE: SKY :PK WND
================================================================================
1 2 3 4 5 6A 6B 7 8 9 10 11 12 13 14 15 16 17 18
12Z AVG MX 2MIN
DY MAX MIN AVG DEP HDD CDD WTR SNW DPTH SPD SPD DIR MIN PSBL S-S WX SPD DR
================================================================================
1 76 48 62 3 3 0 0.00 0.0 0 M M M M M M M M
2 79 53 66 7 0 1 0.00 0.0 0 M M M M M M M M
3 71 58 65 5 0 0 0.03 0.0 0 M M M M M M M M
4 77 63 70 10 0 5 0.08 0.0 0 M M M M M M M M
5 88 62 75 15 0 10 0.00 0.0 0 M M M M M M M M
6 91 67 79 18 0 14 0.00 0.0 0 M M M M M M M M
7 93 69 81 20 0 16 0.00 0.0 0 M M M M M M M M
8 88 70 79 18 0 14 0.06 0.0 0 M M M M M M M M
9 87 66 77 15 0 12 T 0.0 0 M M M M M M M M
10 72 54 63 1 2 0 0.00 0.0 0 M M M M M M M M
11 60 52 56 -6 9 0 0.03 0.0 0 M M M M M M M M
12 74 50 62 -1 3 0 0.00 0.0 0 M M M M M M M M
13 83 58 71 8 0 6 0.00 0.0 0 M M M M M M M M
14 68 57 63 0 2 0 0.18 0.0 0 M M M M M M M M
15 66 58 62 -2 3 0 0.04 0.0 0 M M M M M M 1 M M
16 71 55 63 -1 2 0 0.00 0.0 0 M M M M M M M M
17 76 51 64 0 1 0 0.00 0.0 0 M M M M M M M M
18 78 54 66 2 0 1 0.00 0.0 0 M M M M M M M M
19 84 61 73 8 0 8 0.07 0.0 0 M M M M M M M M
20 87 64 76 11 0 11 0.00 0.0 0 M M M M M M M M
21 82 63 73 8 0 8 0.00 0.0 0 M M M M M M M M
22 80 56 68 2 0 3 0.18 0.0 0 M M M M M M M M
23 72 52 62 -4 3 0 0.00 0.0 0 M M M M M M M M
24 75 51 63 -3 2 0 0.00 0.0 0 M M M M M M M M
25 68 50 59 -8 6 0 T 0.0 0 M M M M M M M M
26 78 58 68 1 0 3 T 0.0 0 M M M M M M M M
27 91 65 78 11 0 13 0.00 0.0 0 M M M M M M M M
28 95 74 85 18 0 20 T 0.0 0 M M M M M M M M
29 95 74 85 17 0 20 0.00 0.0 0 M M M M M M M M
30 93 72 83 15 0 18 0.16 0.0 0 M M M M M M M M
================================================================================
SM 2398 1785 36 183 0.83 0.0 M M M
================================================================================
AV 79.9 59.5 M FASTST M M M MAX(MPH)
MISC ----> M M M M
================================================================================
NOTES:
# LAST OF SEVERAL OCCURRENCES
COLUMN 17 PEAK WIND IN M.P.H.
PRELIMINARY LOCAL CLIMATOLOGICAL DATA (WS FORM: F-6) , PAGE 2
STATION: GRAY ME
MONTH: JUNE
YEAR: 2021
LATITUDE: 43 53 N
LONGITUDE: 70 15 W
[TEMPERATURE DATA] [PRECIPITATION DATA] SYMBOLS USED IN COLUMN 16
AVERAGE MONTHLY: 69.7 TOTAL FOR MONTH: 0.83 1 = FOG OR MIST
DPTR FM NORMAL: 6.1 DPTR FM NORMAL: -3.90 2 = FOG REDUCING VISIBILITY
HIGHEST: 95 ON 29,28 GRTST 24HR 0.18 ON 14-14 TO 1/4 MILE OR LESS
LOWEST: 48 ON 1 3 = THUNDER
SNOW, ICE PELLETS, HAIL 4 = ICE PELLETS
TOTAL MONTH: 0.0 INCH 5 = HAIL
GRTST 24HR 0.0 6 = FREEZING RAIN OR DRIZZLE
GRTST DEPTH: 0 7 = DUSTSTORM OR SANDSTORM:
VSBY 1/2 MILE OR LESS
8 = SMOKE OR HAZE
[NO. OF DAYS WITH] [WEATHER - DAYS WITH] 9 = BLOWING SNOW
X = TORNADO
MAX 32 OR BELOW: 0 0.01 INCH OR MORE: 9
MAX 90 OR ABOVE: 6 0.10 INCH OR MORE: 3
MIN 32 OR BELOW: 0 0.50 INCH OR MORE: 0
MIN 0 OR BELOW: 0 1.00 INCH OR MORE: 0
[HDD (BASE 65) ]
TOTAL THIS MO. 36 CLEAR (SCALE 0-3) 0
DPTR FM NORMAL -67 PTCLDY (SCALE 4-7) 0
TOTAL FM JUL 1 6589 CLOUDY (SCALE 8-10) 30
DPTR FM NORMAL -575
[CDD (BASE 65) ]
TOTAL THIS MO. 183
DPTR FM NORMAL 122 [PRESSURE DATA]
TOTAL FM JAN 1 201 HIGHEST SLP M ON M
DPTR FM NORMAL 131 LOWEST SLP M ON M
[REMARKS]
#FINAL-06-21#