000
CXUS53 KGID 011242 AAA
CF6HDE
PRELIMINARY LOCAL CLIMATOLOGICAL DATA (WS FORM: F-6)
STATION: HOLDREGE NE
MONTH: SEPTEMBER
YEAR: 2023
LATITUDE: 40 27 N
LONGITUDE: 99 20 W
TEMPERATURE IN F: :PCPN: SNOW: WIND :SUNSHINE: SKY :PK WND
================================================================================
1 2 3 4 5 6A 6B 7 8 9 10 11 12 13 14 15 16 17 18
12Z AVG MX 2MIN
DY MAX MIN AVG DEP HDD CDD WTR SNW DPTH SPD SPD DIR MIN PSBL S-S WX SPD DR
================================================================================
1 92 61 77 M 0 12 0.00 M M 10.8 18 160 M M 0 24 190
2 100 65 83 M 0 18 0.00 M M 10.3 15 210 M M 0 20 210
3 96 62 79 M 0 14 0.00 M M 9.1 13 170 M M 0 16 170
4 95 59 77 M 0 12 0.00 M M 10.8 18 160 M M 0 27 160
5 78 54 66 M 0 1 0.00 M M 13.6 25 320 M M 1 32 320
6 78 48 63 M 2 0 0.00 M M 5.2 9 10 M M 0 18 M M
7 85 50 68 M 0 3 0.00 M M 7.8 15 10 M M 2 18 20 10
8 85 52 69 M 0 4 0.00 M M 4.8 8 100 M M 0 1 M M
9 87 55 71 M 0 6 T M M 7.6 14 100 M M 0 41 0
10 67 56 62 M 3 0 0.74 M M 6.0 14 350 M M 8 13 18 30
11 71 50 61 M 4 0 0.00 M M 6.0 13 60 M M 7 1 16 60
12 74 45 60 M 5 0 0.00 M M 2.1 7 130 M M 0 M M
13 76 48 62 M 3 0 0.00 M M 6.8 13 190 M M 2 21 190
14 79 50 65 M 0 0 0.00 M M 6.4 12 180 M M 4 1 20 150
15 72 55 64 M 1 0 T M M 3.9 7 360 M M 7 12 M M
16 83 51 67 M 0 2 0.00 M M 6.7 14 20 M M 2 1 21 290
17 81 45 63 M 2 0 0.00 M M 5.0 8 150 M M 0 16 170
18 93 50 72 M 0 7 0.00 M M 10.6 21 220 M M 0 30 220
19 91 53 72 M 0 7 0.00 M M 4.8 12 190 M M 0 8 M M
20 90 51 71 M 0 6 0.00 M M 6.3 12 160 M M 0 18 200
21 80 60 70 M 0 5 1.84 M M 14.6 27 80 M M 7 13 35 100
22 71 55 63 M 2 0 0.24 M M 8.1 24 80 M M 7 1 33 80
23 74 55 65 M 0 0 0.01 M M 9.5 21 340 M M 4 1 27 310
24 80 50 65 M 0 0 0.00 M M 8.3 16 300 M M 0 25 300
25 83 48 66 M 0 1 0.00 M M 4.3 8 250 M M 0 M M
26 77 51 64 M 1 0 0.00 M M 7.6 15 40 M M 0 8 20 70
27 80 48 64 M 1 0 0.00 M M 5.8 12 130 M M 0 18 130
28 95 56 76 M 0 11 0.00 M M 12.5 25 180 M M 0 31 180
29 92 68 80 M 0 15 0.00 M M 12.6 18 190 M M 1 8 25 190
30 93 62 78 M 0 13 0.00 M M 16.0 27 180 M M 0 35 180
================================================================================
SM 2498 1613 24 137 2.83 M 243.9 M 52
================================================================================
AV 83.3 53.8 8.1 FASTST M M 2 MAX(MPH)
MISC ----> # 27 80 M M
================================================================================
NOTES:
# LAST OF SEVERAL OCCURRENCES
COLUMN 17 PEAK WIND IN M.P.H.
PRELIMINARY LOCAL CLIMATOLOGICAL DATA (WS FORM: F-6) , PAGE 2
STATION: HOLDREGE NE
MONTH: SEPTEMBER
YEAR: 2023
LATITUDE: 40 27 N
LONGITUDE: 99 20 W
[TEMPERATURE DATA] [PRECIPITATION DATA] SYMBOLS USED IN COLUMN 16
AVERAGE MONTHLY: 68.5 TOTAL FOR MONTH: 2.83 1 = FOG OR MIST
DPTR FM NORMAL: M DPTR FM NORMAL: M 2 = FOG REDUCING VISIBILITY
HIGHEST: 100 ON 2 GRTST 24HR 1.84 ON 21-21 TO 1/4 MILE OR LESS
LOWEST: 45 ON 17,12 3 = THUNDER
SNOW, ICE PELLETS, HAIL 4 = ICE PELLETS
TOTAL MONTH: M 5 = HAIL
GRTST 24HR M ON M 6 = FREEZING RAIN OR DRIZZLE
GRTST DEPTH: M ON M 7 = DUSTSTORM OR SANDSTORM:
VSBY 1/2 MILE OR LESS
8 = SMOKE OR HAZE
[NO. OF DAYS WITH] [WEATHER - DAYS WITH] 9 = BLOWING SNOW
X = TORNADO
MAX 32 OR BELOW: 0 0.01 INCH OR MORE: 4
MAX 90 OR ABOVE: 10 0.10 INCH OR MORE: 3
MIN 32 OR BELOW: 0 0.50 INCH OR MORE: 2
MIN 0 OR BELOW: 0 1.00 INCH OR MORE: 1
[HDD (BASE 65) ]
TOTAL THIS MO. 24 CLEAR (SCALE 0-3) 23
DPTR FM NORMAL M PTCLDY (SCALE 4-7) 7
TOTAL FM JUL 1 31 CLOUDY (SCALE 8-10) 0
DPTR FM NORMAL M
[CDD (BASE 65) ]
TOTAL THIS MO. 137
DPTR FM NORMAL M [PRESSURE DATA]
TOTAL FM JAN 1 911 HIGHEST SLP M ON M
DPTR FM NORMAL M LOWEST SLP M ON M
[REMARKS]
#FINAL-09-23#