000
CXUS54 KEWX 132133
CF6HDO
PRELIMINARY LOCAL CLIMATOLOGICAL DATA (WS FORM: F-6)
STATION: HONDO
MONTH: DECEMBER
YEAR: 2020
LATITUDE: 29 21 N
LONGITUDE: 99 10 W
TEMPERATURE IN F: :PCPN: SNOW: WIND :SUNSHINE: SKY :PK WND
================================================================================
1 2 3 4 5 6A 6B 7 8 9 10 11 12 13 14 15 16 17 18
12Z AVG MX 2MIN
DY MAX MIN AVG DEP HDD CDD WTR SNW DPTH SPD SPD DIR MIN PSBL S-S WX SPD DR
================================================================================
1 62 26 44 -11 21 0 0.00 M M 7.7 18 170 M M 0 26 150
2 70 40 55 1 10 0 0.00 M M 10.2 23 360 M M 0 29 10
3 59 31 45 -9 20 0 0.00 M M 9.1 21 350 M M 0 26 340
4 59 30 45 -9 20 0 0.00 M M 4.4 12 330 M M 0 19 360
5 56 36 46 -8 19 0 0.01 M M 3.5 9 360 M M 6 11 360
6 71 31 51 -2 14 0 0.00 M M 8.1 20 310 M M 0 24 300
7 72 33 53 0 12 0 0.00 M M 5.0 10 340 M M 0 13 240
8 79 34 57 4 8 0 0.00 0.0 0 5.6 13 240 M M 0 16 230
9 80 35 58 5 7 0 0.00 0.0 0 5.2 14 210 M M 0 19 200
10 78 37 58 6 7 0 0.00 M M 8.4 16 140 M M 0 26 150
11 76 49 63 11 2 0 T M M 5.6 13 130 M M 4 16 120
12 70 40 55 3 10 0 0.00 M M 8.8 17 70 M M 1 21 40
13 76 41 59 7 6 0 0.01 M M 15.1 36 320 M M 5 128 45 330
14 58 27 43 -9 22 0 0.00 M M 7.6 14 360 M M 0 19 10
15 64 32 48 -4 17 0 0.00 M M 8.5 28 360 M M 3 12 37 350
16 64 28 46 -6 19 0 0.00 M M 6.9 17 360 M M 0 22 10
17 63 27 45 -6 20 0 0.00 M M 6.2 13 150 M M 0 18 140
18 65 33 49 -2 16 0 0.00 M M 6.9 17 150 M M 6 23 140
19 77 39 58 7 7 0 T M M 7.4 20 340 M M 5 1 30 330
20 75 33 54 3 11 0 0.00 M M 6.5 18 250 M M 0 26 250
21 74 33 54 3 11 0 0.00 M M 5.6 13 210 M M 0 18 200
22 75 43 59 8 6 0 0.00 M M 8.4 20 170 M M 7 26 170
23 80 49 65 14 0 0 0.00 M M 10.1 36 20 M M 6 1 46 20
24 59 31 45 -6 20 0 0.00 M M 12.5 37 10 M M 0 50 360
25 70 31 51 0 14 0 0.00 M M 5.0 12 210 M M 0 17 200
26 70 33 52 1 13 0 0.00 M M 6.4 16 170 M M 0 23 230
27 75 36 56 5 9 0 0.00 M M 6.0 12 180 M M 0 17 200
28 78 48 63 12 2 0 0.00 M M 13.3 23 130 M M 8 1 32 140
29 76 64 70 19 0 5 0.02 M M 15.8 22 150 M M 8 1 30 160
30 72 46 59 8 6 0 0.44 M M 15.5 32 30 M M 10 13 43 20
31 47 39 43 -8 22 0 0.26 M M 15.1 25 20 M M 10 13 39 30
================================================================================
SM 2150 1135 371 5 0.74 0.0 260.4 M 79
================================================================================
AV 69.4 36.6 8.4 FASTST M M 3 MAX(MPH)
MISC ----> 37 10 50 360
================================================================================
NOTES:
# LAST OF SEVERAL OCCURRENCES
COLUMN 17 PEAK WIND IN M.P.H.
PRELIMINARY LOCAL CLIMATOLOGICAL DATA (WS FORM: F-6) , PAGE 2
STATION: HONDO
MONTH: DECEMBER
YEAR: 2020
LATITUDE: 29 21 N
LONGITUDE: 99 10 W
[TEMPERATURE DATA] [PRECIPITATION DATA] SYMBOLS USED IN COLUMN 16
AVERAGE MONTHLY: 53.0 TOTAL FOR MONTH: 0.74 1 = FOG OR MIST
DPTR FM NORMAL: 1.1 DPTR FM NORMAL: -0.40 2 = FOG REDUCING VISIBILITY
HIGHEST: 80 ON 23, 9 GRTST 24HR 0.66 ON 30-31 TO 1/4 MILE OR LESS
LOWEST: 26 ON 1 3 = THUNDER
SNOW, ICE PELLETS, HAIL 4 = ICE PELLETS
TOTAL MONTH: 0.0 INCH 5 = HAIL
GRTST 24HR 0.0 6 = FREEZING RAIN OR DRIZZLE
GRTST DEPTH: 0 7 = DUSTSTORM OR SANDSTORM:
VSBY 1/2 MILE OR LESS
8 = SMOKE OR HAZE
[NO. OF DAYS WITH] [WEATHER - DAYS WITH] 9 = BLOWING SNOW
X = TORNADO
MAX 32 OR BELOW: 0 0.01 INCH OR MORE: 5
MAX 90 OR ABOVE: 0 0.10 INCH OR MORE: 2
MIN 32 OR BELOW: 10 0.50 INCH OR MORE: 0
MIN 0 OR BELOW: 0 1.00 INCH OR MORE: 0
[HDD (BASE 65) ]
TOTAL THIS MO. 371 CLEAR (SCALE 0-3) 20
DPTR FM NORMAL -43 PTCLDY (SCALE 4-7) 9
TOTAL FM JUL 1 516 CLOUDY (SCALE 8-10) 2
DPTR FM NORMAL -129
[CDD (BASE 65) ]
TOTAL THIS MO. 5
DPTR FM NORMAL -5 [PRESSURE DATA]
TOTAL FM JAN 1 3378 HIGHEST SLP M ON M
DPTR FM NORMAL 450 LOWEST SLP 29.74 ON 30
[REMARKS]
#FINAL-12-20#