000
CXUS54 KEWX 011110
CF6HDO
PRELIMINARY LOCAL CLIMATOLOGICAL DATA (WS FORM: F-6)
STATION: HONDO
MONTH: DECEMBER
YEAR: 2023
LATITUDE: 29 21 N
LONGITUDE: 99 10 W
TEMPERATURE IN F: :PCPN: SNOW: WIND :SUNSHINE: SKY :PK WND
================================================================================
1 2 3 4 5 6A 6B 7 8 9 10 11 12 13 14 15 16 17 18
12Z AVG MX 2MIN
DY MAX MIN AVG DEP HDD CDD WTR SNW DPTH SPD SPD DIR MIN PSBL S-S WX SPD DR
================================================================================
1 79 49 64 8 1 0 0.00 M M 6.8 13 50 M M 1 1 18 30
2 75 47 61 5 4 0 0.00 M M 7.9 17 280 M M 0 23 290
3 75 40 58 3 7 0 0.00 M M 6.2 16 250 M M 0 20 230
4 74 42 58 3 7 0 0.00 M M 7.4 17 60 M M 0 24 50
5 74 41 58 3 7 0 0.00 M M 4.9 10 10 M M 0 12 100
6 72 43 58 4 7 0 M M M 5.7 13 120 M M 0 19 130
7 72 45 59 5 6 0 0.00 M M 7.0 16 170 M M 9 20 170
8 73 55 64 10 1 0 0.00 M M 6.1 12 190 M M 5 15 190
9 83 52 68 14 0 3 0.00 M M 9.7 26 10 M M 3 35 10
10 64 33 49 -5 16 0 0.00 M M 6.4 18 10 M M 0 25 20
11 68 29 49 -4 16 0 0.00 M M 6.4 13 170 M M 0 18 180
12 68 37 53 0 12 0 T M M 9.8 22 140 M M 7 27 140
13 60 54 57 4 8 0 0.38 M M 13.1 23 110 M M 10 33 110
14 62 51 57 4 8 0 0.10 M M 9.7 16 60 M M 10 21 70
15 66 53 60 7 5 0 0.19 M M 6.8 17 360 M M 9 21 340
16 71 40 56 4 9 0 0.00 M M 7.1 17 350 M M 0 22 350
17 72 34 53 1 12 0 0.00 M M 5.7 14 250 M M 0 19 250
18 75 38 57 5 8 0 0.00 M M 6.7 15 70 M M 0 19 60
19 69 41 55 3 10 0 0.00 0.0 M 7.9 16 140 M M 0 20 140
20 72 46 59 7 6 0 M M M 8.4 20 180 M M 6 25 180
21 66 61 64 12 1 0 0.16 M M 6.8 14 130 M M 9 1 17 120
22 73 61 67 15 0 2 T M M 4.6 10 130 M M 9 1 15 120
23 71 64 68 16 0 3 T M M 10.4 17 180 M M 9 1 22 140
24 76 50 63 11 2 0 0.30 M M 9.9 25 10 M M 5 13 32 10
25 60 43 52 1 13 0 0.00 M M 10.7 22 360 M M 1 29 360
26 61 34 48 -3 17 0 0.00 M M 4.9 14 160 M M 2 19 190
27 71 33 52 1 13 0 0.00 M M 6.2 13 360 M M 0 17 310
28 64 34 49 -2 16 0 0.00 M M 5.2 14 20 M M 0 16 300
29 65 34 50 -1 15 0 0.00 M M 6.8 16 280 M M 0 21 270
30 72 30 51 0 14 0 0.00 M M 4.9 13 220 M M 0 18 220
31 75 36 56 5 9 0 0.00 M M 7.1 16 170 M M 0 21 160
================================================================================
SM 2178 1350 250 8 1.13 0.0 227.2 M 95
================================================================================
AV 70.3 43.5 7.3 FASTST M M 3 MAX(MPH)
MISC ----> 26 10 35 10
================================================================================
NOTES:
# LAST OF SEVERAL OCCURRENCES
COLUMN 17 PEAK WIND IN M.P.H.
PRELIMINARY LOCAL CLIMATOLOGICAL DATA (WS FORM: F-6) , PAGE 2
STATION: HONDO
MONTH: DECEMBER
YEAR: 2023
LATITUDE: 29 21 N
LONGITUDE: 99 10 W
[TEMPERATURE DATA] [PRECIPITATION DATA] SYMBOLS USED IN COLUMN 16
AVERAGE MONTHLY: 56.9 TOTAL FOR MONTH: 1.13 1 = FOG OR MIST
DPTR FM NORMAL: 4.0 DPTR FM NORMAL: -0.05 2 = FOG REDUCING VISIBILITY
HIGHEST: 83 ON 9 GRTST 24HR 0.46 ON 13-14 TO 1/4 MILE OR LESS
LOWEST: 29 ON 11 3 = THUNDER
SNOW, ICE PELLETS, HAIL 4 = ICE PELLETS
TOTAL MONTH: 0.0 INCH 5 = HAIL
GRTST 24HR 0.0 6 = FREEZING RAIN OR DRIZZLE
GRTST DEPTH: M ON M 7 = DUSTSTORM OR SANDSTORM:
VSBY 1/2 MILE OR LESS
8 = SMOKE OR HAZE
[NO. OF DAYS WITH] [WEATHER - DAYS WITH] 9 = BLOWING SNOW
X = TORNADO
MAX 32 OR BELOW: 0 0.01 INCH OR MORE: 5
MAX 90 OR ABOVE: 0 0.10 INCH OR MORE: 5
MIN 32 OR BELOW: 2 0.50 INCH OR MORE: 0
MIN 0 OR BELOW: 0 1.00 INCH OR MORE: 0
[HDD (BASE 65) ]
TOTAL THIS MO. 250 CLEAR (SCALE 0-3) 19
DPTR FM NORMAL -137 PTCLDY (SCALE 4-7) 5
TOTAL FM JUL 1 458 CLOUDY (SCALE 8-10) 7
DPTR FM NORMAL -150
[CDD (BASE 65) ]
TOTAL THIS MO. 8
DPTR FM NORMAL -3 [PRESSURE DATA]
TOTAL FM JAN 1 3777 HIGHEST SLP 30.44 ON 10
DPTR FM NORMAL 630 LOWEST SLP 29.76 ON 24
[REMARKS]
#FINAL-12-23#