000
CXUS51 KLWX 012140
CF6HGR
PRELIMINARY LOCAL CLIMATOLOGICAL DATA (WS FORM: F-6)
STATION: HAGERSTOWN MD
MONTH: MARCH
YEAR: 2022
LATITUDE: 39 42 N
LONGITUDE: 77 43 W
TEMPERATURE IN F: :PCPN: SNOW: WIND :SUNSHINE: SKY :PK WND
================================================================================
1 2 3 4 5 6A 6B 7 8 9 10 11 12 13 14 15 16 17 18
12Z AVG MX 2MIN
DY MAX MIN AVG DEP HDD CDD WTR SNW DPTH SPD SPD DIR MIN PSBL S-S WX SPD DR
================================================================================
1 56 31 44 5 21 0 0.00 M M 8.4 18 170 M M 4 23 170
2 59 38 49 10 16 0 0.00 M M 4.4 13 310 M M 3 16 330
3 54 28 41 2 24 0 0.01 M M 12.9 26 330 M M 2 32 330
4 43 19 31 -9 34 0 0.00 M M 4.5 12 220 M M 0 19 170
5 59 28 44 4 21 0 0.00 M M 6.4 18 150 M M 0 24 180
6 74 40 57 17 8 0 T M M 7.8 20 230 M M 6 31 230
7 73 44 59 19 6 0 0.06 M M 12.6 37 280 M M 4 49 270
8 47 38 43 2 22 0 0.00 M M 11.4 32 300 M M 5 37 310
9 42 34 38 -3 27 0 0.30 M M 5.4 16 310 M M 9 1 21 360
10 51 29 40 -1 25 0 0.00 M M 3.4 10 190 M M 2 18 21 210
11 61 33 47 5 18 0 0.00 M M 8.6 18 160 M M 0 26 170
12 50 19 35 -7 30 0 0.49 M M 20.4 33 300 M M 8 1289 42 310
13 38 16 27 -15 38 0 T M M 10.5 30 300 M M 4 8 37 300
14 60 27 44 1 21 0 0.00 M M 8.3 17 180 M M 0 25 170
15 70 40 55 12 10 0 0.00 M M 6.3 20 280 M M 2 23 280
16 70 42 56 13 9 0 0.00 M M 6.4 20 170 M M 1 30 200
17 67 49 58 14 7 0 0.08 M M 5.5 14 350 M M 7 1 23 290
18 73 44 59 15 6 0 0.00 M M 9.2 23 160 M M 2 12 29 150
19 74 54 64 20 1 0 0.09 M M 13.8 25 160 M M 2 3 33 180
20 55 46 51 6 14 0 0.00 M M 15.6 28 290 M M 6 37 290
21 69 40 55 10 10 0 0.00 M M 7.5 18 270 M M 1 24 270
22 59 43 51 6 14 0 0.00 M M 6.7 13 20 M M 0 23 350
23 51 45 48 2 17 0 0.25 M M 7.3 13 90 M M 7 1 20 170
24 58 42 50 4 15 0 0.03 M M 7.5 17 350 M M 8 128 20 350
25 55 42 49 3 16 0 0.00 M M 10.8 24 280 M M 6 12 32 270
26 50 37 44 -3 21 0 T M M 12.4 37 290 M M 8 46 290
27 39 27 33 -14 32 0 0.00 M M 17.9 31 290 M M 9 38 290
28 36 22 29 -19 36 0 T M M 17.4 37 300 M M 7 43 310
29 44 20 32 -16 33 0 0.00 M M 10.1 22 330 M M 1 27 310
30 59 28 44 -4 21 0 T M M 8.5 20 150 M M 3 27 160
31 75 54 65 16 0 0 0.43 M M 15.9 38 190 M M 6 13 49 200
================================================================================
SM 1771 1099 573 0 1.74 M 303.8 M 123
================================================================================
AV 57.1 35.5 9.8 FASTST M M 4 MAX(MPH)
MISC ----> 38 190 # 49 270
================================================================================
NOTES:
# LAST OF SEVERAL OCCURRENCES
COLUMN 17 PEAK WIND IN M.P.H.
PRELIMINARY LOCAL CLIMATOLOGICAL DATA (WS FORM: F-6) , PAGE 2
STATION: HAGERSTOWN MD
MONTH: MARCH
YEAR: 2022
LATITUDE: 39 42 N
LONGITUDE: 77 43 W
[TEMPERATURE DATA] [PRECIPITATION DATA] SYMBOLS USED IN COLUMN 16
AVERAGE MONTHLY: 46.3 TOTAL FOR MONTH: 1.74 1 = FOG OR MIST
DPTR FM NORMAL: 2.9 DPTR FM NORMAL: -1.30 2 = FOG REDUCING VISIBILITY
HIGHEST: 75 ON 31 GRTST 24HR 0.49 ON 12-12 TO 1/4 MILE OR LESS
LOWEST: 16 ON 13 3 = THUNDER
SNOW, ICE PELLETS, HAIL 4 = ICE PELLETS
TOTAL MONTH: M 5 = HAIL
GRTST 24HR M ON M 6 = FREEZING RAIN OR DRIZZLE
GRTST DEPTH: M ON M 7 = DUSTSTORM OR SANDSTORM:
VSBY 1/2 MILE OR LESS
8 = SMOKE OR HAZE
[NO. OF DAYS WITH] [WEATHER - DAYS WITH] 9 = BLOWING SNOW
X = TORNADO
MAX 32 OR BELOW: 0 0.01 INCH OR MORE: 9
MAX 90 OR ABOVE: 0 0.10 INCH OR MORE: 4
MIN 32 OR BELOW: 12 0.50 INCH OR MORE: 0
MIN 0 OR BELOW: 0 1.00 INCH OR MORE: 0
[HDD (BASE 65) ]
TOTAL THIS MO. 573 CLEAR (SCALE 0-3) 14
DPTR FM NORMAL -98 PTCLDY (SCALE 4-7) 14
TOTAL FM JUL 1 3925 CLOUDY (SCALE 8-10) 3
DPTR FM NORMAL -338
[CDD (BASE 65) ]
TOTAL THIS MO. 0
DPTR FM NORMAL -1 [PRESSURE DATA]
TOTAL FM JAN 1 0 HIGHEST SLP 30.61 ON 4
DPTR FM NORMAL -1 LOWEST SLP 29.38 ON 31
[REMARKS]
#FINAL-03-22#