000
CXUS53 KGID 012016
CF6HJH
PRELIMINARY LOCAL CLIMATOLOGICAL DATA (WS FORM: F-6)
STATION: HEBRON
MONTH: MAY
YEAR: 2021
LATITUDE: 40 9 N
LONGITUDE: 97 35 W
TEMPERATURE IN F: :PCPN: SNOW: WIND :SUNSHINE: SKY :PK WND
================================================================================
1 2 3 4 5 6A 6B 7 8 9 10 11 12 13 14 15 16 17 18
12Z AVG MX 2MIN
DY MAX MIN AVG DEP HDD CDD WTR SNW DPTH SPD SPD DIR MIN PSBL S-S WX SPD DR
================================================================================
1 86 57 72 M 0 7 0.00 M M 16.4 25 210 M M 0 35 210
2 84 60 72 M 0 7 T M M 12.9 20 190 M M 4 27 190
3 64 52 58 M 7 0 0.02 M M 15.4 25 20 M M 7 33 360
4 65 40 53 M 12 0 0.00 M M 9.1 18 30 M M 0 25 30
5 71 35 53 M 12 0 0.02 M M 6.3 17 M M M 5 25 M
6 67 41 54 M 11 0 0.00 M M 8.6 13 10 M M 1 22 360
7 70 43 57 M 8 0 0.00 M M 5.8 14 120 M M 6 21 110
8 83 46 65 M 0 0 0.75 M M 15.6 24 70 M M 6 37 50
9 54 42 48 M 17 0 T M M 9.8 20 20 M M 9 1 29 10
10 62 39 51 M 14 0 T M M 4.1 12 30 M M 4 16 360
11 62 46 54 M 11 0 0.00 M M 5.0 14 110 M M 4 17 110
12 64 37 51 M 14 0 0.00 M M 4.5 12 160 M M 4 M M
13 72 38 55 M 10 0 0.00 M M 8.9 17 170 M M 1 21 170
14 68 52 60 M 5 0 0.00 M M 8.2 16 200 M M 8 25 200
15 76 55 66 M 0 1 0.00 M M 3.7 14 170 M M 6 M M
16 69 59 64 M 1 0 0.32 M M 9.1 14 80 M M 9 1 18 100
17 70 59 65 M 0 0 T M M 5.9 9 70 M M 10 1 18 80
18 76 60 68 M 0 3 T M M 4.0 8 110 M M 7 1 M M
19 73 62 68 M 0 3 0.01 M M 5.1 14 170 M M 9 1 20 170
20 76 63 70 M 0 5 0.18 M M 10.3 18 160 M M 8 33 150
21 83 64 74 M 0 9 0.00 M M 15.1 21 180 M M 7 28 160
22 81 67 74 M 0 9 0.00 M M 11.4 17 170 M M 6 23 170
23 85 65 75 M 0 10 0.00 M M 11.2 18 170 M M 7 27 170
24 81 66 74 M 0 9 T M M 11.3 20 170 M M 9 29 180
25 84 63 74 M 0 9 T M M 7.5 14 290 M M 4 21 290
26 89 53 71 M 0 6 0.54 M M 9.3 28 140 M M 3 123 32 140
27 72 55 64 M 1 0 0.89 M M 12.5 20 10 M M 8 3 30 340
28 58 48 53 M 12 0 T M M 9.5 15 20 M M 9 23 20
29 66 48 57 M 8 0 0.00 M M 7.6 16 140 M M 6 21 140
30 60 49 55 M 10 0 0.31 M M 3.3 7 130 M M 8 M M
31 71 53 62 M 3 0 0.01 M M 3.3 8 80 M M 7 1 M M
================================================================================
SM 2242 1617 156 78 3.05 M 270.7 M 182
================================================================================
AV 72.3 52.2 8.7 FASTST M M 6 MAX(MPH)
MISC ----> 28 140 M M
================================================================================
NOTES:
# LAST OF SEVERAL OCCURRENCES
COLUMN 17 PEAK WIND IN M.P.H.
PRELIMINARY LOCAL CLIMATOLOGICAL DATA (WS FORM: F-6) , PAGE 2
STATION: HEBRON
MONTH: MAY
YEAR: 2021
LATITUDE: 40 9 N
LONGITUDE: 97 35 W
[TEMPERATURE DATA] [PRECIPITATION DATA] SYMBOLS USED IN COLUMN 16
AVERAGE MONTHLY: 62.2 TOTAL FOR MONTH: 3.05 1 = FOG OR MIST
DPTR FM NORMAL: M DPTR FM NORMAL: M 2 = FOG REDUCING VISIBILITY
HIGHEST: 89 ON 26 GRTST 24HR 0.89 ON 27-27 TO 1/4 MILE OR LESS
LOWEST: 35 ON 5 3 = THUNDER
SNOW, ICE PELLETS, HAIL 4 = ICE PELLETS
TOTAL MONTH: M 5 = HAIL
GRTST 24HR M ON M 6 = FREEZING RAIN OR DRIZZLE
GRTST DEPTH: M ON M 7 = DUSTSTORM OR SANDSTORM:
VSBY 1/2 MILE OR LESS
8 = SMOKE OR HAZE
[NO. OF DAYS WITH] [WEATHER - DAYS WITH] 9 = BLOWING SNOW
X = TORNADO
MAX 32 OR BELOW: 0 0.01 INCH OR MORE: 10
MAX 90 OR ABOVE: 0 0.10 INCH OR MORE: 6
MIN 32 OR BELOW: 0 0.50 INCH OR MORE: 3
MIN 0 OR BELOW: 0 1.00 INCH OR MORE: 0
[HDD (BASE 65) ]
TOTAL THIS MO. 156 CLEAR (SCALE 0-3) 5
DPTR FM NORMAL M PTCLDY (SCALE 4-7) 20
TOTAL FM JUL 1 5468 CLOUDY (SCALE 8-10) 6
DPTR FM NORMAL M
[CDD (BASE 65) ]
TOTAL THIS MO. 78
DPTR FM NORMAL M [PRESSURE DATA]
TOTAL FM JAN 1 100 HIGHEST SLP M ON M
DPTR FM NORMAL M LOWEST SLP M ON M
[REMARKS]
#FINAL-05-21#