000
CXUS54 KJAN 020036
CF6HKS
PRELIMINARY LOCAL CLIMATOLOGICAL DATA (WS FORM: F-6)
STATION: JACKSON HAWKINS
MONTH: JANUARY
YEAR: 2021
LATITUDE: 32 20 N
LONGITUDE: 90 14 W
TEMPERATURE IN F: :PCPN: SNOW: WIND :SUNSHINE: SKY :PK WND
================================================================================
1 2 3 4 5 6A 6B 7 8 9 10 11 12 13 14 15 16 17 18
12Z AVG MX 2MIN
DY MAX MIN AVG DEP HDD CDD WTR SNW DPTH SPD SPD DIR MIN PSBL S-S WX SPD DR
================================================================================
1 69 41 55 8 10 0 0.65 0.0 0 10.5 30 250 M M 2 1 43 250
2 44 36 40 -7 25 0 0.00 0.0 0 5.1 15 250 M M 7 19 270
3 55 31 43 -4 22 0 0.00 0.0 0 2.3 8 180 M M 0 1 11 210
4 65 35 50 4 15 0 0.00 0.0 0 4.9 18 240 M M 1 18 27 230
5 62 36 49 3 16 0 0.00 0.0 0 3.2 9 40 M M 0 1 15 60
6 57 33 45 -1 20 0 0.00 0.0 0 7.2 15 140 M M 1 24 100
7 51 38 45 -1 20 0 0.61 0.0 0 11.5 18 310 M M 10 138 28 100
8 40 37 39 -7 26 0 0.00 0.0 0 9.4 16 320 M M 10 18 25 310
9 45 33 39 -7 26 0 0.00 0.0 0 5.8 13 310 M M 10 22 350
10 40 33 37 -9 28 0 0.25 M M 4.6 9 80 M M 10 1 14 40
11 35 33 34 -12 31 0 0.35 M M 5.4 13 320 M M 10 18 19 310
12 48 29 39 -7 26 0 0.00 0.0 0 3.0 9 290 M M 4 18 14 320
13 54 30 42 -4 23 0 0.04 M M 3.5 12 250 M M 3 148 17 250
14 65 31 48 2 17 0 0.00 0.0 0 7.5 20 230 M M 1 18 30 230
15 54 37 46 0 19 0 0.00 0.0 0 11.1 25 260 M M 1 36 270
16 51 33 42 -4 23 0 0.00 0.0 0 7.1 16 280 M M 0 8 24 300
17 61 32 47 1 18 0 0.00 0.0 0 5.8 22 280 M M 1 32 290
18 62 29 46 0 19 0 0.00 0.0 0 2.0 15 260 M M 0 8 21 270
19 60 41 51 5 14 0 T 0.0 0 3.8 10 160 M M 7 1 16 160
20 57 49 53 7 12 0 0.03 0.0 0 1.4 9 60 M M 10 1 13 60
21 64 54 59 13 6 0 0.50 0.0 0 5.4 13 240 M M 10 18 19 250
22 58 51 55 8 10 0 0.49 0.0 0 3.4 8 40 M M 10 18 15 40
23 59 46 53 6 12 0 T 0.0 0 5.4 13 70 M M 8 18 90
24 68 50 59 12 6 0 0.06 0.0 0 6.7 14 130 M M 8 1 20 120
25 77 59 68 21 0 3 0.36 0.0 0 11.0 26 160 M M 9 13 37 160
26 70 49 60 13 5 0 0.00 0.0 0 3.6 9 130 M M 7 12 14 120
27 60 41 51 4 14 0 0.02 0.0 0 8.3 20 300 M M 7 27 300
28 51 35 43 -4 22 0 0.00 0.0 0 5.9 16 350 M M 3 24 350
29 61 32 47 0 18 0 0.00 0.0 0 3.2 10 140 M M 1 12 140
30 64 43 54 7 11 0 0.03 0.0 0 11.6 22 180 M M 8 32 170
31 66 43 55 7 10 0 0.15 0.0 0 11.1 21 310 M M 10 1 32 300
================================================================================
SM 1773 1200 524 3 3.54 0.0 190.7 M 169
================================================================================
AV 57.2 38.7 6.2 FASTST M M 5 MAX(MPH)
MISC ----> 30 250 43 250
================================================================================
NOTES:
# LAST OF SEVERAL OCCURRENCES
COLUMN 17 PEAK WIND IN M.P.H.
PRELIMINARY LOCAL CLIMATOLOGICAL DATA (WS FORM: F-6) , PAGE 2
STATION: JACKSON HAWKINS
MONTH: JANUARY
YEAR: 2021
LATITUDE: 32 20 N
LONGITUDE: 90 14 W
[TEMPERATURE DATA] [PRECIPITATION DATA] SYMBOLS USED IN COLUMN 16
AVERAGE MONTHLY: 48.0 TOTAL FOR MONTH: 3.54 1 = FOG OR MIST
DPTR FM NORMAL: 1.4 DPTR FM NORMAL: -1.47 2 = FOG REDUCING VISIBILITY
HIGHEST: 77 ON 25 GRTST 24HR 1.43 ON 31- 1 TO 1/4 MILE OR LESS
LOWEST: 29 ON 18,12 3 = THUNDER
SNOW, ICE PELLETS, HAIL 4 = ICE PELLETS
TOTAL MONTH: 0.0 INCH 5 = HAIL
GRTST 24HR 0.0 6 = FREEZING RAIN OR DRIZZLE
GRTST DEPTH: 0 7 = DUSTSTORM OR SANDSTORM:
VSBY 1/2 MILE OR LESS
8 = SMOKE OR HAZE
[NO. OF DAYS WITH] [WEATHER - DAYS WITH] 9 = BLOWING SNOW
X = TORNADO
MAX 32 OR BELOW: 0 0.01 INCH OR MORE: 13
MAX 90 OR ABOVE: 0 0.10 INCH OR MORE: 8
MIN 32 OR BELOW: 7 0.50 INCH OR MORE: 3
MIN 0 OR BELOW: 0 1.00 INCH OR MORE: 0
[HDD (BASE 65) ]
TOTAL THIS MO. 524 CLEAR (SCALE 0-3) 12
DPTR FM NORMAL -50 PTCLDY (SCALE 4-7) 7
TOTAL FM JUL 1 1248 CLOUDY (SCALE 8-10) 12
DPTR FM NORMAL -208
[CDD (BASE 65) ]
TOTAL THIS MO. 3
DPTR FM NORMAL -1 [PRESSURE DATA]
TOTAL FM JAN 1 3 HIGHEST SLP 30.59 ON 28
DPTR FM NORMAL -1 LOWEST SLP 29.67 ON 25
[REMARKS]
#FINAL-01-21#