000
CXUS53 KGLD 040831
CLAHLC
CLIMATE REPORT
NATIONAL WEATHER SERVICE
131 AM MST TUE JAN 04 2022
...................................
...THE HILL CITY KS CLIMATE SUMMARY FOR THE YEAR OF 2021...
CLIMATE NORMAL PERIOD: 1991 TO 2020
CLIMATE RECORD PERIOD: 1896 TO 2022
WEATHER OBSERVED NORMAL DEPART LAST YEAR`S
VALUE DATE(S) VALUE FROM VALUE DATE(S)
NORMAL
................................................................
TEMPERATURE (F)
RECORD
HIGH 117 07/24/1936
LOW -26 12/22/1989
HIGHEST 108 06/17 106 2 104 07/18
09/06
LOWEST -21 02/15 -9 -12 6 12/14
AVG. MAXIMUM 69.8 67.6 2.2 75.7
AVG. MINIMUM 41.3 40.3 1.0 45.8
MEAN 55.5 53.9 1.6 60.7
DAYS MAX >= 90 78 68.6 9.4 82
DAYS MAX <= 32 19 22.1 -3.1 2
DAYS MIN <= 32 128 142.6 -14.6 73
DAYS MIN <= 0 8 4.4 3.6 0
PRECIPITATION (INCHES)
RECORD
MAXIMUM 36.31 2018
MINIMUM 10.53 2012
TOTALS 17.82 21.50 -3.68
DAYS >= .01 62 78.2 -16.2 MM
DAYS >= .10 31 37.6 -6.6 MM
DAYS >= .50 12 12.8 -0.8 MM
DAYS >= 1.00 4 5.0 -1.0 MM
GREATEST
24 HR. TOTAL 3.00 03/13 TO 03/14 1.44
................................................................
- INDICATES NEGATIVE NUMBERS.
R INDICATES RECORD WAS SET OR TIED.
MM INDICATES DATA IS MISSING.
T INDICATES TRACE AMOUNT.
$$