000
CXHW50 PHFO 011625
CLMHNL
CLIMATE REPORT
NATIONAL WEATHER SERVICE HONOLULU HI
625 AM HST THU FEB 01 2024
...................................
...THE HONOLULU HI CLIMATE SUMMARY FOR THE MONTH OF JANUARY 2024...
CLIMATE NORMAL PERIOD 1991 TO 2020
CLIMATE RECORD PERIOD 1940 TO 2024
WEATHER OBSERVED NORMAL DEPART LAST YEAR`S
VALUE DATE(S) VALUE FROM VALUE DATE(S)
NORMAL
................................................................
TEMPERATURE (F)
RECORD
HIGH 88 01/21/1996
LOW 53 01/31/1998
01/31/1972
01/20/1969
HIGHEST 84 01/03 80 4 87 01/10
LOWEST 58 01/13 66 -8 61 01/07
01/09
AVG. MAXIMUM 79.8 80.5 -0.7 82.2
AVG. MINIMUM 66.6 66.8 -0.2 67.5
MEAN 73.2 73.6 -0.4 74.8
DAYS MAX >= 93 0 0
DAYS MAX >= 90 0 0
DAYS MAX <= 80 21 7
DAYS MIN >= 72 5 1
DAYS MIN <= 60 0 0
DAYS MIN <= 55 0 0
PRECIPITATION (INCHES)
RECORD
MAXIMUM 14.74 1949
MINIMUM 0.03 2016
TOTALS 2.64 1.84 0.80 0.43
DAILY AVG. 0.09 0.06 0.03 0.01
DAYS >= .01 8 7.7 0.3 5
DAYS >= .10 1 3.3 -2.3 1
DAYS >= .50 0 1.0 -1.0 0
DAYS >= 1.00 0 0.4 -0.4 0
GREATEST
24 HR. TOTAL 2.38 01/08 TO 01/08 0.31
DEGREE DAYS
HEATING TOTAL 0 0 0 0
SINCE 7/1 0 0 0 MM
COOLING TOTAL 263 268 -5 280
SINCE 1/1 263 268 -5 MM
................................................................
WIND (MPH)
AVERAGE WIND SPEED 8.3
HIGHEST WIND SPEED/DIRECTION 28/320 DATE 01/12
HIGHEST GUST SPEED/DIRECTION 39/330 DATE 01/12
SKY COVER
POSSIBLE SUNSHINE (PERCENT) MM
AVERAGE SKY COVER 0.48
NUMBER OF DAYS FAIR 8
NUMBER OF DAYS PC 19
NUMBER OF DAYS CLOUDY 4
AVERAGE RH (PERCENT) 79
WEATHER CONDITIONS. NUMBER OF DAYS WITH
THUNDERSTORM MM MIXED PRECIP MM
HEAVY RAIN 1 RAIN 2
LIGHT RAIN 13 FREEZING RAIN MM
LT FREEZING RAIN MM HAIL MM
HEAVY SNOW MM SNOW MM
LIGHT SNOW MM SLEET MM
FOG 5 FOG W/VIS <= 1/4 MILE MM
HAZE 1
- INDICATES NEGATIVE NUMBERS.
R INDICATES RECORD WAS SET OR TIED.
MM INDICATES DATA IS MISSING.
T INDICATES TRACE AMOUNT.
$$