000
CXUS54 KMAF 011210
CF6HOB
PRELIMINARY LOCAL CLIMATOLOGICAL DATA (WS FORM: F-6)
STATION: LEA AIRPORT, HOBBS
MONTH: DECEMBER
YEAR: 2023
LATITUDE: 32 40 N
LONGITUDE: 103-12 E
TEMPERATURE IN F: :PCPN: SNOW: WIND :SUNSHINE: SKY :PK WND
================================================================================
1 2 3 4 5 6A 6B 7 8 9 10 11 12 13 14 15 16 17 18
12Z AVG MX 2MIN
DY MAX MIN AVG DEP HDD CDD WTR SNW DPTH SPD SPD DIR MIN PSBL S-S WX SPD DR
================================================================================
1 63 28 46 M 19 0 0.00 M M 10.3 26 230 M M 1 36 230
2 61 30 46 M 19 0 0.00 M M 15.0 30 270 M M 2 35 270
3 64 30 47 M 18 0 0.00 M M 12.2 18 230 M M 0 25 230
4 63 30 47 M 18 0 0.00 M M 7.6 15 170 M M 0 20 170
5 64 34 49 M 16 0 0.00 M M 7.1 17 360 M M 0 M M
6 66 28 47 M 18 0 0.00 M M 7.8 15 170 M M 0 22 170
7 73 43 58 M 7 0 0.00 M M 11.9 25 240 M M 4 12 32 240
8 73 45 59 M 6 0 0.00 M M 14.9 26 250 M M 0 33 230
9 48 27 38 M 27 0 0.00 M M 15.5 28 330 M M 1 35 330
10 54 21 38 M 27 0 0.00 M M 11.4 21 230 M M 0 29 200
11 68 27 48 M 17 0 0.00 M M 6.4 16 300 M M 0 16 300
12 57 28 43 M 22 0 0.00 M M 10.1 17 140 M M 3 1 25 130
13 54 48 51 M 14 0 0.02 M M 14.0 20 110 M M 10 1 30 110
14 48 36 42 M 23 0 0.03 M M 12.1 21 110 M M 9 1 29 110
15 57 30 44 M 21 0 0.00 M M 8.4 12 340 M M 0 14 350
16 61 32 47 M 18 0 0.00 M M 8.9 16 210 M M 0 20 230
17 68 34 51 M 14 0 0.00 M M 8.8 16 280 M M 0 18 280
18 57 32 45 M 20 0 0.00 M M 9.5 14 360 M M 0 M M
19 63 36 50 M 15 0 0.00 M M 7.7 15 170 M M 0 20 170
20 64 39 52 M 13 0 0.00 M M 7.0 12 160 M M 3 M M
21 66 41 54 M 11 0 0.00 M M 5.4 9 250 M M 4 12 12 0
22 66 37 52 M 13 0 0.00 M M 8.8 16 150 M M 1 28 150
23 64 43 54 M 11 0 0.01 M M 12.9 21 150 M M 7 8 29 150
24 57 34 46 M 19 0 0.00 M M 14.2 29 290 M M 0 38 290
25 41 28 35 M 30 0 0.00 M M 9.4 14 10 M M 3 18 350
26 52 23 38 M 27 0 0.00 M M 11.2 26 300 M M 0 35 300
27 55 27 41 M 24 0 0.00 M M 9.7 14 330 M M 0 17 99
28 54 25 40 M 25 0 0.00 M M 7.8 10 30 M M 0 22 20
29 59 21 40 M 25 0 0.00 M M 10.2 16 310 M M 0 20 280
30 64 28 46 M 19 0 0.00 M M 9.8 15 250 M M 0 22 250
31 64 27 46 M 19 0 0.00 M M 7.6 17 260 M M 0 20 260
================================================================================
SM 1868 992 575 0 0.06 M 313.1 M 48
================================================================================
AV 60.3 32.0 10.1 FASTST M M 2 MAX(MPH)
MISC ----> 30 270 38 290
================================================================================
NOTES:
# LAST OF SEVERAL OCCURRENCES
COLUMN 17 PEAK WIND IN M.P.H.
PRELIMINARY LOCAL CLIMATOLOGICAL DATA (WS FORM: F-6) , PAGE 2
STATION: LEA AIRPORT, HOBBS
MONTH: DECEMBER
YEAR: 2023
LATITUDE: 32 40 N
LONGITUDE: 103-12 E
[TEMPERATURE DATA] [PRECIPITATION DATA] SYMBOLS USED IN COLUMN 16
AVERAGE MONTHLY: 46.1 TOTAL FOR MONTH: 0.06 1 = FOG OR MIST
DPTR FM NORMAL: 0.0 DPTR FM NORMAL: -0.55 2 = FOG REDUCING VISIBILITY
HIGHEST: 73 ON 8, 7 GRTST 24HR 0.03 ON 14-14 TO 1/4 MILE OR LESS
LOWEST: 21 ON 29,10 3 = THUNDER
SNOW, ICE PELLETS, HAIL 4 = ICE PELLETS
TOTAL MONTH: M 5 = HAIL
GRTST 24HR M ON M 6 = FREEZING RAIN OR DRIZZLE
GRTST DEPTH: M ON M 7 = DUSTSTORM OR SANDSTORM:
VSBY 1/2 MILE OR LESS
8 = SMOKE OR HAZE
[NO. OF DAYS WITH] [WEATHER - DAYS WITH] 9 = BLOWING SNOW
X = TORNADO
MAX 32 OR BELOW: 0 0.01 INCH OR MORE: 3
MAX 90 OR ABOVE: 0 0.10 INCH OR MORE: 0
MIN 32 OR BELOW: 19 0.50 INCH OR MORE: 0
MIN 0 OR BELOW: 0 1.00 INCH OR MORE: 0
[HDD (BASE 65) ]
TOTAL THIS MO. 575 CLEAR (SCALE 0-3) 24
DPTR FM NORMAL M PTCLDY (SCALE 4-7) 5
TOTAL FM JUL 1 1101 CLOUDY (SCALE 8-10) 2
DPTR FM NORMAL M
[CDD (BASE 65) ]
TOTAL THIS MO. 0
DPTR FM NORMAL M [PRESSURE DATA]
TOTAL FM JAN 1 2998 HIGHEST SLP M ON M
DPTR FM NORMAL M LOWEST SLP M ON M
[REMARKS]
#FINAL-12-23#