000
CXUS54 KLZK 011130
CF6HOT
PRELIMINARY LOCAL CLIMATOLOGICAL DATA (WS FORM: F-6)
STATION: Hot Springs Memorial Field
MONTH: APRIL
YEAR: 2020
LATITUDE: 34 28 N
LONGITUDE: 93 6 W
TEMPERATURE IN F: :PCPN: SNOW: WIND :SUNSHINE: SKY :PK WND
================================================================================
1 2 3 4 5 6A 6B 7 8 9 10 11 12 13 14 15 16 17 18
12Z AVG MX 2MIN
DY MAX MIN AVG DEP HDD CDD WTR SNW DPTH SPD SPD DIR MIN PSBL S-S WX SPD DR
================================================================================
1 75 45 60 1 5 0 0.00 M M 4.5 12 140 M M 0 16 190
2 75 54 65 6 0 0 0.00 M M 7.3 16 180 M M 0 22 140
3 68 54 61 1 4 0 0.12 M M 3.5 13 140 M M 9 1 16 130
4 57 50 54 -6 11 0 0.14 M M 3.9 15 250 M M 10 13 18 250
5 71 54 63 3 2 0 0.00 M M 1.6 8 110 M M 8 1 11 110
6 78 52 65 5 0 0 0.00 M M 3.3 13 190 M M 3 1 19 200
7 82 65 74 14 0 9 0.14 M M 2.1 14 260 M M 6 1 18 240
8 88 64 76 15 0 11 0.00 M M 4.3 14 240 M M 2 12 17 250
9 76 62 69 8 0 4 0.00 M M 7.0 17 70 M M 0 24 30
10 64 46 55 -6 10 0 0.00 M M 7.5 17 50 M M 0 26 50
11 69 43 56 -6 9 0 0.57 M M 4.9 14 150 M M 4 13 20 150
12 73 47 60 -2 5 0 2.38 M M 7.5 25 280 M M 6 138 44 290
13 57 42 50 -12 15 0 0.00 M M 7.6 18 300 M M 5 31 350
14 52 37 45 -17 20 0 0.00 M M 5.8 16 50 M M 5 22 20
15 65 35 50 -13 15 0 0.00 M M 2.8 8 250 M M 3 12 12 140
16 71 37 54 -9 11 0 0.00 M M 5.6 15 160 M M 0 23 200
17 65 50 58 -5 7 0 T M M 5.8 13 330 M M 7 18 20 200
18 66 41 54 -9 11 0 0.10 M M 6.2 16 70 M M 2 13 20 60
19 60 52 56 -8 9 0 0.54 M M 4.0 16 100 M M 9 1 23 50
20 75 49 62 -2 3 0 0.00 M M 3.1 10 200 M M 3 12 14 190
21 84 51 68 4 0 3 T M M 3.5 9 80 M M 0 14 260
22 66 60 63 -1 2 0 1.83 M M 9.0 22 140 M M 9 13 29 130
23 75 55 65 0 0 0 0.00 M M 5.3 17 290 M M 6 26 300
24 76 53 65 0 0 0 0.18 M M 4.5 15 300 M M 2 13 30 310
25 73 52 63 -2 2 0 0.00 M M 6.9 18 320 M M 5 30 340
26 80 48 64 -1 1 0 0.00 M M 4.6 10 300 M M 0 16 340
27 76 57 67 1 0 2 0.00 M M 5.8 14 190 M M 2 21 190
28 80 61 71 5 0 6 1.21 M M 5.9 25 300 M M 8 13 37 290
29 72 53 63 -3 2 0 T M M 7.2 20 320 M M 4 13 35 340
30 78 48 63 -3 2 0 0.00 M M 3.6 14 290 M M 0 20 300
================================================================================
SM 2147 1517 146 35 7.21 M 154.6 M 118
================================================================================
AV 71.6 50.6 5.2 FASTST M M 4 MAX(MPH)
MISC ----> # 25 280 # 44 290
================================================================================
NOTES:
# LAST OF SEVERAL OCCURRENCES
COLUMN 17 PEAK WIND IN M.P.H.
PRELIMINARY LOCAL CLIMATOLOGICAL DATA (WS FORM: F-6) , PAGE 2
STATION: Hot Springs Memorial Field
MONTH: APRIL
YEAR: 2020
LATITUDE: 34 28 N
LONGITUDE: 93 6 W
[TEMPERATURE DATA] [PRECIPITATION DATA] SYMBOLS USED IN COLUMN 16
AVERAGE MONTHLY: 61.1 TOTAL FOR MONTH: 7.21 1 = FOG OR MIST
DPTR FM NORMAL: -1.6 DPTR FM NORMAL: 2.48 2 = FOG REDUCING VISIBILITY
HIGHEST: 88 ON 8 GRTST 24HR 2.38 ON 12-12 TO 1/4 MILE OR LESS
LOWEST: 35 ON 15 3 = THUNDER
SNOW, ICE PELLETS, HAIL 4 = ICE PELLETS
TOTAL MONTH: M 5 = HAIL
GRTST 24HR M ON M 6 = FREEZING RAIN OR DRIZZLE
GRTST DEPTH: M ON M 7 = DUSTSTORM OR SANDSTORM:
VSBY 1/2 MILE OR LESS
8 = SMOKE OR HAZE
[NO. OF DAYS WITH] [WEATHER - DAYS WITH] 9 = BLOWING SNOW
X = TORNADO
MAX 32 OR BELOW: 0 0.01 INCH OR MORE: 10
MAX 90 OR ABOVE: 0 0.10 INCH OR MORE: 10
MIN 32 OR BELOW: 0 0.50 INCH OR MORE: 5
MIN 0 OR BELOW: 0 1.00 INCH OR MORE: 3
[HDD (BASE 65) ]
TOTAL THIS MO. 146 CLEAR (SCALE 0-3) 14
DPTR FM NORMAL 14 PTCLDY (SCALE 4-7) 12
TOTAL FM JUL 1 2627 CLOUDY (SCALE 8-10) 4
DPTR FM NORMAL -285
[CDD (BASE 65) ]
TOTAL THIS MO. 35
DPTR FM NORMAL -28 [PRESSURE DATA]
TOTAL FM JAN 1 70 HIGHEST SLP 30.34 ON 14
DPTR FM NORMAL -11 LOWEST SLP 29.41 ON 12
[REMARKS]
#FINAL-04-20#
#FINAL-04-20#