000
CXUS52 KMHX 011944
CF6HSE
PRELIMINARY LOCAL CLIMATOLOGICAL DATA (WS FORM: F-6)
STATION: CAPE HATTERAS NC
MONTH: MAY
YEAR: 2022
LATITUDE: 35 13 N
LONGITUDE: 75 37 W
TEMPERATURE IN F: :PCPN: SNOW: WIND :SUNSHINE: SKY :PK WND
================================================================================
1 2 3 4 5 6A 6B 7 8 9 10 11 12 13 14 15 16 17 18
12Z AVG MX 2MIN
DY MAX MIN AVG DEP HDD CDD WTR SNW DPTH SPD SPD DIR MIN PSBL S-S WX SPD DR
================================================================================
1 76 58 67 1 0 2 0.01 0.0 0 7.4 14 230 M M 3 1 20 220
2 78 69 74 8 0 9 0.02 0.0 0 11.3 18 220 M M 2 18 25 220
3 78 69 74 8 0 9 0.00 0.0 0 10.2 15 240 M M 1 18 21 230
4 78 70 74 7 0 9 0.00 0.0 0 9.6 17 210 M M 1 18 24 210
5 73 63 68 1 0 3 0.04 0.0 0 8.8 13 40 M M 8 1 22 30
6 80 61 71 4 0 6 0.11 0.0 0 9.2 22 210 M M 4 138 33 220
7 78 63 71 3 0 6 T 0.0 0 11.3 21 230 M M 4 138 30 230
8 63 53 58 -10 7 0 0.05 0.0 0 13.7 21 10 M M 10 18 39 20
9 56 51 54 -14 11 0 0.02 0.0 0 14.5 20 20 M M 10 1 40 10
10 57 52 55 -13 10 0 T 0.0 0 15.3 21 10 M M 10 18 38 20
11 57 53 55 -13 10 0 0.09 0.0 0 13.8 20 10 M M 10 18 36 20
12 73 56 65 -4 0 0 0.23 0.0 0 9.3 16 30 M M 6 1 31 30
13 75 59 67 -2 0 2 0.81 0.0 0 7.2 10 110 M M 8 1 M M
14 71 65 68 -1 0 3 0.23 0.0 0 4.8 12 150 M M 4 1 17 150
15 76 63 70 1 0 5 0.00 0.0 0 5.5 10 230 M M 0 1 15 190
16 77 66 72 2 0 7 1.77 0.0 0 8.9 22 290 M M 2 1238 35 290
17 80 67 74 4 0 9 0.00 0.0 0 6.1 10 140 M M 2 1 16 20
18 80 69 75 5 0 10 0.00 0.0 0 7.6 14 40 M M 0 8 22 10
19 81 73 77 7 0 12 0.00 0.0 0 13.2 21 230 M M 0 18 29 220
20 82 74 78 7 0 13 0.00 0.0 0 11.2 18 200 M M 0 18 25 210
21 82 74 78 7 0 13 0.00 0.0 0 9.1 16 230 M M 4 18 24 230
22 81 74 78 7 0 13 0.00 0.0 0 11.0 16 230 M M 1 1 24 230
23 82 69 76 5 0 11 0.09 0.0 0 6.9 15 240 M M 5 1 23 230
24 83 69 76 4 0 11 1.58 0.0 0 6.8 13 230 M M 5 12 17 230
25 74 67 71 -1 0 6 0.00 0.0 0 5.3 10 330 M M 10 1 17 330
26 75 68 72 0 0 7 0.00 0.0 0 4.4 9 210 M M 7 1 12 200
27 82 70 76 4 0 11 0.03 0.0 0 10.4 23 190 M M 3 18 32 210
28 82 71 77 4 0 12 0.60 0.0 0 7.7 20 230 M M 4 138 28 220
29 87 68 78 5 0 13 0.00 0.0 0 5.7 12 120 M M 1 1 14 110
30 87 69 78 5 0 13 0.00 0.0 0 6.2 13 120 M M 1 15 130
31 86 72 79 5 0 14 0.00 0.0 0 6.8 14 230 M M 2 18 230
================================================================================
SM 2370 2025 38 229 5.68 0.0 279.2 M 128
================================================================================
AV 76.5 65.3 9.0 FASTST M M 4 MAX(MPH)
MISC ----> 23 190 40 10
================================================================================
NOTES:
# LAST OF SEVERAL OCCURRENCES
COLUMN 17 PEAK WIND IN M.P.H.
PRELIMINARY LOCAL CLIMATOLOGICAL DATA (WS FORM: F-6) , PAGE 2
STATION: CAPE HATTERAS NC
MONTH: MAY
YEAR: 2022
LATITUDE: 35 13 N
LONGITUDE: 75 37 W
[TEMPERATURE DATA] [PRECIPITATION DATA] SYMBOLS USED IN COLUMN 16
AVERAGE MONTHLY: 70.9 TOTAL FOR MONTH: 5.68 1 = FOG OR MIST
DPTR FM NORMAL: 1.2 DPTR FM NORMAL: 1.31 2 = FOG REDUCING VISIBILITY
HIGHEST: 87 ON 30,29 GRTST 24HR 1.77 ON 16-16 TO 1/4 MILE OR LESS
LOWEST: 51 ON 9 3 = THUNDER
SNOW, ICE PELLETS, HAIL 4 = ICE PELLETS
TOTAL MONTH: 0.0 INCH 5 = HAIL
GRTST 24HR 0.0 6 = FREEZING RAIN OR DRIZZLE
GRTST DEPTH: 0 7 = DUSTSTORM OR SANDSTORM:
VSBY 1/2 MILE OR LESS
8 = SMOKE OR HAZE
[NO. OF DAYS WITH] [WEATHER - DAYS WITH] 9 = BLOWING SNOW
X = TORNADO
MAX 32 OR BELOW: 0 0.01 INCH OR MORE: 15
MAX 90 OR ABOVE: 0 0.10 INCH OR MORE: 7
MIN 32 OR BELOW: 0 0.50 INCH OR MORE: 4
MIN 0 OR BELOW: 0 1.00 INCH OR MORE: 2
[HDD (BASE 65) ]
TOTAL THIS MO. 38 CLEAR (SCALE 0-3) 15
DPTR FM NORMAL 12 PTCLDY (SCALE 4-7) 11
TOTAL FM JUL 1 1783 CLOUDY (SCALE 8-10) 5
DPTR FM NORMAL -383
[CDD (BASE 65) ]
TOTAL THIS MO. 229
DPTR FM NORMAL 57 [PRESSURE DATA]
TOTAL FM JAN 1 319 HIGHEST SLP 30.22 ON 22
DPTR FM NORMAL 93 LOWEST SLP 29.52 ON 7
[REMARKS]
#FINAL-05-22#
CORRECTED TO BACKFILL MISSING DATA ON MAY 13.