000
CXUS53 KGID 012001
CF6HSI
PRELIMINARY LOCAL CLIMATOLOGICAL DATA (WS FORM: F-6)
STATION: HASTINGS NE
MONTH: MAY
YEAR: 2021
LATITUDE: 40 35 N
LONGITUDE: 98 26 W
TEMPERATURE IN F: :PCPN: SNOW: WIND :SUNSHINE: SKY :PK WND
================================================================================
1 2 3 4 5 6A 6B 7 8 9 10 11 12 13 14 15 16 17 18
12Z AVG MX 2MIN
DY MAX MIN AVG DEP HDD CDD WTR SNW DPTH SPD SPD DIR MIN PSBL S-S WX SPD DR
================================================================================
1 87 55 71 15 0 6 0.00 0.0 0 14.8 29 210 M M 0 42 190
2 82 59 71 15 0 6 1.41 0.0 0 9.8 30 10 M M 4 13 40 10
3 63 48 56 0 9 0 0.36 0.0 0 20.3 31 350 M M 6 1 44 360
4 64 44 54 -3 11 0 0.00 0.0 0 7.4 14 10 M M 0 21 360
5 72 49 61 4 4 0 T 0.0 0 10.9 25 330 M M 4 3 36 210
6 67 40 54 -4 11 0 0.00 0.0 0 7.3 18 20 M M 1 24 10
7 70 44 57 -1 8 0 0.00 0.0 0 8.5 18 110 M M 3 31 120
8 75 43 59 1 6 0 0.23 0.0 0 16.8 29 40 M M 6 13 43 60
9 51 38 45 -14 20 0 T 0.0 0 10.5 22 10 M M 8 1 30 10
10 61 35 48 -11 17 0 0.00 0.0 0 4.6 14 30 M M 4 19 50
11 59 41 50 -10 15 0 0.00 0.0 0 7.5 16 70 M M 4 24 70
12 64 37 51 -9 14 0 0.00 0.0 0 4.7 14 160 M M 3 20 160
13 70 46 58 -2 7 0 0.19 0.0 0 10.9 21 170 M M 4 32 180
14 68 51 60 -1 5 0 0.00 0.0 0 7.0 18 180 M M 4 28 180
15 76 51 64 3 1 0 0.00 0.0 0 5.3 13 120 M M 4 1 19 140
16 70 58 64 2 1 0 0.53 0.0 0 8.6 15 110 M M 8 13 23 80
17 67 57 62 0 3 0 T 0.0 0 8.0 14 60 M M 10 18 17 60
18 73 60 67 4 0 2 0.03 0.0 0 5.8 14 110 M M 8 18 19 90
19 71 62 67 4 0 2 0.16 0.0 0 5.6 14 170 M M 6 1 21 180
20 75 62 69 6 0 4 0.01 0.0 0 12.0 21 160 M M 7 1 37 160
21 79 62 71 7 0 6 0.00 0.0 0 15.1 24 170 M M 6 37 160
22 82 66 74 10 0 9 0.00 0.0 0 11.7 18 180 M M 7 29 180
23 82 66 74 9 0 9 0.00 0.0 0 12.6 24 160 M M 8 1 37 160
24 73 61 67 2 0 2 0.21 0.0 0 10.9 21 160 M M 10 13 30 160
25 82 60 71 5 0 6 0.00 0.0 0 5.9 14 290 M M 2 13 21 260
26 83 53 68 2 0 3 1.03 0.0 0 9.0 24 110 M M 3 13 39 110
27 67 49 58 -8 7 0 0.24 0.0 0 14.3 25 340 M M 5 1 35 80
28 56 47 52 -15 13 0 0.00 0.0 0 9.9 18 10 M M 8 1 25 350
29 65 46 56 -11 9 0 0.00 0.0 0 9.2 17 150 M M 6 24 170
30 57 52 55 -13 10 0 0.44 0.0 0 5.4 14 130 M M 9 1 20 160
31 71 53 62 -6 3 0 0.00 0.0 0 3.1 13 120 M M 4 1 17 110
================================================================================
SM 2182 1595 174 55 4.84 0.0 293.4 M 162
================================================================================
AV 70.4 51.5 9.5 FASTST M M 5 MAX(MPH)
MISC ----> 31 350 44 360
================================================================================
NOTES:
# LAST OF SEVERAL OCCURRENCES
COLUMN 17 PEAK WIND IN M.P.H.
PRELIMINARY LOCAL CLIMATOLOGICAL DATA (WS FORM: F-6) , PAGE 2
STATION: HASTINGS NE
MONTH: MAY
YEAR: 2021
LATITUDE: 40 35 N
LONGITUDE: 98 26 W
[TEMPERATURE DATA] [PRECIPITATION DATA] SYMBOLS USED IN COLUMN 16
AVERAGE MONTHLY: 60.9 TOTAL FOR MONTH: 4.84 1 = FOG OR MIST
DPTR FM NORMAL: -0.9 DPTR FM NORMAL: 0.49 2 = FOG REDUCING VISIBILITY
HIGHEST: 87 ON 1 GRTST 24HR 1.77 ON 2- 3 TO 1/4 MILE OR LESS
LOWEST: 35 ON 10 3 = THUNDER
SNOW, ICE PELLETS, HAIL 4 = ICE PELLETS
TOTAL MONTH: 0.0 INCH 5 = HAIL
GRTST 24HR 0.0 6 = FREEZING RAIN OR DRIZZLE
GRTST DEPTH: 0 7 = DUSTSTORM OR SANDSTORM:
VSBY 1/2 MILE OR LESS
8 = SMOKE OR HAZE
[NO. OF DAYS WITH] [WEATHER - DAYS WITH] 9 = BLOWING SNOW
X = TORNADO
MAX 32 OR BELOW: 0 0.01 INCH OR MORE: 12
MAX 90 OR ABOVE: 0 0.10 INCH OR MORE: 10
MIN 32 OR BELOW: 0 0.50 INCH OR MORE: 3
MIN 0 OR BELOW: 0 1.00 INCH OR MORE: 2
[HDD (BASE 65) ]
TOTAL THIS MO. 174 CLEAR (SCALE 0-3) 7
DPTR FM NORMAL 7 PTCLDY (SCALE 4-7) 18
TOTAL FM JUL 1 5796 CLOUDY (SCALE 8-10) 6
DPTR FM NORMAL -59
[CDD (BASE 65) ]
TOTAL THIS MO. 55
DPTR FM NORMAL -11 [PRESSURE DATA]
TOTAL FM JAN 1 72 HIGHEST SLP 30.43 ON 12
DPTR FM NORMAL -2 LOWEST SLP 29.39 ON 2
[REMARKS]
#FINAL-05-21#