000
CXUS53 KAPX 010527
CLMHTL
CLIMATE REPORT
NATIONAL WEATHER SERVICE
127 AM EDT MON MAY 01 2023
...................................
...THE HOUGHTON LAKE MI CLIMATE SUMMARY FOR THE MONTH OF APRIL 2023...
CLIMATE NORMAL PERIOD: 1991 TO 2020
CLIMATE RECORD PERIOD: 1913 TO 2023
WEATHER OBSERVED NORMAL DEPART LAST YEAR`S
VALUE DATE(S) VALUE FROM VALUE
NORMAL
..............................................................
TEMPERATURE (F)
HIGHEST 83 04/15 MM MM
LOWEST 17 04/02 MM MM
AVG. MAXIMUM 55.6 53.8 1.8
AVG. MINIMUM 34.1 30.7 3.4
MEAN 44.8 42.2 2.6
DAYS MAX >= 90 0 0.0 0.0
DAYS MAX <= 32 0 1.0 -1.0
DAYS MIN <= 32 14 17.9 -3.9
DAYS MIN <= 0 0 0.0 0.0
PRECIPITATION (INCHES)
TOTALS 2.65 3.10 -0.45
DAYS >= .01 11 12.0 -1.0
DAYS >= .10 8 6.9 1.1
DAYS >= .50 1 2.3 -1.3
DAYS >= 1.00 1 0.5 0.5
GREATEST
24 HR. TOTAL 1.30 03/31 TO 04/01
SNOWFALL (INCHES)
RECORDS
24 HR TOTAL MM
TOTALS 0.2 4.4 -4.2
DAYS >= TRACE 5 3.0 2.0
DAYS >= 1.0 0 2.0 -2.0
GREATEST
SNOW DEPTH MM
24 HR TOTAL MM
DEGREE DAYS
HEATING TOTAL 596 683 -87
SINCE 7/1 6663 7458 -795
COOLING TOTAL 0 1 -1
SINCE 1/1 0 1 -1
..............................................................
WIND (MPH)
AVERAGE WIND SPEED 8.9
HIGHEST WIND SPEED/DIRECTION 30/100 DATE 04/20
HIGHEST GUST SPEED/DIRECTION 44/110 DATE 04/20
SKY COVER
AVERAGE SKY COVER 0.47
AVERAGE RH (PERCENT) 65
- INDICATES NEGATIVE NUMBERS.
R INDICATES RECORD WAS SET OR TIED.
MM INDICATES DATA IS MISSING.
T INDICATES TRACE AMOUNT.
$$